{"id":9910,"date":"2022-01-22T09:46:40","date_gmt":"2022-01-22T08:46:40","guid":{"rendered":"https:\/\/demoweb.info\/sexshop001\/producto\/zalo-esposas-handcuffs\/"},"modified":"2022-01-22T09:46:57","modified_gmt":"2022-01-22T08:46:57","slug":"zalo-esposas-handcuffs","status":"publish","type":"product","link":"https:\/\/demoweb.info\/sexshop001\/producto\/zalo-esposas-handcuffs\/","title":{"rendered":"ZALO ESPOSAS HANDCUFFS"},"content":{"rendered":"<p><strong>LEATHER THORN HANDCUFFS<\/strong><\/p>\n<p>Las impresionantes esposas resaltan la mu\u00f1eca y las manos, enfatizando la esbeltez, la suavidad y la piel del usuario.<\/p>\n<p>Los pu\u00f1os proporcionan 10cm de largo con un fuerte clip de metal a cada lado para conectar los pu\u00f1os entre s\u00ed o para complementar nuestros accesorios de sujeci\u00f3n adicionales.<\/p>\n<ul>\n<li>Dimensiones embalaje    27,50 x 15 x 4,50 cm<\/li>\n<li>Peso embalaje    200 gram<\/li>\n<li>Dimensiones del producto    24 x 12,6 x 12,6 cm<\/li>\n<li>Peso del producto    302,00 gram<\/li>\n<li>Materiales    Luxury Italian leather, mesh fabric, metal (copper)\n\t <\/li>\n<\/ul>\n","protected":false},"excerpt":{"rendered":"<p>LEATHER THORN HANDCUFFS Las impresionantes esposas resaltan la mu\u00f1eca y las manos, enfatizando la esbeltez, la suavidad y la piel<\/p>\n","protected":false},"featured_media":9911,"comment_status":"open","ping_status":"open","template":"","meta":[],"product_cat":[507],"product_tag":[503],"class_list":["post-9910","product","type-product","status-publish","has-post-thumbnail","hentry","product_cat-basicas","product_tag-zalo"],"bundled_by":[],"bundle_stock_status":"instock","bundle_stock_quantity":1,"bundle_virtual":false,"bundle_layout":"","bundle_add_to_cart_form_location":"","bundle_editable_in_cart":false,"bundle_sold_individually_context":"","bundle_item_grouping":"","bundle_min_size":"","bundle_max_size":"","bundled_items":[],"yoast_head":"<!-- This site is optimized with the Yoast SEO plugin v20.6 - https:\/\/yoast.com\/wordpress\/plugins\/seo\/ -->\n<title>ZALO ESPOSAS HANDCUFFS - Tienda Er\u00f3tica<\/title>\n<meta name=\"robots\" content=\"noindex, follow, max-snippet:-1, max-image-preview:large, max-video-preview:-1\" \/>\n<meta property=\"og:locale\" content=\"es_ES\" \/>\n<meta property=\"og:type\" content=\"article\" \/>\n<meta property=\"og:title\" content=\"ZALO ESPOSAS HANDCUFFS - Tienda Er\u00f3tica\" \/>\n<meta property=\"og:description\" content=\"LEATHER THORN HANDCUFFS Las impresionantes esposas resaltan la mu\u00f1eca y las manos, enfatizando la esbeltez, la suavidad y la piel\" \/>\n<meta property=\"og:url\" content=\"https:\/\/demoweb.info\/sexshop001\/producto\/zalo-esposas-handcuffs\/\" \/>\n<meta property=\"og:site_name\" content=\"Tienda Er\u00f3tica\" \/>\n<meta property=\"article:modified_time\" content=\"2022-01-22T08:46:57+00:00\" \/>\n<meta property=\"og:image\" content=\"https:\/\/demoweb.info\/sexshop001\/wp-content\/uploads\/2022\/01\/ZALO-ESPOSAS-HANDCUFFS.jpg\" \/>\n\t<meta property=\"og:image:width\" content=\"550\" \/>\n\t<meta property=\"og:image:height\" content=\"550\" \/>\n\t<meta property=\"og:image:type\" content=\"image\/jpeg\" \/>\n<meta name=\"twitter:card\" content=\"summary_large_image\" \/>\n<script type=\"application\/ld+json\" class=\"yoast-schema-graph\">{\"@context\":\"https:\/\/schema.org\",\"@graph\":[{\"@type\":\"WebPage\",\"@id\":\"https:\/\/demoweb.info\/sexshop001\/producto\/zalo-esposas-handcuffs\/\",\"url\":\"https:\/\/demoweb.info\/sexshop001\/producto\/zalo-esposas-handcuffs\/\",\"name\":\"ZALO ESPOSAS HANDCUFFS - Tienda Er\u00f3tica\",\"isPartOf\":{\"@id\":\"https:\/\/demoweb.info\/sexshop001\/#website\"},\"datePublished\":\"2022-01-22T08:46:40+00:00\",\"dateModified\":\"2022-01-22T08:46:57+00:00\",\"breadcrumb\":{\"@id\":\"https:\/\/demoweb.info\/sexshop001\/producto\/zalo-esposas-handcuffs\/#breadcrumb\"},\"inLanguage\":\"es\",\"potentialAction\":[{\"@type\":\"ReadAction\",\"target\":[\"https:\/\/demoweb.info\/sexshop001\/producto\/zalo-esposas-handcuffs\/\"]}]},{\"@type\":\"BreadcrumbList\",\"@id\":\"https:\/\/demoweb.info\/sexshop001\/producto\/zalo-esposas-handcuffs\/#breadcrumb\",\"itemListElement\":[{\"@type\":\"ListItem\",\"position\":1,\"name\":\"Portada\",\"item\":\"https:\/\/demoweb.info\/sexshop001\/\"},{\"@type\":\"ListItem\",\"position\":2,\"name\":\"Tienda\",\"item\":\"https:\/\/demoweb.info\/sexshop001\/tienda\/\"},{\"@type\":\"ListItem\",\"position\":3,\"name\":\"ZALO ESPOSAS HANDCUFFS\"}]},{\"@type\":\"WebSite\",\"@id\":\"https:\/\/demoweb.info\/sexshop001\/#website\",\"url\":\"https:\/\/demoweb.info\/sexshop001\/\",\"name\":\"Tienda Er\u00f3tica\",\"description\":\"DEMOWEB SL\",\"potentialAction\":[{\"@type\":\"SearchAction\",\"target\":{\"@type\":\"EntryPoint\",\"urlTemplate\":\"https:\/\/demoweb.info\/sexshop001\/?s={search_term_string}\"},\"query-input\":\"required name=search_term_string\"}],\"inLanguage\":\"es\"}]}<\/script>\n<!-- \/ Yoast SEO plugin. -->","yoast_head_json":{"title":"ZALO ESPOSAS HANDCUFFS - Tienda Er\u00f3tica","robots":{"index":"noindex","follow":"follow","max-snippet":"max-snippet:-1","max-image-preview":"max-image-preview:large","max-video-preview":"max-video-preview:-1"},"og_locale":"es_ES","og_type":"article","og_title":"ZALO ESPOSAS HANDCUFFS - Tienda Er\u00f3tica","og_description":"LEATHER THORN HANDCUFFS Las impresionantes esposas resaltan la mu\u00f1eca y las manos, enfatizando la esbeltez, la suavidad y la piel","og_url":"https:\/\/demoweb.info\/sexshop001\/producto\/zalo-esposas-handcuffs\/","og_site_name":"Tienda Er\u00f3tica","article_modified_time":"2022-01-22T08:46:57+00:00","og_image":[{"width":550,"height":550,"url":"https:\/\/demoweb.info\/sexshop001\/wp-content\/uploads\/2022\/01\/ZALO-ESPOSAS-HANDCUFFS.jpg","type":"image\/jpeg"}],"twitter_card":"summary_large_image","schema":{"@context":"https:\/\/schema.org","@graph":[{"@type":"WebPage","@id":"https:\/\/demoweb.info\/sexshop001\/producto\/zalo-esposas-handcuffs\/","url":"https:\/\/demoweb.info\/sexshop001\/producto\/zalo-esposas-handcuffs\/","name":"ZALO ESPOSAS HANDCUFFS - Tienda Er\u00f3tica","isPartOf":{"@id":"https:\/\/demoweb.info\/sexshop001\/#website"},"datePublished":"2022-01-22T08:46:40+00:00","dateModified":"2022-01-22T08:46:57+00:00","breadcrumb":{"@id":"https:\/\/demoweb.info\/sexshop001\/producto\/zalo-esposas-handcuffs\/#breadcrumb"},"inLanguage":"es","potentialAction":[{"@type":"ReadAction","target":["https:\/\/demoweb.info\/sexshop001\/producto\/zalo-esposas-handcuffs\/"]}]},{"@type":"BreadcrumbList","@id":"https:\/\/demoweb.info\/sexshop001\/producto\/zalo-esposas-handcuffs\/#breadcrumb","itemListElement":[{"@type":"ListItem","position":1,"name":"Portada","item":"https:\/\/demoweb.info\/sexshop001\/"},{"@type":"ListItem","position":2,"name":"Tienda","item":"https:\/\/demoweb.info\/sexshop001\/tienda\/"},{"@type":"ListItem","position":3,"name":"ZALO ESPOSAS HANDCUFFS"}]},{"@type":"WebSite","@id":"https:\/\/demoweb.info\/sexshop001\/#website","url":"https:\/\/demoweb.info\/sexshop001\/","name":"Tienda Er\u00f3tica","description":"DEMOWEB SL","potentialAction":[{"@type":"SearchAction","target":{"@type":"EntryPoint","urlTemplate":"https:\/\/demoweb.info\/sexshop001\/?s={search_term_string}"},"query-input":"required name=search_term_string"}],"inLanguage":"es"}]}},"_links":{"self":[{"href":"https:\/\/demoweb.info\/sexshop001\/wp-json\/wp\/v3\/product\/9910","targetHints":{"allow":["GET"]}}],"collection":[{"href":"https:\/\/demoweb.info\/sexshop001\/wp-json\/wp\/v3\/product"}],"about":[{"href":"https:\/\/demoweb.info\/sexshop001\/wp-json\/wp\/v2\/types\/product"}],"replies":[{"embeddable":true,"href":"https:\/\/demoweb.info\/sexshop001\/wp-json\/wp\/v2\/comments?post=9910"}],"wp:featuredmedia":[{"embeddable":true,"href":"https:\/\/demoweb.info\/sexshop001\/wp-json\/wp\/v2\/media\/9911"}],"wp:attachment":[{"href":"https:\/\/demoweb.info\/sexshop001\/wp-json\/wp\/v2\/media?parent=9910"}],"wp:term":[{"taxonomy":"product_cat","embeddable":true,"href":"https:\/\/demoweb.info\/sexshop001\/wp-json\/wp\/v2\/product_cat?post=9910"},{"taxonomy":"product_tag","embeddable":true,"href":"https:\/\/demoweb.info\/sexshop001\/wp-json\/wp\/v2\/product_tag?post=9910"}],"curies":[{"name":"wp","href":"https:\/\/api.w.org\/{rel}","templated":true}]}}