{"id":9892,"date":"2022-01-22T09:46:40","date_gmt":"2022-01-22T08:46:40","guid":{"rendered":"https:\/\/demoweb.info\/sexshop001\/producto\/zalo-vibrador-para-parejas-rosa\/"},"modified":"2022-01-22T09:46:49","modified_gmt":"2022-01-22T08:46:49","slug":"zalo-vibrador-para-parejas-rosa","status":"publish","type":"product","link":"https:\/\/demoweb.info\/sexshop001\/producto\/zalo-vibrador-para-parejas-rosa\/","title":{"rendered":"ZALO VIBRADOR PARA PAREJAS &#8211; ROSA"},"content":{"rendered":"<p><strong>AMOUR FAIRY PINK<\/strong><\/p>\n<p>ZALO Amour, el \u00faltimo vibrador de huevo estimulante de lujo, es un producto de ocio \u00fanico y vers\u00e1til para usar solo o con tu pareja. La vibraci\u00f3n de las dos alas estimular\u00e1 el cl\u00edtoris y el punto G, lo que a su vez traer\u00e1 una experiencia org\u00e1smica.<\/p>\n<p>Con la conveniencia en mente, hemos desarrollado el estuche de lujo para almacenar su propio producto de placer estimulante y org\u00e1smico.<\/p>\n<p>Caracteristicas<br \/>\nSilicona premium segura para el cuerpo<br \/>\nDow Corning cumple con los requisitos de la FDA sobre silicona a nivel alimentario. Recubrimiento superficial exclusivo Softek \u2122.<\/p>\n<p>Estructura \u00fanica de vibraci\u00f3n de dos alas.<br \/>\nEstimula m\u00e1s intensamente el cl\u00edtoris y el punto G con su silicona ultra suave. El \u00e1ngulo de aleteo de las alas es de 0 \u00b0 &#8211; 120<\/p>\n<p>Potentes vibraciones silenciosas.<br \/>\nEl motor potente y silencioso aporta toda la intensidad.<\/p>\n<p>Exquisita caja de almacenamiento con control remoto incorporado<br \/>\nConveniente para viajar, almacenar el huevo y puede controlarse a una distancia de hasta 26 pies \/ 8 metros.<\/p>\n<p>Aplicaci\u00f3n de control remoto<br \/>\nLa innovadora conectividad Bluetooth le permite vincular su juguete \u00edntimo a su tel\u00e9fono inteligente con la aplicaci\u00f3n ZALO. \u00daselo como un control remoto personal o haga que su pareja se haga cargo de todas sus sensaciones con el toque de un dedo en la pantalla de su tel\u00e9fono inteligente.<\/p>\n<p>Usuarios de iOS, busque ZALO REMOTE en la tienda de aplicaciones de Apple para descargar.<br \/>\nUsuarios de Android, busque ZALO REMOTE en Google Play para descargar.<\/p>\n<p>USB recargable<br \/>\nBater\u00eda de iones de litio incorporada con capacidad de 120 mAh que se puede cargar completamente en solo 1 hora y proporciona aproximadamente 1-2 horas de placer continuo.<\/p>\n<p>Impermeable<br \/>\nGrado impermeable IPX7. El producto est\u00e1 protegido contra salpicaduras de agua y una corta duraci\u00f3n de inmersi\u00f3n en agua. Inmersi\u00f3n m\u00e1xima durante menos de 30 minutos y a una profundidad de menos de 1 metro (3 pies). Control somatosensorial y bot\u00f3n<br \/>\nEl control remoto ha incorporado la \u00faltima detecci\u00f3n de movimiento y puede controlar el huevo ZALO simplemente girando el control.<\/p>\n<ul>\n<li>Dimensiones embalaje 12,50 x 20 x 5 cm<\/li>\n<li>Peso embalaje 204 gram<\/li>\n<li>Dimensiones del producto 7,2 x 3,2 x 3,2 cm<\/li>\n<li>Peso del producto 94,00 gram<\/li>\n<li>Di\u00e1metro del producto 6,0 cm<\/li>\n<li>Longitud insertable 85,0 cm<\/li>\n<li>Cantidad de motores 1<\/li>\n<li>Rotaciones 10000 RPM<\/li>\n<li>Tipos de velocidad 5<\/li>\n<li>Nivel de ruido 40 dB<\/li>\n<li>Recargable S\u00ed<\/li>\n<li>Tiempo de recarga 60 min<\/li>\n<li>Vida de la recarga de las bater\u00edas 60 min<\/li>\n<li>A prueba de agua S\u00ed<\/li>\n<li>A prueba de salpicaduras S\u00ed<\/li>\n<li>Materiales Dow corning silicone<\/li>\n<\/ul>\n","protected":false},"excerpt":{"rendered":"<p>AMOUR FAIRY PINK ZALO Amour, el \u00faltimo vibrador de huevo estimulante de lujo, es un producto de ocio \u00fanico y<\/p>\n","protected":false},"featured_media":9893,"comment_status":"open","ping_status":"open","template":"","meta":[],"product_cat":[445],"product_tag":[503],"class_list":["post-9892","product","type-product","status-publish","has-post-thumbnail","hentry","product_cat-para-parejas-vibradores-juguetes-xxx","product_tag-zalo"],"bundled_by":[],"bundle_stock_status":"instock","bundle_stock_quantity":3,"bundle_virtual":false,"bundle_layout":"","bundle_add_to_cart_form_location":"","bundle_editable_in_cart":false,"bundle_sold_individually_context":"","bundle_item_grouping":"","bundle_min_size":"","bundle_max_size":"","bundled_items":[],"yoast_head":"<!-- This site is optimized with the Yoast SEO plugin v20.6 - https:\/\/yoast.com\/wordpress\/plugins\/seo\/ -->\n<title>ZALO VIBRADOR PARA PAREJAS - ROSA - Tienda Er\u00f3tica<\/title>\n<meta name=\"robots\" content=\"noindex, follow, max-snippet:-1, max-image-preview:large, max-video-preview:-1\" \/>\n<meta property=\"og:locale\" content=\"es_ES\" \/>\n<meta property=\"og:type\" content=\"article\" \/>\n<meta property=\"og:title\" content=\"ZALO VIBRADOR PARA PAREJAS - ROSA - Tienda Er\u00f3tica\" \/>\n<meta property=\"og:description\" content=\"AMOUR FAIRY PINK ZALO Amour, el \u00faltimo vibrador de huevo estimulante de lujo, es un producto de ocio \u00fanico y\" \/>\n<meta property=\"og:url\" content=\"https:\/\/demoweb.info\/sexshop001\/producto\/zalo-vibrador-para-parejas-rosa\/\" \/>\n<meta property=\"og:site_name\" content=\"Tienda Er\u00f3tica\" \/>\n<meta property=\"article:modified_time\" content=\"2022-01-22T08:46:49+00:00\" \/>\n<meta property=\"og:image\" content=\"https:\/\/demoweb.info\/sexshop001\/wp-content\/uploads\/2022\/01\/ZALO-VIBRADOR-PARA-PAREJAS-ROSA.jpg\" \/>\n\t<meta property=\"og:image:width\" content=\"550\" \/>\n\t<meta property=\"og:image:height\" content=\"550\" \/>\n\t<meta property=\"og:image:type\" content=\"image\/jpeg\" \/>\n<meta name=\"twitter:card\" content=\"summary_large_image\" \/>\n<meta name=\"twitter:label1\" content=\"Tiempo de lectura\" \/>\n\t<meta name=\"twitter:data1\" content=\"2 minutos\" \/>\n<script type=\"application\/ld+json\" class=\"yoast-schema-graph\">{\"@context\":\"https:\/\/schema.org\",\"@graph\":[{\"@type\":\"WebPage\",\"@id\":\"https:\/\/demoweb.info\/sexshop001\/producto\/zalo-vibrador-para-parejas-rosa\/\",\"url\":\"https:\/\/demoweb.info\/sexshop001\/producto\/zalo-vibrador-para-parejas-rosa\/\",\"name\":\"ZALO VIBRADOR PARA PAREJAS - ROSA - Tienda Er\u00f3tica\",\"isPartOf\":{\"@id\":\"https:\/\/demoweb.info\/sexshop001\/#website\"},\"datePublished\":\"2022-01-22T08:46:40+00:00\",\"dateModified\":\"2022-01-22T08:46:49+00:00\",\"breadcrumb\":{\"@id\":\"https:\/\/demoweb.info\/sexshop001\/producto\/zalo-vibrador-para-parejas-rosa\/#breadcrumb\"},\"inLanguage\":\"es\",\"potentialAction\":[{\"@type\":\"ReadAction\",\"target\":[\"https:\/\/demoweb.info\/sexshop001\/producto\/zalo-vibrador-para-parejas-rosa\/\"]}]},{\"@type\":\"BreadcrumbList\",\"@id\":\"https:\/\/demoweb.info\/sexshop001\/producto\/zalo-vibrador-para-parejas-rosa\/#breadcrumb\",\"itemListElement\":[{\"@type\":\"ListItem\",\"position\":1,\"name\":\"Portada\",\"item\":\"https:\/\/demoweb.info\/sexshop001\/\"},{\"@type\":\"ListItem\",\"position\":2,\"name\":\"Tienda\",\"item\":\"https:\/\/demoweb.info\/sexshop001\/tienda\/\"},{\"@type\":\"ListItem\",\"position\":3,\"name\":\"ZALO VIBRADOR PARA PAREJAS &#8211; ROSA\"}]},{\"@type\":\"WebSite\",\"@id\":\"https:\/\/demoweb.info\/sexshop001\/#website\",\"url\":\"https:\/\/demoweb.info\/sexshop001\/\",\"name\":\"Tienda Er\u00f3tica\",\"description\":\"DEMOWEB SL\",\"potentialAction\":[{\"@type\":\"SearchAction\",\"target\":{\"@type\":\"EntryPoint\",\"urlTemplate\":\"https:\/\/demoweb.info\/sexshop001\/?s={search_term_string}\"},\"query-input\":\"required name=search_term_string\"}],\"inLanguage\":\"es\"}]}<\/script>\n<!-- \/ Yoast SEO plugin. -->","yoast_head_json":{"title":"ZALO VIBRADOR PARA PAREJAS - ROSA - Tienda Er\u00f3tica","robots":{"index":"noindex","follow":"follow","max-snippet":"max-snippet:-1","max-image-preview":"max-image-preview:large","max-video-preview":"max-video-preview:-1"},"og_locale":"es_ES","og_type":"article","og_title":"ZALO VIBRADOR PARA PAREJAS - ROSA - Tienda Er\u00f3tica","og_description":"AMOUR FAIRY PINK ZALO Amour, el \u00faltimo vibrador de huevo estimulante de lujo, es un producto de ocio \u00fanico y","og_url":"https:\/\/demoweb.info\/sexshop001\/producto\/zalo-vibrador-para-parejas-rosa\/","og_site_name":"Tienda Er\u00f3tica","article_modified_time":"2022-01-22T08:46:49+00:00","og_image":[{"width":550,"height":550,"url":"https:\/\/demoweb.info\/sexshop001\/wp-content\/uploads\/2022\/01\/ZALO-VIBRADOR-PARA-PAREJAS-ROSA.jpg","type":"image\/jpeg"}],"twitter_card":"summary_large_image","twitter_misc":{"Tiempo de lectura":"2 minutos"},"schema":{"@context":"https:\/\/schema.org","@graph":[{"@type":"WebPage","@id":"https:\/\/demoweb.info\/sexshop001\/producto\/zalo-vibrador-para-parejas-rosa\/","url":"https:\/\/demoweb.info\/sexshop001\/producto\/zalo-vibrador-para-parejas-rosa\/","name":"ZALO VIBRADOR PARA PAREJAS - ROSA - Tienda Er\u00f3tica","isPartOf":{"@id":"https:\/\/demoweb.info\/sexshop001\/#website"},"datePublished":"2022-01-22T08:46:40+00:00","dateModified":"2022-01-22T08:46:49+00:00","breadcrumb":{"@id":"https:\/\/demoweb.info\/sexshop001\/producto\/zalo-vibrador-para-parejas-rosa\/#breadcrumb"},"inLanguage":"es","potentialAction":[{"@type":"ReadAction","target":["https:\/\/demoweb.info\/sexshop001\/producto\/zalo-vibrador-para-parejas-rosa\/"]}]},{"@type":"BreadcrumbList","@id":"https:\/\/demoweb.info\/sexshop001\/producto\/zalo-vibrador-para-parejas-rosa\/#breadcrumb","itemListElement":[{"@type":"ListItem","position":1,"name":"Portada","item":"https:\/\/demoweb.info\/sexshop001\/"},{"@type":"ListItem","position":2,"name":"Tienda","item":"https:\/\/demoweb.info\/sexshop001\/tienda\/"},{"@type":"ListItem","position":3,"name":"ZALO VIBRADOR PARA PAREJAS &#8211; ROSA"}]},{"@type":"WebSite","@id":"https:\/\/demoweb.info\/sexshop001\/#website","url":"https:\/\/demoweb.info\/sexshop001\/","name":"Tienda Er\u00f3tica","description":"DEMOWEB SL","potentialAction":[{"@type":"SearchAction","target":{"@type":"EntryPoint","urlTemplate":"https:\/\/demoweb.info\/sexshop001\/?s={search_term_string}"},"query-input":"required name=search_term_string"}],"inLanguage":"es"}]}},"_links":{"self":[{"href":"https:\/\/demoweb.info\/sexshop001\/wp-json\/wp\/v3\/product\/9892","targetHints":{"allow":["GET"]}}],"collection":[{"href":"https:\/\/demoweb.info\/sexshop001\/wp-json\/wp\/v3\/product"}],"about":[{"href":"https:\/\/demoweb.info\/sexshop001\/wp-json\/wp\/v2\/types\/product"}],"replies":[{"embeddable":true,"href":"https:\/\/demoweb.info\/sexshop001\/wp-json\/wp\/v2\/comments?post=9892"}],"wp:featuredmedia":[{"embeddable":true,"href":"https:\/\/demoweb.info\/sexshop001\/wp-json\/wp\/v2\/media\/9893"}],"wp:attachment":[{"href":"https:\/\/demoweb.info\/sexshop001\/wp-json\/wp\/v2\/media?parent=9892"}],"wp:term":[{"taxonomy":"product_cat","embeddable":true,"href":"https:\/\/demoweb.info\/sexshop001\/wp-json\/wp\/v2\/product_cat?post=9892"},{"taxonomy":"product_tag","embeddable":true,"href":"https:\/\/demoweb.info\/sexshop001\/wp-json\/wp\/v2\/product_tag?post=9892"}],"curies":[{"name":"wp","href":"https:\/\/api.w.org\/{rel}","templated":true}]}}