{"id":9626,"date":"2022-01-22T09:44:35","date_gmt":"2022-01-22T08:44:35","guid":{"rendered":"https:\/\/demoweb.info\/sexshop001\/producto\/real-10x-plug-silicona-negro\/"},"modified":"2022-01-22T09:44:42","modified_gmt":"2022-01-22T08:44:42","slug":"real-10x-plug-silicona-negro","status":"publish","type":"product","link":"https:\/\/demoweb.info\/sexshop001\/producto\/real-10x-plug-silicona-negro\/","title":{"rendered":"REAL 10X PLUG SILICONA &#8211; NEGRO"},"content":{"rendered":"<p><strong>REAL 10X REALISTIC PLUG &#8211; BLACK<\/strong><\/p>\n<p>Venoso y realista, pene de tama\u00f1o medio. Sujete la empu\u00f1adura texturizada y sumerja este consolador suave como la seda en su puerta trasera para experimentar 10 potentes configuraciones de vibraci\u00f3n.<\/p>\n<p>Con solo presionar un bot\u00f3n en la base del mango, recorra 3 intensidades y 7 patrones de pulsaci\u00f3n que lo dejar\u00e1n boquiabierto mientras le sacuden el culo.<\/p>\n<p>Esta herramienta recargable tambi\u00e9n es resistente al agua, por lo que es perfecta para sesiones de ducha con vapor o fiestas privadas en la piscina.<\/p>\n<p>Hecho de silicona premium, este propulsor vibratorio no es poroso, no contiene ftalatos y es f\u00e1cil de desinfectar con jab\u00f3n suave y agua tibia.<\/p>\n<p>Evitar el uso con lubricantes de silicona.<\/p>\n<ul>\n<li>Dimensiones embalaje :26,70 x 10 x 10 cm<\/li>\n<li>Peso embalaje: 259 gram<\/li>\n<li>Dimensiones del producto .20 x 3 x 3 cm<\/li>\n<li>Di\u00e1metro del producto :3,0 cm<\/li>\n<li>Longitud insertable: 13,0 cm<\/li>\n<li>Tipos de velocidad :10<\/li>\n<li>Recargable :S\u00ed<\/li>\n<li>A prueba de agua :S\u00ed<\/li>\n<li>Libre de ftalato. S\u00ed<\/li>\n<li>Materiales :Silicone, ABS plastic<\/li>\n<\/ul>\n","protected":false},"excerpt":{"rendered":"<p>REAL 10X REALISTIC PLUG &#8211; BLACK Venoso y realista, pene de tama\u00f1o medio. Sujete la empu\u00f1adura texturizada y sumerja este<\/p>\n","protected":false},"featured_media":9627,"comment_status":"open","ping_status":"open","template":"","meta":[],"product_cat":[338],"product_tag":[274],"class_list":["post-9626","product","type-product","status-publish","has-post-thumbnail","hentry","product_cat-silicona-plugs","product_tag-xr-brands"],"bundled_by":[],"bundle_stock_status":"instock","bundle_stock_quantity":1,"bundle_virtual":false,"bundle_layout":"","bundle_add_to_cart_form_location":"","bundle_editable_in_cart":false,"bundle_sold_individually_context":"","bundle_item_grouping":"","bundle_min_size":"","bundle_max_size":"","bundled_items":[],"yoast_head":"<!-- This site is optimized with the Yoast SEO plugin v20.6 - https:\/\/yoast.com\/wordpress\/plugins\/seo\/ -->\n<title>REAL 10X PLUG SILICONA - NEGRO - Tienda Er\u00f3tica<\/title>\n<meta name=\"robots\" content=\"noindex, follow, max-snippet:-1, max-image-preview:large, max-video-preview:-1\" \/>\n<meta property=\"og:locale\" content=\"es_ES\" \/>\n<meta property=\"og:type\" content=\"article\" \/>\n<meta property=\"og:title\" content=\"REAL 10X PLUG SILICONA - NEGRO - Tienda Er\u00f3tica\" \/>\n<meta property=\"og:description\" content=\"REAL 10X REALISTIC PLUG &#8211; BLACK Venoso y realista, pene de tama\u00f1o medio. Sujete la empu\u00f1adura texturizada y sumerja este\" \/>\n<meta property=\"og:url\" content=\"https:\/\/demoweb.info\/sexshop001\/producto\/real-10x-plug-silicona-negro\/\" \/>\n<meta property=\"og:site_name\" content=\"Tienda Er\u00f3tica\" \/>\n<meta property=\"article:modified_time\" content=\"2022-01-22T08:44:42+00:00\" \/>\n<meta property=\"og:image\" content=\"https:\/\/demoweb.info\/sexshop001\/wp-content\/uploads\/2022\/01\/REAL-10X-PLUG-SILICONA-NEGRO.jpg\" \/>\n\t<meta property=\"og:image:width\" content=\"550\" \/>\n\t<meta property=\"og:image:height\" content=\"550\" \/>\n\t<meta property=\"og:image:type\" content=\"image\/jpeg\" \/>\n<meta name=\"twitter:card\" content=\"summary_large_image\" \/>\n<meta name=\"twitter:label1\" content=\"Tiempo de lectura\" \/>\n\t<meta name=\"twitter:data1\" content=\"1 minuto\" \/>\n<script type=\"application\/ld+json\" class=\"yoast-schema-graph\">{\"@context\":\"https:\/\/schema.org\",\"@graph\":[{\"@type\":\"WebPage\",\"@id\":\"https:\/\/demoweb.info\/sexshop001\/producto\/real-10x-plug-silicona-negro\/\",\"url\":\"https:\/\/demoweb.info\/sexshop001\/producto\/real-10x-plug-silicona-negro\/\",\"name\":\"REAL 10X PLUG SILICONA - NEGRO - Tienda Er\u00f3tica\",\"isPartOf\":{\"@id\":\"https:\/\/demoweb.info\/sexshop001\/#website\"},\"datePublished\":\"2022-01-22T08:44:35+00:00\",\"dateModified\":\"2022-01-22T08:44:42+00:00\",\"breadcrumb\":{\"@id\":\"https:\/\/demoweb.info\/sexshop001\/producto\/real-10x-plug-silicona-negro\/#breadcrumb\"},\"inLanguage\":\"es\",\"potentialAction\":[{\"@type\":\"ReadAction\",\"target\":[\"https:\/\/demoweb.info\/sexshop001\/producto\/real-10x-plug-silicona-negro\/\"]}]},{\"@type\":\"BreadcrumbList\",\"@id\":\"https:\/\/demoweb.info\/sexshop001\/producto\/real-10x-plug-silicona-negro\/#breadcrumb\",\"itemListElement\":[{\"@type\":\"ListItem\",\"position\":1,\"name\":\"Portada\",\"item\":\"https:\/\/demoweb.info\/sexshop001\/\"},{\"@type\":\"ListItem\",\"position\":2,\"name\":\"Tienda\",\"item\":\"https:\/\/demoweb.info\/sexshop001\/tienda\/\"},{\"@type\":\"ListItem\",\"position\":3,\"name\":\"REAL 10X PLUG SILICONA &#8211; NEGRO\"}]},{\"@type\":\"WebSite\",\"@id\":\"https:\/\/demoweb.info\/sexshop001\/#website\",\"url\":\"https:\/\/demoweb.info\/sexshop001\/\",\"name\":\"Tienda Er\u00f3tica\",\"description\":\"DEMOWEB SL\",\"potentialAction\":[{\"@type\":\"SearchAction\",\"target\":{\"@type\":\"EntryPoint\",\"urlTemplate\":\"https:\/\/demoweb.info\/sexshop001\/?s={search_term_string}\"},\"query-input\":\"required name=search_term_string\"}],\"inLanguage\":\"es\"}]}<\/script>\n<!-- \/ Yoast SEO plugin. -->","yoast_head_json":{"title":"REAL 10X PLUG SILICONA - NEGRO - Tienda Er\u00f3tica","robots":{"index":"noindex","follow":"follow","max-snippet":"max-snippet:-1","max-image-preview":"max-image-preview:large","max-video-preview":"max-video-preview:-1"},"og_locale":"es_ES","og_type":"article","og_title":"REAL 10X PLUG SILICONA - NEGRO - Tienda Er\u00f3tica","og_description":"REAL 10X REALISTIC PLUG &#8211; BLACK Venoso y realista, pene de tama\u00f1o medio. Sujete la empu\u00f1adura texturizada y sumerja este","og_url":"https:\/\/demoweb.info\/sexshop001\/producto\/real-10x-plug-silicona-negro\/","og_site_name":"Tienda Er\u00f3tica","article_modified_time":"2022-01-22T08:44:42+00:00","og_image":[{"width":550,"height":550,"url":"https:\/\/demoweb.info\/sexshop001\/wp-content\/uploads\/2022\/01\/REAL-10X-PLUG-SILICONA-NEGRO.jpg","type":"image\/jpeg"}],"twitter_card":"summary_large_image","twitter_misc":{"Tiempo de lectura":"1 minuto"},"schema":{"@context":"https:\/\/schema.org","@graph":[{"@type":"WebPage","@id":"https:\/\/demoweb.info\/sexshop001\/producto\/real-10x-plug-silicona-negro\/","url":"https:\/\/demoweb.info\/sexshop001\/producto\/real-10x-plug-silicona-negro\/","name":"REAL 10X PLUG SILICONA - NEGRO - Tienda Er\u00f3tica","isPartOf":{"@id":"https:\/\/demoweb.info\/sexshop001\/#website"},"datePublished":"2022-01-22T08:44:35+00:00","dateModified":"2022-01-22T08:44:42+00:00","breadcrumb":{"@id":"https:\/\/demoweb.info\/sexshop001\/producto\/real-10x-plug-silicona-negro\/#breadcrumb"},"inLanguage":"es","potentialAction":[{"@type":"ReadAction","target":["https:\/\/demoweb.info\/sexshop001\/producto\/real-10x-plug-silicona-negro\/"]}]},{"@type":"BreadcrumbList","@id":"https:\/\/demoweb.info\/sexshop001\/producto\/real-10x-plug-silicona-negro\/#breadcrumb","itemListElement":[{"@type":"ListItem","position":1,"name":"Portada","item":"https:\/\/demoweb.info\/sexshop001\/"},{"@type":"ListItem","position":2,"name":"Tienda","item":"https:\/\/demoweb.info\/sexshop001\/tienda\/"},{"@type":"ListItem","position":3,"name":"REAL 10X PLUG SILICONA &#8211; NEGRO"}]},{"@type":"WebSite","@id":"https:\/\/demoweb.info\/sexshop001\/#website","url":"https:\/\/demoweb.info\/sexshop001\/","name":"Tienda Er\u00f3tica","description":"DEMOWEB SL","potentialAction":[{"@type":"SearchAction","target":{"@type":"EntryPoint","urlTemplate":"https:\/\/demoweb.info\/sexshop001\/?s={search_term_string}"},"query-input":"required name=search_term_string"}],"inLanguage":"es"}]}},"_links":{"self":[{"href":"https:\/\/demoweb.info\/sexshop001\/wp-json\/wp\/v3\/product\/9626","targetHints":{"allow":["GET"]}}],"collection":[{"href":"https:\/\/demoweb.info\/sexshop001\/wp-json\/wp\/v3\/product"}],"about":[{"href":"https:\/\/demoweb.info\/sexshop001\/wp-json\/wp\/v2\/types\/product"}],"replies":[{"embeddable":true,"href":"https:\/\/demoweb.info\/sexshop001\/wp-json\/wp\/v2\/comments?post=9626"}],"wp:featuredmedia":[{"embeddable":true,"href":"https:\/\/demoweb.info\/sexshop001\/wp-json\/wp\/v2\/media\/9627"}],"wp:attachment":[{"href":"https:\/\/demoweb.info\/sexshop001\/wp-json\/wp\/v2\/media?parent=9626"}],"wp:term":[{"taxonomy":"product_cat","embeddable":true,"href":"https:\/\/demoweb.info\/sexshop001\/wp-json\/wp\/v2\/product_cat?post=9626"},{"taxonomy":"product_tag","embeddable":true,"href":"https:\/\/demoweb.info\/sexshop001\/wp-json\/wp\/v2\/product_tag?post=9626"}],"curies":[{"name":"wp","href":"https:\/\/api.w.org\/{rel}","templated":true}]}}