{"id":8691,"date":"2022-01-22T09:37:38","date_gmt":"2022-01-22T08:37:38","guid":{"rendered":"https:\/\/demoweb.info\/sexshop001\/producto\/we-vibe-moxie\/"},"modified":"2022-01-22T09:37:51","modified_gmt":"2022-01-22T08:37:51","slug":"we-vibe-moxie","status":"publish","type":"product","link":"https:\/\/demoweb.info\/sexshop001\/producto\/we-vibe-moxie\/","title":{"rendered":"WE-VIBE MOXIE"},"content":{"rendered":"<p><strong>WE-VIBE MOXIE<\/strong><\/p>\n<p>Conectarse con esa persona especial cada vez es mas f\u00e1cil, con este Vibrador clitorial con aplicaci\u00f3n, podr\u00e1s encontrarte a metros de distancia y controlar a tu pareja como si estuvieses junto a ella. Es discreto, silencioso y c\u00f3modo de usar.<\/p>\n<p>Podr\u00e1s controlar tu juguete con la aplicaci\u00f3n para celular disponible para android o ios totalmente gratuita, as\u00ed podr\u00e1s disfrutar con las manos libres y poder hacer uso de su conexi\u00f3n a distancia, as\u00ed el placer no tendr\u00e1 limites que separe a los amantes.<\/p>\n<p>Est\u00e1 dise\u00f1ado para ser llevado discretamente por debajo de su ropa. Es c\u00f3modo de usar mientras est\u00e1s acostada, sentada, de pie o caminando. Puedes cambiar los modos de vibraci\u00f3n a tu antojo, ya sea porque quieras usar los ritmos establecidos o porque quieras crear nuevos, la diversion no tiene limites y este novedoso juguete lo comprueba.<\/p>\n<p>Producto dise\u00f1ado  para:<\/p>\n<ul>\n<li>Ellas.<\/li>\n<li>Parejas.<\/li>\n<\/ul>\n<p>Modo de uso:<\/p>\n<p>Su modo de uso es muy sencillo solo debes instalar la aplicaci\u00f3n que establece en uno de los laterales de la caja, luego encender el bluetooth de tu celular, seguido presionar por algunos segundos el bot\u00f3n de encendido de nuestro juguete. luego solo debes enlazarlos y disfrutar de vibraciones intensas y muy estimulantes.<\/p>\n<p>Ajusta lo bien en tu panty para que tengas una profunda estimulcacion de cl\u00edtoris.<\/p>\n<p>Recomendamos su higiene para antes y despu\u00e9s de su uso con un jab\u00f3n antibacterial para juguetes.<\/p>\n<p>Caracter\u00edsticas:<\/p>\n<p>Silicona segura libre de ftalatos.<br \/>\nSe conecta con la aplicaci\u00f3n we-connect para m\u00e1s caracter\u00edsticas.<br \/>\nRecargable.<br \/>\nResistente al agua.<br \/>\nManual del usuario.<br \/>\nRecarga r\u00e1pida: se carga completamente en 4 horas para un m\u00e1ximo de 3 horas de placer.<\/p>\n","protected":false},"excerpt":{"rendered":"<p>WE-VIBE MOXIE Conectarse con esa persona especial cada vez es mas f\u00e1cil, con este Vibrador clitorial con aplicaci\u00f3n, podr\u00e1s encontrarte<\/p>\n","protected":false},"featured_media":8692,"comment_status":"open","ping_status":"open","template":"","meta":[],"product_cat":[370],"product_tag":[444],"class_list":["post-8691","product","type-product","status-publish","has-post-thumbnail","hentry","product_cat-clitoris","product_tag-we-vibe"],"bundled_by":[],"bundle_stock_status":"instock","bundle_stock_quantity":2,"bundle_virtual":false,"bundle_layout":"","bundle_add_to_cart_form_location":"","bundle_editable_in_cart":false,"bundle_sold_individually_context":"","bundle_item_grouping":"","bundle_min_size":"","bundle_max_size":"","bundled_items":[],"yoast_head":"<!-- This site is optimized with the Yoast SEO plugin v20.6 - https:\/\/yoast.com\/wordpress\/plugins\/seo\/ -->\n<title>WE-VIBE MOXIE - Tienda Er\u00f3tica<\/title>\n<meta name=\"robots\" content=\"noindex, follow, max-snippet:-1, max-image-preview:large, max-video-preview:-1\" \/>\n<meta property=\"og:locale\" content=\"es_ES\" \/>\n<meta property=\"og:type\" content=\"article\" \/>\n<meta property=\"og:title\" content=\"WE-VIBE MOXIE - Tienda Er\u00f3tica\" \/>\n<meta property=\"og:description\" content=\"WE-VIBE MOXIE Conectarse con esa persona especial cada vez es mas f\u00e1cil, con este Vibrador clitorial con aplicaci\u00f3n, podr\u00e1s encontrarte\" \/>\n<meta property=\"og:url\" content=\"https:\/\/demoweb.info\/sexshop001\/producto\/we-vibe-moxie\/\" \/>\n<meta property=\"og:site_name\" content=\"Tienda Er\u00f3tica\" \/>\n<meta property=\"article:modified_time\" content=\"2022-01-22T08:37:51+00:00\" \/>\n<meta property=\"og:image\" content=\"https:\/\/demoweb.info\/sexshop001\/wp-content\/uploads\/2022\/01\/WE-VIBE-MOXIE.jpg\" \/>\n\t<meta property=\"og:image:width\" content=\"550\" \/>\n\t<meta property=\"og:image:height\" content=\"550\" \/>\n\t<meta property=\"og:image:type\" content=\"image\/jpeg\" \/>\n<meta name=\"twitter:card\" content=\"summary_large_image\" \/>\n<meta name=\"twitter:label1\" content=\"Tiempo de lectura\" \/>\n\t<meta name=\"twitter:data1\" content=\"1 minuto\" \/>\n<script type=\"application\/ld+json\" class=\"yoast-schema-graph\">{\"@context\":\"https:\/\/schema.org\",\"@graph\":[{\"@type\":\"WebPage\",\"@id\":\"https:\/\/demoweb.info\/sexshop001\/producto\/we-vibe-moxie\/\",\"url\":\"https:\/\/demoweb.info\/sexshop001\/producto\/we-vibe-moxie\/\",\"name\":\"WE-VIBE MOXIE - Tienda Er\u00f3tica\",\"isPartOf\":{\"@id\":\"https:\/\/demoweb.info\/sexshop001\/#website\"},\"datePublished\":\"2022-01-22T08:37:38+00:00\",\"dateModified\":\"2022-01-22T08:37:51+00:00\",\"breadcrumb\":{\"@id\":\"https:\/\/demoweb.info\/sexshop001\/producto\/we-vibe-moxie\/#breadcrumb\"},\"inLanguage\":\"es\",\"potentialAction\":[{\"@type\":\"ReadAction\",\"target\":[\"https:\/\/demoweb.info\/sexshop001\/producto\/we-vibe-moxie\/\"]}]},{\"@type\":\"BreadcrumbList\",\"@id\":\"https:\/\/demoweb.info\/sexshop001\/producto\/we-vibe-moxie\/#breadcrumb\",\"itemListElement\":[{\"@type\":\"ListItem\",\"position\":1,\"name\":\"Portada\",\"item\":\"https:\/\/demoweb.info\/sexshop001\/\"},{\"@type\":\"ListItem\",\"position\":2,\"name\":\"Tienda\",\"item\":\"https:\/\/demoweb.info\/sexshop001\/tienda\/\"},{\"@type\":\"ListItem\",\"position\":3,\"name\":\"WE-VIBE MOXIE\"}]},{\"@type\":\"WebSite\",\"@id\":\"https:\/\/demoweb.info\/sexshop001\/#website\",\"url\":\"https:\/\/demoweb.info\/sexshop001\/\",\"name\":\"Tienda Er\u00f3tica\",\"description\":\"DEMOWEB SL\",\"potentialAction\":[{\"@type\":\"SearchAction\",\"target\":{\"@type\":\"EntryPoint\",\"urlTemplate\":\"https:\/\/demoweb.info\/sexshop001\/?s={search_term_string}\"},\"query-input\":\"required name=search_term_string\"}],\"inLanguage\":\"es\"}]}<\/script>\n<!-- \/ Yoast SEO plugin. -->","yoast_head_json":{"title":"WE-VIBE MOXIE - Tienda Er\u00f3tica","robots":{"index":"noindex","follow":"follow","max-snippet":"max-snippet:-1","max-image-preview":"max-image-preview:large","max-video-preview":"max-video-preview:-1"},"og_locale":"es_ES","og_type":"article","og_title":"WE-VIBE MOXIE - Tienda Er\u00f3tica","og_description":"WE-VIBE MOXIE Conectarse con esa persona especial cada vez es mas f\u00e1cil, con este Vibrador clitorial con aplicaci\u00f3n, podr\u00e1s encontrarte","og_url":"https:\/\/demoweb.info\/sexshop001\/producto\/we-vibe-moxie\/","og_site_name":"Tienda Er\u00f3tica","article_modified_time":"2022-01-22T08:37:51+00:00","og_image":[{"width":550,"height":550,"url":"https:\/\/demoweb.info\/sexshop001\/wp-content\/uploads\/2022\/01\/WE-VIBE-MOXIE.jpg","type":"image\/jpeg"}],"twitter_card":"summary_large_image","twitter_misc":{"Tiempo de lectura":"1 minuto"},"schema":{"@context":"https:\/\/schema.org","@graph":[{"@type":"WebPage","@id":"https:\/\/demoweb.info\/sexshop001\/producto\/we-vibe-moxie\/","url":"https:\/\/demoweb.info\/sexshop001\/producto\/we-vibe-moxie\/","name":"WE-VIBE MOXIE - Tienda Er\u00f3tica","isPartOf":{"@id":"https:\/\/demoweb.info\/sexshop001\/#website"},"datePublished":"2022-01-22T08:37:38+00:00","dateModified":"2022-01-22T08:37:51+00:00","breadcrumb":{"@id":"https:\/\/demoweb.info\/sexshop001\/producto\/we-vibe-moxie\/#breadcrumb"},"inLanguage":"es","potentialAction":[{"@type":"ReadAction","target":["https:\/\/demoweb.info\/sexshop001\/producto\/we-vibe-moxie\/"]}]},{"@type":"BreadcrumbList","@id":"https:\/\/demoweb.info\/sexshop001\/producto\/we-vibe-moxie\/#breadcrumb","itemListElement":[{"@type":"ListItem","position":1,"name":"Portada","item":"https:\/\/demoweb.info\/sexshop001\/"},{"@type":"ListItem","position":2,"name":"Tienda","item":"https:\/\/demoweb.info\/sexshop001\/tienda\/"},{"@type":"ListItem","position":3,"name":"WE-VIBE MOXIE"}]},{"@type":"WebSite","@id":"https:\/\/demoweb.info\/sexshop001\/#website","url":"https:\/\/demoweb.info\/sexshop001\/","name":"Tienda Er\u00f3tica","description":"DEMOWEB SL","potentialAction":[{"@type":"SearchAction","target":{"@type":"EntryPoint","urlTemplate":"https:\/\/demoweb.info\/sexshop001\/?s={search_term_string}"},"query-input":"required name=search_term_string"}],"inLanguage":"es"}]}},"_links":{"self":[{"href":"https:\/\/demoweb.info\/sexshop001\/wp-json\/wp\/v3\/product\/8691","targetHints":{"allow":["GET"]}}],"collection":[{"href":"https:\/\/demoweb.info\/sexshop001\/wp-json\/wp\/v3\/product"}],"about":[{"href":"https:\/\/demoweb.info\/sexshop001\/wp-json\/wp\/v2\/types\/product"}],"replies":[{"embeddable":true,"href":"https:\/\/demoweb.info\/sexshop001\/wp-json\/wp\/v2\/comments?post=8691"}],"wp:featuredmedia":[{"embeddable":true,"href":"https:\/\/demoweb.info\/sexshop001\/wp-json\/wp\/v2\/media\/8692"}],"wp:attachment":[{"href":"https:\/\/demoweb.info\/sexshop001\/wp-json\/wp\/v2\/media?parent=8691"}],"wp:term":[{"taxonomy":"product_cat","embeddable":true,"href":"https:\/\/demoweb.info\/sexshop001\/wp-json\/wp\/v2\/product_cat?post=8691"},{"taxonomy":"product_tag","embeddable":true,"href":"https:\/\/demoweb.info\/sexshop001\/wp-json\/wp\/v2\/product_tag?post=8691"}],"curies":[{"name":"wp","href":"https:\/\/api.w.org\/{rel}","templated":true}]}}