{"id":8597,"date":"2022-01-22T09:37:07","date_gmt":"2022-01-22T08:37:07","guid":{"rendered":"https:\/\/demoweb.info\/sexshop001\/producto\/alive-magic-egg-3-0-morado\/"},"modified":"2022-01-22T09:37:16","modified_gmt":"2022-01-22T08:37:16","slug":"alive-magic-egg-3-0-morado","status":"publish","type":"product","link":"https:\/\/demoweb.info\/sexshop001\/producto\/alive-magic-egg-3-0-morado\/","title":{"rendered":"ALIVE MAGIC EGG 3.0 &#8211; MORADO"},"content":{"rendered":"<p><strong>MAGIC EGG 3.0 VIOLET<\/strong><\/p>\n<p>Sin duda, el huevo vibrador inal\u00e1mbrico m\u00e1s peque\u00f1o del mercado con pilas AAA. Un placer m\u00e1gico.<\/p>\n<p>Ergon\u00f3mico, compacto, fiable, y s\u00faper potente, disfrute solo o en pareja del placer a distancia.<\/p>\n<p>10 velocidades a disfrutar en pareja. \u00bfQui\u00e9n coge el mando?<\/p>\n<ul>\n<li>Funciona con 2 pilas AAA.<\/li>\n<li>Medidas: 7,3 x 3,6 cm<\/li>\n<li>Material: Pl\u00e1stico ABS \/ Silicona<\/li>\n<\/ul>\n","protected":false},"excerpt":{"rendered":"<p>MAGIC EGG 3.0 VIOLET Sin duda, el huevo vibrador inal\u00e1mbrico m\u00e1s peque\u00f1o del mercado con pilas AAA. Un placer m\u00e1gico.<\/p>\n","protected":false},"featured_media":8598,"comment_status":"open","ping_status":"open","template":"","meta":[],"product_cat":[322],"product_tag":[427],"class_list":["post-8597","product","type-product","status-publish","has-post-thumbnail","hentry","product_cat-con-mando","product_tag-alive"],"bundled_by":[],"bundle_stock_status":"instock","bundle_stock_quantity":6,"bundle_virtual":false,"bundle_layout":"","bundle_add_to_cart_form_location":"","bundle_editable_in_cart":false,"bundle_sold_individually_context":"","bundle_item_grouping":"","bundle_min_size":"","bundle_max_size":"","bundled_items":[],"yoast_head":"<!-- This site is optimized with the Yoast SEO plugin v20.6 - https:\/\/yoast.com\/wordpress\/plugins\/seo\/ -->\n<title>ALIVE MAGIC EGG 3.0 - MORADO - Tienda Er\u00f3tica<\/title>\n<meta name=\"robots\" content=\"noindex, follow, max-snippet:-1, max-image-preview:large, max-video-preview:-1\" \/>\n<meta property=\"og:locale\" content=\"es_ES\" \/>\n<meta property=\"og:type\" content=\"article\" \/>\n<meta property=\"og:title\" content=\"ALIVE MAGIC EGG 3.0 - MORADO - Tienda Er\u00f3tica\" \/>\n<meta property=\"og:description\" content=\"MAGIC EGG 3.0 VIOLET Sin duda, el huevo vibrador inal\u00e1mbrico m\u00e1s peque\u00f1o del mercado con pilas AAA. Un placer m\u00e1gico.\" \/>\n<meta property=\"og:url\" content=\"https:\/\/demoweb.info\/sexshop001\/producto\/alive-magic-egg-3-0-morado\/\" \/>\n<meta property=\"og:site_name\" content=\"Tienda Er\u00f3tica\" \/>\n<meta property=\"article:modified_time\" content=\"2022-01-22T08:37:16+00:00\" \/>\n<meta property=\"og:image\" content=\"https:\/\/demoweb.info\/sexshop001\/wp-content\/uploads\/2022\/01\/ALIVE-MAGIC-EGG-3.0-MORADO.jpg\" \/>\n\t<meta property=\"og:image:width\" content=\"550\" \/>\n\t<meta property=\"og:image:height\" content=\"550\" \/>\n\t<meta property=\"og:image:type\" content=\"image\/jpeg\" \/>\n<meta name=\"twitter:card\" content=\"summary_large_image\" \/>\n<script type=\"application\/ld+json\" class=\"yoast-schema-graph\">{\"@context\":\"https:\/\/schema.org\",\"@graph\":[{\"@type\":\"WebPage\",\"@id\":\"https:\/\/demoweb.info\/sexshop001\/producto\/alive-magic-egg-3-0-morado\/\",\"url\":\"https:\/\/demoweb.info\/sexshop001\/producto\/alive-magic-egg-3-0-morado\/\",\"name\":\"ALIVE MAGIC EGG 3.0 - MORADO - Tienda Er\u00f3tica\",\"isPartOf\":{\"@id\":\"https:\/\/demoweb.info\/sexshop001\/#website\"},\"datePublished\":\"2022-01-22T08:37:07+00:00\",\"dateModified\":\"2022-01-22T08:37:16+00:00\",\"breadcrumb\":{\"@id\":\"https:\/\/demoweb.info\/sexshop001\/producto\/alive-magic-egg-3-0-morado\/#breadcrumb\"},\"inLanguage\":\"es\",\"potentialAction\":[{\"@type\":\"ReadAction\",\"target\":[\"https:\/\/demoweb.info\/sexshop001\/producto\/alive-magic-egg-3-0-morado\/\"]}]},{\"@type\":\"BreadcrumbList\",\"@id\":\"https:\/\/demoweb.info\/sexshop001\/producto\/alive-magic-egg-3-0-morado\/#breadcrumb\",\"itemListElement\":[{\"@type\":\"ListItem\",\"position\":1,\"name\":\"Portada\",\"item\":\"https:\/\/demoweb.info\/sexshop001\/\"},{\"@type\":\"ListItem\",\"position\":2,\"name\":\"Tienda\",\"item\":\"https:\/\/demoweb.info\/sexshop001\/tienda\/\"},{\"@type\":\"ListItem\",\"position\":3,\"name\":\"ALIVE MAGIC EGG 3.0 &#8211; MORADO\"}]},{\"@type\":\"WebSite\",\"@id\":\"https:\/\/demoweb.info\/sexshop001\/#website\",\"url\":\"https:\/\/demoweb.info\/sexshop001\/\",\"name\":\"Tienda Er\u00f3tica\",\"description\":\"DEMOWEB SL\",\"potentialAction\":[{\"@type\":\"SearchAction\",\"target\":{\"@type\":\"EntryPoint\",\"urlTemplate\":\"https:\/\/demoweb.info\/sexshop001\/?s={search_term_string}\"},\"query-input\":\"required name=search_term_string\"}],\"inLanguage\":\"es\"}]}<\/script>\n<!-- \/ Yoast SEO plugin. -->","yoast_head_json":{"title":"ALIVE MAGIC EGG 3.0 - MORADO - Tienda Er\u00f3tica","robots":{"index":"noindex","follow":"follow","max-snippet":"max-snippet:-1","max-image-preview":"max-image-preview:large","max-video-preview":"max-video-preview:-1"},"og_locale":"es_ES","og_type":"article","og_title":"ALIVE MAGIC EGG 3.0 - MORADO - Tienda Er\u00f3tica","og_description":"MAGIC EGG 3.0 VIOLET Sin duda, el huevo vibrador inal\u00e1mbrico m\u00e1s peque\u00f1o del mercado con pilas AAA. Un placer m\u00e1gico.","og_url":"https:\/\/demoweb.info\/sexshop001\/producto\/alive-magic-egg-3-0-morado\/","og_site_name":"Tienda Er\u00f3tica","article_modified_time":"2022-01-22T08:37:16+00:00","og_image":[{"width":550,"height":550,"url":"https:\/\/demoweb.info\/sexshop001\/wp-content\/uploads\/2022\/01\/ALIVE-MAGIC-EGG-3.0-MORADO.jpg","type":"image\/jpeg"}],"twitter_card":"summary_large_image","schema":{"@context":"https:\/\/schema.org","@graph":[{"@type":"WebPage","@id":"https:\/\/demoweb.info\/sexshop001\/producto\/alive-magic-egg-3-0-morado\/","url":"https:\/\/demoweb.info\/sexshop001\/producto\/alive-magic-egg-3-0-morado\/","name":"ALIVE MAGIC EGG 3.0 - MORADO - Tienda Er\u00f3tica","isPartOf":{"@id":"https:\/\/demoweb.info\/sexshop001\/#website"},"datePublished":"2022-01-22T08:37:07+00:00","dateModified":"2022-01-22T08:37:16+00:00","breadcrumb":{"@id":"https:\/\/demoweb.info\/sexshop001\/producto\/alive-magic-egg-3-0-morado\/#breadcrumb"},"inLanguage":"es","potentialAction":[{"@type":"ReadAction","target":["https:\/\/demoweb.info\/sexshop001\/producto\/alive-magic-egg-3-0-morado\/"]}]},{"@type":"BreadcrumbList","@id":"https:\/\/demoweb.info\/sexshop001\/producto\/alive-magic-egg-3-0-morado\/#breadcrumb","itemListElement":[{"@type":"ListItem","position":1,"name":"Portada","item":"https:\/\/demoweb.info\/sexshop001\/"},{"@type":"ListItem","position":2,"name":"Tienda","item":"https:\/\/demoweb.info\/sexshop001\/tienda\/"},{"@type":"ListItem","position":3,"name":"ALIVE MAGIC EGG 3.0 &#8211; MORADO"}]},{"@type":"WebSite","@id":"https:\/\/demoweb.info\/sexshop001\/#website","url":"https:\/\/demoweb.info\/sexshop001\/","name":"Tienda Er\u00f3tica","description":"DEMOWEB SL","potentialAction":[{"@type":"SearchAction","target":{"@type":"EntryPoint","urlTemplate":"https:\/\/demoweb.info\/sexshop001\/?s={search_term_string}"},"query-input":"required name=search_term_string"}],"inLanguage":"es"}]}},"_links":{"self":[{"href":"https:\/\/demoweb.info\/sexshop001\/wp-json\/wp\/v3\/product\/8597","targetHints":{"allow":["GET"]}}],"collection":[{"href":"https:\/\/demoweb.info\/sexshop001\/wp-json\/wp\/v3\/product"}],"about":[{"href":"https:\/\/demoweb.info\/sexshop001\/wp-json\/wp\/v2\/types\/product"}],"replies":[{"embeddable":true,"href":"https:\/\/demoweb.info\/sexshop001\/wp-json\/wp\/v2\/comments?post=8597"}],"wp:featuredmedia":[{"embeddable":true,"href":"https:\/\/demoweb.info\/sexshop001\/wp-json\/wp\/v2\/media\/8598"}],"wp:attachment":[{"href":"https:\/\/demoweb.info\/sexshop001\/wp-json\/wp\/v2\/media?parent=8597"}],"wp:term":[{"taxonomy":"product_cat","embeddable":true,"href":"https:\/\/demoweb.info\/sexshop001\/wp-json\/wp\/v2\/product_cat?post=8597"},{"taxonomy":"product_tag","embeddable":true,"href":"https:\/\/demoweb.info\/sexshop001\/wp-json\/wp\/v2\/product_tag?post=8597"}],"curies":[{"name":"wp","href":"https:\/\/api.w.org\/{rel}","templated":true}]}}