{"id":8192,"date":"2022-01-22T09:34:37","date_gmt":"2022-01-22T08:34:37","guid":{"rendered":"https:\/\/demoweb.info\/sexshop001\/producto\/feelztoys-mister-sweetspot-vibrador-de-clitoris-rosa\/"},"modified":"2022-01-22T09:34:41","modified_gmt":"2022-01-22T08:34:41","slug":"feelztoys-mister-sweetspot-vibrador-de-clitoris-rosa","status":"publish","type":"product","link":"https:\/\/demoweb.info\/sexshop001\/producto\/feelztoys-mister-sweetspot-vibrador-de-clitoris-rosa\/","title":{"rendered":"FEELZTOYS &#8211; MISTER SWEETSPOT VIBRADOR DE CL\u00cdTORIS &#8211; ROSA"},"content":{"rendered":"<p><strong>FEELZTOYS &#8211; MISTER SWEETSPOT CLITORAL VIBRATOR <\/strong><\/p>\n<p>\u00a1Mister Sweetspot sabe c\u00f3mo tocar tus puntos sensibles! Este peque\u00f1o vibrador resistente al agua se adapta c\u00f3modamente a la mano y es f\u00e1cil de transportar debido a su peque\u00f1o tama\u00f1o, pero no se equivoque: \u00a1ofrece un gran rendimiento!<\/p>\n<p>Mister Sweetspot es suave y flexible, por lo que puedes mimar todo tu cuerpo con este vibrador, se adapta a tus contornos. Puedes sentir las fuertes vibraciones en todo el vibrador, as\u00ed que haz un buen uso de \u00e9l. Acaricia, provoca y descubre. Y use la punta con la tecnolog\u00eda Tip-Tense para una estimulaci\u00f3n puntual altamente dirigida donde desee, pezones, otros puntos sensibles, el cl\u00edtoris.<\/p>\n<p>La parte superior de este fino juguete sexual es completamente flexible, lo que significa que puede ejercer m\u00e1s o menos presi\u00f3n sobre su piel, de modo que la intensidad y los movimientos de la parte superior se puedan ajustar completamente a sus deseos.<\/p>\n<p>Debido a que Mister Sweetspot es completamente impermeable, puede usarlo en todas partes, incluso en el ba\u00f1o. Con una bater\u00eda llena, el vibrador dura hasta dos horas, por lo que tiene mucho tiempo para mimarse a s\u00ed mismo o a su pareja.<\/p>\n<p>Instrucciones:<br \/>\nPresione el bot\u00f3n de encendido \/ apagado en la parte posterior del vibrador durante 1 segundo hasta que sienta que vibra y se enciende la luz p\u00farpura. Elija su patr\u00f3n favorito presionando brevemente el bot\u00f3n de encendido \/ apagado. Para apagar Mr Sweetspot, mantenga presionado el bot\u00f3n de encendido \/ apagado durante 3 segundos.<\/p>\n<p>Especificaciones del producto:<br \/>\n&#8211; Material: 100% silicona.<br \/>\n&#8211; Susurro tranquilo<br \/>\n&#8211; 100% resistente al agua (IPX7)<br \/>\n&#8211; Tecnolog\u00eda Tip Tense<br \/>\n&#8211; 2 horas de tiempo de reproducci\u00f3n con una bater\u00eda llena<br \/>\n&#8211; 10 patrones de vibraci\u00f3n e intensidad<br \/>\n&#8211; Materiales seguros para el cuerpo<br \/>\n&#8211; Inodoro<br \/>\n&#8211; USB recargable<\/p>\n","protected":false},"excerpt":{"rendered":"<p>FEELZTOYS &#8211; MISTER SWEETSPOT CLITORAL VIBRATOR \u00a1Mister Sweetspot sabe c\u00f3mo tocar tus puntos sensibles! Este peque\u00f1o vibrador resistente al agua<\/p>\n","protected":false},"featured_media":8193,"comment_status":"open","ping_status":"open","template":"","meta":[],"product_cat":[370],"product_tag":[373],"class_list":["post-8192","product","type-product","status-publish","has-post-thumbnail","hentry","product_cat-clitoris","product_tag-feelztoys"],"bundled_by":[],"bundle_stock_status":"instock","bundle_stock_quantity":2,"bundle_virtual":false,"bundle_layout":"","bundle_add_to_cart_form_location":"","bundle_editable_in_cart":false,"bundle_sold_individually_context":"","bundle_item_grouping":"","bundle_min_size":"","bundle_max_size":"","bundled_items":[],"yoast_head":"<!-- This site is optimized with the Yoast SEO plugin v20.6 - https:\/\/yoast.com\/wordpress\/plugins\/seo\/ -->\n<title>FEELZTOYS - MISTER SWEETSPOT VIBRADOR DE CL\u00cdTORIS - ROSA - Tienda Er\u00f3tica<\/title>\n<meta name=\"robots\" content=\"noindex, follow, max-snippet:-1, max-image-preview:large, max-video-preview:-1\" \/>\n<meta property=\"og:locale\" content=\"es_ES\" \/>\n<meta property=\"og:type\" content=\"article\" \/>\n<meta property=\"og:title\" content=\"FEELZTOYS - MISTER SWEETSPOT VIBRADOR DE CL\u00cdTORIS - ROSA - Tienda Er\u00f3tica\" \/>\n<meta property=\"og:description\" content=\"FEELZTOYS &#8211; MISTER SWEETSPOT CLITORAL VIBRATOR \u00a1Mister Sweetspot sabe c\u00f3mo tocar tus puntos sensibles! Este peque\u00f1o vibrador resistente al agua\" \/>\n<meta property=\"og:url\" content=\"https:\/\/demoweb.info\/sexshop001\/producto\/feelztoys-mister-sweetspot-vibrador-de-clitoris-rosa\/\" \/>\n<meta property=\"og:site_name\" content=\"Tienda Er\u00f3tica\" \/>\n<meta property=\"article:modified_time\" content=\"2022-01-22T08:34:41+00:00\" \/>\n<meta property=\"og:image\" content=\"https:\/\/demoweb.info\/sexshop001\/wp-content\/uploads\/2022\/01\/FEELZTOYS-MISTER-SWEETSPOT-VIBRADOR-DE-CLITORIS-ROSA.jpg\" \/>\n\t<meta property=\"og:image:width\" content=\"550\" \/>\n\t<meta property=\"og:image:height\" content=\"550\" \/>\n\t<meta property=\"og:image:type\" content=\"image\/jpeg\" \/>\n<meta name=\"twitter:card\" content=\"summary_large_image\" \/>\n<meta name=\"twitter:label1\" content=\"Tiempo de lectura\" \/>\n\t<meta name=\"twitter:data1\" content=\"2 minutos\" \/>\n<script type=\"application\/ld+json\" class=\"yoast-schema-graph\">{\"@context\":\"https:\/\/schema.org\",\"@graph\":[{\"@type\":\"WebPage\",\"@id\":\"https:\/\/demoweb.info\/sexshop001\/producto\/feelztoys-mister-sweetspot-vibrador-de-clitoris-rosa\/\",\"url\":\"https:\/\/demoweb.info\/sexshop001\/producto\/feelztoys-mister-sweetspot-vibrador-de-clitoris-rosa\/\",\"name\":\"FEELZTOYS - MISTER SWEETSPOT VIBRADOR DE CL\u00cdTORIS - ROSA - Tienda Er\u00f3tica\",\"isPartOf\":{\"@id\":\"https:\/\/demoweb.info\/sexshop001\/#website\"},\"datePublished\":\"2022-01-22T08:34:37+00:00\",\"dateModified\":\"2022-01-22T08:34:41+00:00\",\"breadcrumb\":{\"@id\":\"https:\/\/demoweb.info\/sexshop001\/producto\/feelztoys-mister-sweetspot-vibrador-de-clitoris-rosa\/#breadcrumb\"},\"inLanguage\":\"es\",\"potentialAction\":[{\"@type\":\"ReadAction\",\"target\":[\"https:\/\/demoweb.info\/sexshop001\/producto\/feelztoys-mister-sweetspot-vibrador-de-clitoris-rosa\/\"]}]},{\"@type\":\"BreadcrumbList\",\"@id\":\"https:\/\/demoweb.info\/sexshop001\/producto\/feelztoys-mister-sweetspot-vibrador-de-clitoris-rosa\/#breadcrumb\",\"itemListElement\":[{\"@type\":\"ListItem\",\"position\":1,\"name\":\"Portada\",\"item\":\"https:\/\/demoweb.info\/sexshop001\/\"},{\"@type\":\"ListItem\",\"position\":2,\"name\":\"Tienda\",\"item\":\"https:\/\/demoweb.info\/sexshop001\/tienda\/\"},{\"@type\":\"ListItem\",\"position\":3,\"name\":\"FEELZTOYS &#8211; MISTER SWEETSPOT VIBRADOR DE CL\u00cdTORIS &#8211; ROSA\"}]},{\"@type\":\"WebSite\",\"@id\":\"https:\/\/demoweb.info\/sexshop001\/#website\",\"url\":\"https:\/\/demoweb.info\/sexshop001\/\",\"name\":\"Tienda Er\u00f3tica\",\"description\":\"DEMOWEB SL\",\"potentialAction\":[{\"@type\":\"SearchAction\",\"target\":{\"@type\":\"EntryPoint\",\"urlTemplate\":\"https:\/\/demoweb.info\/sexshop001\/?s={search_term_string}\"},\"query-input\":\"required name=search_term_string\"}],\"inLanguage\":\"es\"}]}<\/script>\n<!-- \/ Yoast SEO plugin. -->","yoast_head_json":{"title":"FEELZTOYS - MISTER SWEETSPOT VIBRADOR DE CL\u00cdTORIS - ROSA - Tienda Er\u00f3tica","robots":{"index":"noindex","follow":"follow","max-snippet":"max-snippet:-1","max-image-preview":"max-image-preview:large","max-video-preview":"max-video-preview:-1"},"og_locale":"es_ES","og_type":"article","og_title":"FEELZTOYS - MISTER SWEETSPOT VIBRADOR DE CL\u00cdTORIS - ROSA - Tienda Er\u00f3tica","og_description":"FEELZTOYS &#8211; MISTER SWEETSPOT CLITORAL VIBRATOR \u00a1Mister Sweetspot sabe c\u00f3mo tocar tus puntos sensibles! Este peque\u00f1o vibrador resistente al agua","og_url":"https:\/\/demoweb.info\/sexshop001\/producto\/feelztoys-mister-sweetspot-vibrador-de-clitoris-rosa\/","og_site_name":"Tienda Er\u00f3tica","article_modified_time":"2022-01-22T08:34:41+00:00","og_image":[{"width":550,"height":550,"url":"https:\/\/demoweb.info\/sexshop001\/wp-content\/uploads\/2022\/01\/FEELZTOYS-MISTER-SWEETSPOT-VIBRADOR-DE-CLITORIS-ROSA.jpg","type":"image\/jpeg"}],"twitter_card":"summary_large_image","twitter_misc":{"Tiempo de lectura":"2 minutos"},"schema":{"@context":"https:\/\/schema.org","@graph":[{"@type":"WebPage","@id":"https:\/\/demoweb.info\/sexshop001\/producto\/feelztoys-mister-sweetspot-vibrador-de-clitoris-rosa\/","url":"https:\/\/demoweb.info\/sexshop001\/producto\/feelztoys-mister-sweetspot-vibrador-de-clitoris-rosa\/","name":"FEELZTOYS - MISTER SWEETSPOT VIBRADOR DE CL\u00cdTORIS - ROSA - Tienda Er\u00f3tica","isPartOf":{"@id":"https:\/\/demoweb.info\/sexshop001\/#website"},"datePublished":"2022-01-22T08:34:37+00:00","dateModified":"2022-01-22T08:34:41+00:00","breadcrumb":{"@id":"https:\/\/demoweb.info\/sexshop001\/producto\/feelztoys-mister-sweetspot-vibrador-de-clitoris-rosa\/#breadcrumb"},"inLanguage":"es","potentialAction":[{"@type":"ReadAction","target":["https:\/\/demoweb.info\/sexshop001\/producto\/feelztoys-mister-sweetspot-vibrador-de-clitoris-rosa\/"]}]},{"@type":"BreadcrumbList","@id":"https:\/\/demoweb.info\/sexshop001\/producto\/feelztoys-mister-sweetspot-vibrador-de-clitoris-rosa\/#breadcrumb","itemListElement":[{"@type":"ListItem","position":1,"name":"Portada","item":"https:\/\/demoweb.info\/sexshop001\/"},{"@type":"ListItem","position":2,"name":"Tienda","item":"https:\/\/demoweb.info\/sexshop001\/tienda\/"},{"@type":"ListItem","position":3,"name":"FEELZTOYS &#8211; MISTER SWEETSPOT VIBRADOR DE CL\u00cdTORIS &#8211; ROSA"}]},{"@type":"WebSite","@id":"https:\/\/demoweb.info\/sexshop001\/#website","url":"https:\/\/demoweb.info\/sexshop001\/","name":"Tienda Er\u00f3tica","description":"DEMOWEB SL","potentialAction":[{"@type":"SearchAction","target":{"@type":"EntryPoint","urlTemplate":"https:\/\/demoweb.info\/sexshop001\/?s={search_term_string}"},"query-input":"required name=search_term_string"}],"inLanguage":"es"}]}},"_links":{"self":[{"href":"https:\/\/demoweb.info\/sexshop001\/wp-json\/wp\/v3\/product\/8192","targetHints":{"allow":["GET"]}}],"collection":[{"href":"https:\/\/demoweb.info\/sexshop001\/wp-json\/wp\/v3\/product"}],"about":[{"href":"https:\/\/demoweb.info\/sexshop001\/wp-json\/wp\/v2\/types\/product"}],"replies":[{"embeddable":true,"href":"https:\/\/demoweb.info\/sexshop001\/wp-json\/wp\/v2\/comments?post=8192"}],"wp:featuredmedia":[{"embeddable":true,"href":"https:\/\/demoweb.info\/sexshop001\/wp-json\/wp\/v2\/media\/8193"}],"wp:attachment":[{"href":"https:\/\/demoweb.info\/sexshop001\/wp-json\/wp\/v2\/media?parent=8192"}],"wp:term":[{"taxonomy":"product_cat","embeddable":true,"href":"https:\/\/demoweb.info\/sexshop001\/wp-json\/wp\/v2\/product_cat?post=8192"},{"taxonomy":"product_tag","embeddable":true,"href":"https:\/\/demoweb.info\/sexshop001\/wp-json\/wp\/v2\/product_tag?post=8192"}],"curies":[{"name":"wp","href":"https:\/\/api.w.org\/{rel}","templated":true}]}}