{"id":8173,"date":"2022-01-22T09:34:17","date_gmt":"2022-01-22T08:34:17","guid":{"rendered":"https:\/\/demoweb.info\/sexshop001\/producto\/autoblow-maquina-de-masturbacion-con-inteligencia-artificial\/"},"modified":"2022-01-22T09:34:32","modified_gmt":"2022-01-22T08:34:32","slug":"autoblow-maquina-de-masturbacion-con-inteligencia-artificial","status":"publish","type":"product","link":"https:\/\/demoweb.info\/sexshop001\/producto\/autoblow-maquina-de-masturbacion-con-inteligencia-artificial\/","title":{"rendered":"AUTOBLOW &#8211; M\u00c1QUINA DE MASTURBACI\u00d3N CON INTELIGENCIA ARTIFICIAL"},"content":{"rendered":"<p><strong>AUTOBLOW &#8211; A.I. MACHINE<\/strong><\/p>\n<p>Disfruta de 10 experiencias de masturbaci\u00f3n con inteligencia artificial. Este dispositivo m\u00e1gico har\u00e1 que tu pene se sienta fant\u00e1stico. \u00a1Con\u00e9ctelo, lubr\u00edquelo, inserte su pene y disfrute del viaje!<\/p>\n<p>Se siente m\u00e1s como un humano, se siente menos como una m\u00e1quina.<\/p>\n<p>Mangas intercambiables<br \/>\nConstruido con material de piel artificial, las mangas se sienten reales y son f\u00e1ciles de limpiar.<\/p>\n<p>Bot\u00f3n de borde<br \/>\nPresione para pausar y presione nuevamente para reanudar la misma experiencia a la misma velocidad.<\/p>\n<p>Control de velocidad<br \/>\nDisfruta de 10 velocidades diferentes por experiencia de masturbaci\u00f3n.<\/p>\n<p>Patente pendiente<br \/>\n\u00a1El agarre y la manga pendientes de patente se sienten como una boca! Disfruta de 9 A.I. acciones m\u00e1s 1 masturbaci\u00f3n mejorada que es diferente cada vez.<\/p>\n<p>Toma de corriente<br \/>\nSe conecta a cualquier toma de corriente, nunca necesita bater\u00edas costosas.<\/p>\n<p>Microchip y sensores<br \/>\nUtiliza un microchip y 4 sensores para controlar la acci\u00f3n. Los sensores mueven la pinza y la funda a cualquiera de los 250 puntos diferentes.<\/p>\n<p>Experimente la ciencia de la inteligencia artificial aplicada a su pene:<br \/>\n&#8211; Autoblow A.I. No necesita pilas. Simplemente con\u00e9ctelo a cualquier toma de corriente (110V &#8211; 240V). No se preocupe, lo hemos dise\u00f1ado para que sea seguro.<br \/>\n&#8211; El Autoblow A.I. utiliza un motor totalmente met\u00e1lico, clasificado para durar m\u00e1s de 500 horas de uso.<br \/>\n&#8211; Nuestro equipo prob\u00f3 todos los masturbadores masculinos del mercado. La nuestra se siente mejor.<br \/>\n&#8211; Usando A.I. nos permiti\u00f3 comprender y capturar t\u00e9cnicas de mamada de la vida real para brindarte la mejor experiencia posible.<br \/>\n&#8211; Utiliza mangas intercambiables. Las mangas son f\u00e1ciles de limpiar, reutilizables y funcionan con todas las longitudes y circunferencias del pene.<br \/>\n&#8211; Las fundas intercambiables se pueden limpiar f\u00e1cilmente con agua jabonosa o un limpiador de juguetes.<br \/>\n&#8211; Solo sostenga el Autoblow A.I. en su lugar, enciende tu sitio web favorito, y realmente parece que alguien m\u00e1s te est\u00e1 haciendo una mamada.<br \/>\n&#8211; Autoblow A.I. utiliza un motor redise\u00f1ado que es un 50% m\u00e1s silencioso que el Autoblow 2, \u00a1pero tambi\u00e9n es 3 veces m\u00e1s potente!<\/p>\n","protected":false},"excerpt":{"rendered":"<p>AUTOBLOW &#8211; A.I. MACHINE Disfruta de 10 experiencias de masturbaci\u00f3n con inteligencia artificial. Este dispositivo m\u00e1gico har\u00e1 que tu pene<\/p>\n","protected":false},"featured_media":8174,"comment_status":"open","ping_status":"open","template":"","meta":[],"product_cat":[364],"product_tag":[365],"class_list":["post-8173","product","type-product","status-publish","has-post-thumbnail","hentry","product_cat-con-vibracion","product_tag-autoblow"],"bundled_by":[],"bundle_stock_status":"outofstock","bundle_stock_quantity":0,"bundle_virtual":false,"bundle_layout":"","bundle_add_to_cart_form_location":"","bundle_editable_in_cart":false,"bundle_sold_individually_context":"","bundle_item_grouping":"","bundle_min_size":"","bundle_max_size":"","bundled_items":[],"yoast_head":"<!-- This site is optimized with the Yoast SEO plugin v20.6 - https:\/\/yoast.com\/wordpress\/plugins\/seo\/ -->\n<title>AUTOBLOW - M\u00c1QUINA DE MASTURBACI\u00d3N CON INTELIGENCIA ARTIFICIAL - Tienda Er\u00f3tica<\/title>\n<meta name=\"robots\" content=\"noindex, follow, max-snippet:-1, max-image-preview:large, max-video-preview:-1\" \/>\n<meta property=\"og:locale\" content=\"es_ES\" \/>\n<meta property=\"og:type\" content=\"article\" \/>\n<meta property=\"og:title\" content=\"AUTOBLOW - M\u00c1QUINA DE MASTURBACI\u00d3N CON INTELIGENCIA ARTIFICIAL - Tienda Er\u00f3tica\" \/>\n<meta property=\"og:description\" content=\"AUTOBLOW &#8211; A.I. MACHINE Disfruta de 10 experiencias de masturbaci\u00f3n con inteligencia artificial. Este dispositivo m\u00e1gico har\u00e1 que tu pene\" \/>\n<meta property=\"og:url\" content=\"https:\/\/demoweb.info\/sexshop001\/producto\/autoblow-maquina-de-masturbacion-con-inteligencia-artificial\/\" \/>\n<meta property=\"og:site_name\" content=\"Tienda Er\u00f3tica\" \/>\n<meta property=\"article:modified_time\" content=\"2022-01-22T08:34:32+00:00\" \/>\n<meta property=\"og:image\" content=\"https:\/\/demoweb.info\/sexshop001\/wp-content\/uploads\/2022\/01\/AUTOBLOW-MAQUINA-DE-MASTURBACION-CON-INTELIGENCIA-ARTIFICIAL.jpg\" \/>\n\t<meta property=\"og:image:width\" content=\"550\" \/>\n\t<meta property=\"og:image:height\" content=\"550\" \/>\n\t<meta property=\"og:image:type\" content=\"image\/jpeg\" \/>\n<meta name=\"twitter:card\" content=\"summary_large_image\" \/>\n<meta name=\"twitter:label1\" content=\"Tiempo de lectura\" \/>\n\t<meta name=\"twitter:data1\" content=\"2 minutos\" \/>\n<script type=\"application\/ld+json\" class=\"yoast-schema-graph\">{\"@context\":\"https:\/\/schema.org\",\"@graph\":[{\"@type\":\"WebPage\",\"@id\":\"https:\/\/demoweb.info\/sexshop001\/producto\/autoblow-maquina-de-masturbacion-con-inteligencia-artificial\/\",\"url\":\"https:\/\/demoweb.info\/sexshop001\/producto\/autoblow-maquina-de-masturbacion-con-inteligencia-artificial\/\",\"name\":\"AUTOBLOW - M\u00c1QUINA DE MASTURBACI\u00d3N CON INTELIGENCIA ARTIFICIAL - Tienda Er\u00f3tica\",\"isPartOf\":{\"@id\":\"https:\/\/demoweb.info\/sexshop001\/#website\"},\"datePublished\":\"2022-01-22T08:34:17+00:00\",\"dateModified\":\"2022-01-22T08:34:32+00:00\",\"breadcrumb\":{\"@id\":\"https:\/\/demoweb.info\/sexshop001\/producto\/autoblow-maquina-de-masturbacion-con-inteligencia-artificial\/#breadcrumb\"},\"inLanguage\":\"es\",\"potentialAction\":[{\"@type\":\"ReadAction\",\"target\":[\"https:\/\/demoweb.info\/sexshop001\/producto\/autoblow-maquina-de-masturbacion-con-inteligencia-artificial\/\"]}]},{\"@type\":\"BreadcrumbList\",\"@id\":\"https:\/\/demoweb.info\/sexshop001\/producto\/autoblow-maquina-de-masturbacion-con-inteligencia-artificial\/#breadcrumb\",\"itemListElement\":[{\"@type\":\"ListItem\",\"position\":1,\"name\":\"Portada\",\"item\":\"https:\/\/demoweb.info\/sexshop001\/\"},{\"@type\":\"ListItem\",\"position\":2,\"name\":\"Tienda\",\"item\":\"https:\/\/demoweb.info\/sexshop001\/tienda\/\"},{\"@type\":\"ListItem\",\"position\":3,\"name\":\"AUTOBLOW &#8211; M\u00c1QUINA DE MASTURBACI\u00d3N CON INTELIGENCIA ARTIFICIAL\"}]},{\"@type\":\"WebSite\",\"@id\":\"https:\/\/demoweb.info\/sexshop001\/#website\",\"url\":\"https:\/\/demoweb.info\/sexshop001\/\",\"name\":\"Tienda Er\u00f3tica\",\"description\":\"DEMOWEB SL\",\"potentialAction\":[{\"@type\":\"SearchAction\",\"target\":{\"@type\":\"EntryPoint\",\"urlTemplate\":\"https:\/\/demoweb.info\/sexshop001\/?s={search_term_string}\"},\"query-input\":\"required name=search_term_string\"}],\"inLanguage\":\"es\"}]}<\/script>\n<!-- \/ Yoast SEO plugin. -->","yoast_head_json":{"title":"AUTOBLOW - M\u00c1QUINA DE MASTURBACI\u00d3N CON INTELIGENCIA ARTIFICIAL - Tienda Er\u00f3tica","robots":{"index":"noindex","follow":"follow","max-snippet":"max-snippet:-1","max-image-preview":"max-image-preview:large","max-video-preview":"max-video-preview:-1"},"og_locale":"es_ES","og_type":"article","og_title":"AUTOBLOW - M\u00c1QUINA DE MASTURBACI\u00d3N CON INTELIGENCIA ARTIFICIAL - Tienda Er\u00f3tica","og_description":"AUTOBLOW &#8211; A.I. MACHINE Disfruta de 10 experiencias de masturbaci\u00f3n con inteligencia artificial. Este dispositivo m\u00e1gico har\u00e1 que tu pene","og_url":"https:\/\/demoweb.info\/sexshop001\/producto\/autoblow-maquina-de-masturbacion-con-inteligencia-artificial\/","og_site_name":"Tienda Er\u00f3tica","article_modified_time":"2022-01-22T08:34:32+00:00","og_image":[{"width":550,"height":550,"url":"https:\/\/demoweb.info\/sexshop001\/wp-content\/uploads\/2022\/01\/AUTOBLOW-MAQUINA-DE-MASTURBACION-CON-INTELIGENCIA-ARTIFICIAL.jpg","type":"image\/jpeg"}],"twitter_card":"summary_large_image","twitter_misc":{"Tiempo de lectura":"2 minutos"},"schema":{"@context":"https:\/\/schema.org","@graph":[{"@type":"WebPage","@id":"https:\/\/demoweb.info\/sexshop001\/producto\/autoblow-maquina-de-masturbacion-con-inteligencia-artificial\/","url":"https:\/\/demoweb.info\/sexshop001\/producto\/autoblow-maquina-de-masturbacion-con-inteligencia-artificial\/","name":"AUTOBLOW - M\u00c1QUINA DE MASTURBACI\u00d3N CON INTELIGENCIA ARTIFICIAL - Tienda Er\u00f3tica","isPartOf":{"@id":"https:\/\/demoweb.info\/sexshop001\/#website"},"datePublished":"2022-01-22T08:34:17+00:00","dateModified":"2022-01-22T08:34:32+00:00","breadcrumb":{"@id":"https:\/\/demoweb.info\/sexshop001\/producto\/autoblow-maquina-de-masturbacion-con-inteligencia-artificial\/#breadcrumb"},"inLanguage":"es","potentialAction":[{"@type":"ReadAction","target":["https:\/\/demoweb.info\/sexshop001\/producto\/autoblow-maquina-de-masturbacion-con-inteligencia-artificial\/"]}]},{"@type":"BreadcrumbList","@id":"https:\/\/demoweb.info\/sexshop001\/producto\/autoblow-maquina-de-masturbacion-con-inteligencia-artificial\/#breadcrumb","itemListElement":[{"@type":"ListItem","position":1,"name":"Portada","item":"https:\/\/demoweb.info\/sexshop001\/"},{"@type":"ListItem","position":2,"name":"Tienda","item":"https:\/\/demoweb.info\/sexshop001\/tienda\/"},{"@type":"ListItem","position":3,"name":"AUTOBLOW &#8211; M\u00c1QUINA DE MASTURBACI\u00d3N CON INTELIGENCIA ARTIFICIAL"}]},{"@type":"WebSite","@id":"https:\/\/demoweb.info\/sexshop001\/#website","url":"https:\/\/demoweb.info\/sexshop001\/","name":"Tienda Er\u00f3tica","description":"DEMOWEB SL","potentialAction":[{"@type":"SearchAction","target":{"@type":"EntryPoint","urlTemplate":"https:\/\/demoweb.info\/sexshop001\/?s={search_term_string}"},"query-input":"required name=search_term_string"}],"inLanguage":"es"}]}},"_links":{"self":[{"href":"https:\/\/demoweb.info\/sexshop001\/wp-json\/wp\/v3\/product\/8173","targetHints":{"allow":["GET"]}}],"collection":[{"href":"https:\/\/demoweb.info\/sexshop001\/wp-json\/wp\/v3\/product"}],"about":[{"href":"https:\/\/demoweb.info\/sexshop001\/wp-json\/wp\/v2\/types\/product"}],"replies":[{"embeddable":true,"href":"https:\/\/demoweb.info\/sexshop001\/wp-json\/wp\/v2\/comments?post=8173"}],"wp:featuredmedia":[{"embeddable":true,"href":"https:\/\/demoweb.info\/sexshop001\/wp-json\/wp\/v2\/media\/8174"}],"wp:attachment":[{"href":"https:\/\/demoweb.info\/sexshop001\/wp-json\/wp\/v2\/media?parent=8173"}],"wp:term":[{"taxonomy":"product_cat","embeddable":true,"href":"https:\/\/demoweb.info\/sexshop001\/wp-json\/wp\/v2\/product_cat?post=8173"},{"taxonomy":"product_tag","embeddable":true,"href":"https:\/\/demoweb.info\/sexshop001\/wp-json\/wp\/v2\/product_tag?post=8173"}],"curies":[{"name":"wp","href":"https:\/\/api.w.org\/{rel}","templated":true}]}}