{"id":8171,"date":"2022-01-22T09:34:17","date_gmt":"2022-01-22T08:34:17","guid":{"rendered":"https:\/\/demoweb.info\/sexshop001\/producto\/valkiria-gel-intenso-de-placer-40ml\/"},"modified":"2022-01-22T09:34:31","modified_gmt":"2022-01-22T08:34:31","slug":"valkiria-gel-intenso-de-placer-40ml","status":"publish","type":"product","link":"https:\/\/demoweb.info\/sexshop001\/producto\/valkiria-gel-intenso-de-placer-40ml\/","title":{"rendered":"VALKIRIA GEL INTENSO DE PLACER 40ML"},"content":{"rendered":"<p><strong>VALKIRIA INTENSE PLEASURE GEL COOL EFFECT 40ML<\/strong><\/p>\n<p>Tanto para \u00e9l como para ella, VALKIRIA es un potenciador del orgasmo que intensifica las sensaciones durante el coito.<\/p>\n<p>Solo unas pocas gotas de VALKIRIA son suficientes para comenzar su efecto de calentamiento fr\u00edo que lo llevar\u00e1 a una explosi\u00f3n de estimulaci\u00f3n fr\u00eda.<\/p>\n<p>Su f\u00f3rmula se basa en ingredientes naturales como la maca y la damiana, con propiedades estimulantes y estimulantes del apetito sexual y aumenta la libido, y mentol que tiene un efecto calmante y refrescante sobre la piel.<\/p>\n<p>Creado en Espa\u00f1a, los productos NUEI se basan en ingredientes naturales, sin parabenos, sin gluten ni az\u00facares. Se han desarrollado sin crueldad animal y son 100% veganos.<\/p>\n<ul>\n<li>Volumen del producto 40 ml<\/li>\n<li>Los ingredientes Aqua\/Water, Glycerin, Propylene Glycol, Aloe Barbadensis Leaf Juice, Arginine, Mentha Piperita Leaf Extract\/Mentha Piperita (Peppermint) Leaf Extract, Turnera Diffusa Leaf Extract, Lepidium Meyenii Root Extract, Caffeine, Helianthus Annuus Seed Oil\/Helianthus Annuus (Sunflower) Seed Oil, Sodium Saccharine, Carbomer, Acrylates\/C10-30 alkyl Acrylate Crosspolymer, Disodium EDTA, Ascorbyl Palmitate, BHT, Potassium Sorbate, Sodium Benzoate, Parfum\/Fragrance, Rosmarinus Officinalis Leaf Extract, Mentha Piperita Oil, Limonene, Linalool, CI 17200.<\/li>\n<\/ul>\n","protected":false},"excerpt":{"rendered":"<p>VALKIRIA INTENSE PLEASURE GEL COOL EFFECT 40ML Tanto para \u00e9l como para ella, VALKIRIA es un potenciador del orgasmo que<\/p>\n","protected":false},"featured_media":8172,"comment_status":"open","ping_status":"open","template":"","meta":[],"product_cat":[361],"product_tag":[362],"class_list":["post-8171","product","type-product","status-publish","has-post-thumbnail","hentry","product_cat-geles-estimulantes","product_tag-nuei"],"bundled_by":[],"bundle_stock_status":"instock","bundle_stock_quantity":4,"bundle_virtual":false,"bundle_layout":"","bundle_add_to_cart_form_location":"","bundle_editable_in_cart":false,"bundle_sold_individually_context":"","bundle_item_grouping":"","bundle_min_size":"","bundle_max_size":"","bundled_items":[],"yoast_head":"<!-- This site is optimized with the Yoast SEO plugin v20.6 - https:\/\/yoast.com\/wordpress\/plugins\/seo\/ -->\n<title>VALKIRIA GEL INTENSO DE PLACER 40ML - Tienda Er\u00f3tica<\/title>\n<meta name=\"robots\" content=\"noindex, follow, max-snippet:-1, max-image-preview:large, max-video-preview:-1\" \/>\n<meta property=\"og:locale\" content=\"es_ES\" \/>\n<meta property=\"og:type\" content=\"article\" \/>\n<meta property=\"og:title\" content=\"VALKIRIA GEL INTENSO DE PLACER 40ML - Tienda Er\u00f3tica\" \/>\n<meta property=\"og:description\" content=\"VALKIRIA INTENSE PLEASURE GEL COOL EFFECT 40ML Tanto para \u00e9l como para ella, VALKIRIA es un potenciador del orgasmo que\" \/>\n<meta property=\"og:url\" content=\"https:\/\/demoweb.info\/sexshop001\/producto\/valkiria-gel-intenso-de-placer-40ml\/\" \/>\n<meta property=\"og:site_name\" content=\"Tienda Er\u00f3tica\" \/>\n<meta property=\"article:modified_time\" content=\"2022-01-22T08:34:31+00:00\" \/>\n<meta property=\"og:image\" content=\"https:\/\/demoweb.info\/sexshop001\/wp-content\/uploads\/2022\/01\/VALKIRIA-GEL-INTENSO-DE-PLACER-40ML.jpg\" \/>\n\t<meta property=\"og:image:width\" content=\"550\" \/>\n\t<meta property=\"og:image:height\" content=\"550\" \/>\n\t<meta property=\"og:image:type\" content=\"image\/jpeg\" \/>\n<meta name=\"twitter:card\" content=\"summary_large_image\" \/>\n<meta name=\"twitter:label1\" content=\"Tiempo de lectura\" \/>\n\t<meta name=\"twitter:data1\" content=\"1 minuto\" \/>\n<script type=\"application\/ld+json\" class=\"yoast-schema-graph\">{\"@context\":\"https:\/\/schema.org\",\"@graph\":[{\"@type\":\"WebPage\",\"@id\":\"https:\/\/demoweb.info\/sexshop001\/producto\/valkiria-gel-intenso-de-placer-40ml\/\",\"url\":\"https:\/\/demoweb.info\/sexshop001\/producto\/valkiria-gel-intenso-de-placer-40ml\/\",\"name\":\"VALKIRIA GEL INTENSO DE PLACER 40ML - Tienda Er\u00f3tica\",\"isPartOf\":{\"@id\":\"https:\/\/demoweb.info\/sexshop001\/#website\"},\"datePublished\":\"2022-01-22T08:34:17+00:00\",\"dateModified\":\"2022-01-22T08:34:31+00:00\",\"breadcrumb\":{\"@id\":\"https:\/\/demoweb.info\/sexshop001\/producto\/valkiria-gel-intenso-de-placer-40ml\/#breadcrumb\"},\"inLanguage\":\"es\",\"potentialAction\":[{\"@type\":\"ReadAction\",\"target\":[\"https:\/\/demoweb.info\/sexshop001\/producto\/valkiria-gel-intenso-de-placer-40ml\/\"]}]},{\"@type\":\"BreadcrumbList\",\"@id\":\"https:\/\/demoweb.info\/sexshop001\/producto\/valkiria-gel-intenso-de-placer-40ml\/#breadcrumb\",\"itemListElement\":[{\"@type\":\"ListItem\",\"position\":1,\"name\":\"Portada\",\"item\":\"https:\/\/demoweb.info\/sexshop001\/\"},{\"@type\":\"ListItem\",\"position\":2,\"name\":\"Tienda\",\"item\":\"https:\/\/demoweb.info\/sexshop001\/tienda\/\"},{\"@type\":\"ListItem\",\"position\":3,\"name\":\"VALKIRIA GEL INTENSO DE PLACER 40ML\"}]},{\"@type\":\"WebSite\",\"@id\":\"https:\/\/demoweb.info\/sexshop001\/#website\",\"url\":\"https:\/\/demoweb.info\/sexshop001\/\",\"name\":\"Tienda Er\u00f3tica\",\"description\":\"DEMOWEB SL\",\"potentialAction\":[{\"@type\":\"SearchAction\",\"target\":{\"@type\":\"EntryPoint\",\"urlTemplate\":\"https:\/\/demoweb.info\/sexshop001\/?s={search_term_string}\"},\"query-input\":\"required name=search_term_string\"}],\"inLanguage\":\"es\"}]}<\/script>\n<!-- \/ Yoast SEO plugin. -->","yoast_head_json":{"title":"VALKIRIA GEL INTENSO DE PLACER 40ML - Tienda Er\u00f3tica","robots":{"index":"noindex","follow":"follow","max-snippet":"max-snippet:-1","max-image-preview":"max-image-preview:large","max-video-preview":"max-video-preview:-1"},"og_locale":"es_ES","og_type":"article","og_title":"VALKIRIA GEL INTENSO DE PLACER 40ML - Tienda Er\u00f3tica","og_description":"VALKIRIA INTENSE PLEASURE GEL COOL EFFECT 40ML Tanto para \u00e9l como para ella, VALKIRIA es un potenciador del orgasmo que","og_url":"https:\/\/demoweb.info\/sexshop001\/producto\/valkiria-gel-intenso-de-placer-40ml\/","og_site_name":"Tienda Er\u00f3tica","article_modified_time":"2022-01-22T08:34:31+00:00","og_image":[{"width":550,"height":550,"url":"https:\/\/demoweb.info\/sexshop001\/wp-content\/uploads\/2022\/01\/VALKIRIA-GEL-INTENSO-DE-PLACER-40ML.jpg","type":"image\/jpeg"}],"twitter_card":"summary_large_image","twitter_misc":{"Tiempo de lectura":"1 minuto"},"schema":{"@context":"https:\/\/schema.org","@graph":[{"@type":"WebPage","@id":"https:\/\/demoweb.info\/sexshop001\/producto\/valkiria-gel-intenso-de-placer-40ml\/","url":"https:\/\/demoweb.info\/sexshop001\/producto\/valkiria-gel-intenso-de-placer-40ml\/","name":"VALKIRIA GEL INTENSO DE PLACER 40ML - Tienda Er\u00f3tica","isPartOf":{"@id":"https:\/\/demoweb.info\/sexshop001\/#website"},"datePublished":"2022-01-22T08:34:17+00:00","dateModified":"2022-01-22T08:34:31+00:00","breadcrumb":{"@id":"https:\/\/demoweb.info\/sexshop001\/producto\/valkiria-gel-intenso-de-placer-40ml\/#breadcrumb"},"inLanguage":"es","potentialAction":[{"@type":"ReadAction","target":["https:\/\/demoweb.info\/sexshop001\/producto\/valkiria-gel-intenso-de-placer-40ml\/"]}]},{"@type":"BreadcrumbList","@id":"https:\/\/demoweb.info\/sexshop001\/producto\/valkiria-gel-intenso-de-placer-40ml\/#breadcrumb","itemListElement":[{"@type":"ListItem","position":1,"name":"Portada","item":"https:\/\/demoweb.info\/sexshop001\/"},{"@type":"ListItem","position":2,"name":"Tienda","item":"https:\/\/demoweb.info\/sexshop001\/tienda\/"},{"@type":"ListItem","position":3,"name":"VALKIRIA GEL INTENSO DE PLACER 40ML"}]},{"@type":"WebSite","@id":"https:\/\/demoweb.info\/sexshop001\/#website","url":"https:\/\/demoweb.info\/sexshop001\/","name":"Tienda Er\u00f3tica","description":"DEMOWEB SL","potentialAction":[{"@type":"SearchAction","target":{"@type":"EntryPoint","urlTemplate":"https:\/\/demoweb.info\/sexshop001\/?s={search_term_string}"},"query-input":"required name=search_term_string"}],"inLanguage":"es"}]}},"_links":{"self":[{"href":"https:\/\/demoweb.info\/sexshop001\/wp-json\/wp\/v3\/product\/8171","targetHints":{"allow":["GET"]}}],"collection":[{"href":"https:\/\/demoweb.info\/sexshop001\/wp-json\/wp\/v3\/product"}],"about":[{"href":"https:\/\/demoweb.info\/sexshop001\/wp-json\/wp\/v2\/types\/product"}],"replies":[{"embeddable":true,"href":"https:\/\/demoweb.info\/sexshop001\/wp-json\/wp\/v2\/comments?post=8171"}],"wp:featuredmedia":[{"embeddable":true,"href":"https:\/\/demoweb.info\/sexshop001\/wp-json\/wp\/v2\/media\/8172"}],"wp:attachment":[{"href":"https:\/\/demoweb.info\/sexshop001\/wp-json\/wp\/v2\/media?parent=8171"}],"wp:term":[{"taxonomy":"product_cat","embeddable":true,"href":"https:\/\/demoweb.info\/sexshop001\/wp-json\/wp\/v2\/product_cat?post=8171"},{"taxonomy":"product_tag","embeddable":true,"href":"https:\/\/demoweb.info\/sexshop001\/wp-json\/wp\/v2\/product_tag?post=8171"}],"curies":[{"name":"wp","href":"https:\/\/api.w.org\/{rel}","templated":true}]}}