{"id":74446,"date":"2022-01-22T21:25:36","date_gmt":"2022-01-22T20:25:36","guid":{"rendered":"https:\/\/demoweb.info\/sexshop001\/producto\/you-crack-me-up-vibrador-rosa\/"},"modified":"2022-01-22T21:25:37","modified_gmt":"2022-01-22T20:25:37","slug":"you-crack-me-up-vibrador-rosa","status":"publish","type":"product","link":"https:\/\/demoweb.info\/sexshop001\/producto\/you-crack-me-up-vibrador-rosa\/","title":{"rendered":"YOU CRACK ME UP-VIBRADOR-ROSA"},"content":{"rendered":"<pre>\n<span style=&quot;font-family:arial,helvetica,sans-serif&quot;><strong>YOU CRACK ME UP-VIBRADOR-ROSA<\/strong>\n\n\u00bfListo para un placer excelente? You Crack Me Up har\u00e1 las delicias de tus zonas er\u00f3genas con su poderosa vibraci\u00f3n y sus perlas de amor giratorias. \n\nEste huevo de amor de alta calidad presenta 7 modos de estimulaci\u00f3n y pulsaci\u00f3n, con un f\u00e1cil control con un solo toque. Esta belleza est\u00e1 hecha de silicona suave al tacto y segura para el cuerpo, y viene con un control remoto para divertirse con las manos libres. \n\n\u00a1Consi\u00e9ntete con la exquisita satisfacci\u00f3n de este dise\u00f1o premium!<\/span><\/pre>\n<p><strong>Caracter\u00edsticas<\/strong><\/p>\n<ul>\n<li>Longitud total: 8.9 cm<\/li>\n<li>Di\u00e1metro: 3.4 cm<\/li>\n<li>Modos de vibraci\u00f3n: 6<\/li>\n<li>Modos de velocidad: 2<\/li>\n<li>Resistencia al agua: IPX7 Impermeable<\/li>\n<li>Bodysafe: Si<\/li>\n<li>Material: Made of 100% Pure Silicone and ABS Plastic<\/li>\n<li>Bater\u00edas requeridas: USB Rechargeable<\/li>\n<li>Control remoto: Si<\/li>\n<\/ul>\n","protected":false},"excerpt":{"rendered":"<p>YOU CRACK ME UP-VIBRADOR-ROSA \u00bfListo para un placer excelente? You Crack Me Up har\u00e1 las delicias de tus zonas er\u00f3genas<\/p>\n","protected":false},"featured_media":74447,"comment_status":"open","ping_status":"open","template":"","meta":[],"product_cat":[322],"product_tag":[871,247],"class_list":["post-74446","product","type-product","status-publish","has-post-thumbnail","hentry","product_cat-con-mando","product_tag-happiness","product_tag-toyjoy"],"bundled_by":[],"bundle_stock_status":"instock","bundle_stock_quantity":3,"bundle_virtual":false,"bundle_layout":"","bundle_add_to_cart_form_location":"","bundle_editable_in_cart":false,"bundle_sold_individually_context":"","bundle_item_grouping":"","bundle_min_size":"","bundle_max_size":"","bundled_items":[],"yoast_head":"<!-- This site is optimized with the Yoast SEO plugin v20.6 - https:\/\/yoast.com\/wordpress\/plugins\/seo\/ -->\n<title>YOU CRACK ME UP-VIBRADOR-ROSA - Tienda Er\u00f3tica<\/title>\n<meta name=\"robots\" content=\"noindex, follow, max-snippet:-1, max-image-preview:large, max-video-preview:-1\" \/>\n<meta property=\"og:locale\" content=\"es_ES\" \/>\n<meta property=\"og:type\" content=\"article\" \/>\n<meta property=\"og:title\" content=\"YOU CRACK ME UP-VIBRADOR-ROSA - Tienda Er\u00f3tica\" \/>\n<meta property=\"og:description\" content=\"YOU CRACK ME UP-VIBRADOR-ROSA \u00bfListo para un placer excelente? You Crack Me Up har\u00e1 las delicias de tus zonas er\u00f3genas\" \/>\n<meta property=\"og:url\" content=\"https:\/\/demoweb.info\/sexshop001\/producto\/you-crack-me-up-vibrador-rosa\/\" \/>\n<meta property=\"og:site_name\" content=\"Tienda Er\u00f3tica\" \/>\n<meta property=\"article:modified_time\" content=\"2022-01-22T20:25:37+00:00\" \/>\n<meta property=\"og:image\" content=\"https:\/\/demoweb.info\/sexshop001\/wp-content\/uploads\/2022\/01\/YOU-CRACK-ME-UP-VIBRADOR-ROSA.jpg\" \/>\n\t<meta property=\"og:image:width\" content=\"550\" \/>\n\t<meta property=\"og:image:height\" content=\"550\" \/>\n\t<meta property=\"og:image:type\" content=\"image\/jpeg\" \/>\n<meta name=\"twitter:card\" content=\"summary_large_image\" \/>\n<meta name=\"twitter:label1\" content=\"Tiempo de lectura\" \/>\n\t<meta name=\"twitter:data1\" content=\"1 minuto\" \/>\n<script type=\"application\/ld+json\" class=\"yoast-schema-graph\">{\"@context\":\"https:\/\/schema.org\",\"@graph\":[{\"@type\":\"WebPage\",\"@id\":\"https:\/\/demoweb.info\/sexshop001\/producto\/you-crack-me-up-vibrador-rosa\/\",\"url\":\"https:\/\/demoweb.info\/sexshop001\/producto\/you-crack-me-up-vibrador-rosa\/\",\"name\":\"YOU CRACK ME UP-VIBRADOR-ROSA - Tienda Er\u00f3tica\",\"isPartOf\":{\"@id\":\"https:\/\/demoweb.info\/sexshop001\/#website\"},\"datePublished\":\"2022-01-22T20:25:36+00:00\",\"dateModified\":\"2022-01-22T20:25:37+00:00\",\"breadcrumb\":{\"@id\":\"https:\/\/demoweb.info\/sexshop001\/producto\/you-crack-me-up-vibrador-rosa\/#breadcrumb\"},\"inLanguage\":\"es\",\"potentialAction\":[{\"@type\":\"ReadAction\",\"target\":[\"https:\/\/demoweb.info\/sexshop001\/producto\/you-crack-me-up-vibrador-rosa\/\"]}]},{\"@type\":\"BreadcrumbList\",\"@id\":\"https:\/\/demoweb.info\/sexshop001\/producto\/you-crack-me-up-vibrador-rosa\/#breadcrumb\",\"itemListElement\":[{\"@type\":\"ListItem\",\"position\":1,\"name\":\"Portada\",\"item\":\"https:\/\/demoweb.info\/sexshop001\/\"},{\"@type\":\"ListItem\",\"position\":2,\"name\":\"Tienda\",\"item\":\"https:\/\/demoweb.info\/sexshop001\/tienda\/\"},{\"@type\":\"ListItem\",\"position\":3,\"name\":\"YOU CRACK ME UP-VIBRADOR-ROSA\"}]},{\"@type\":\"WebSite\",\"@id\":\"https:\/\/demoweb.info\/sexshop001\/#website\",\"url\":\"https:\/\/demoweb.info\/sexshop001\/\",\"name\":\"Tienda Er\u00f3tica\",\"description\":\"DEMOWEB SL\",\"potentialAction\":[{\"@type\":\"SearchAction\",\"target\":{\"@type\":\"EntryPoint\",\"urlTemplate\":\"https:\/\/demoweb.info\/sexshop001\/?s={search_term_string}\"},\"query-input\":\"required name=search_term_string\"}],\"inLanguage\":\"es\"}]}<\/script>\n<!-- \/ Yoast SEO plugin. -->","yoast_head_json":{"title":"YOU CRACK ME UP-VIBRADOR-ROSA - Tienda Er\u00f3tica","robots":{"index":"noindex","follow":"follow","max-snippet":"max-snippet:-1","max-image-preview":"max-image-preview:large","max-video-preview":"max-video-preview:-1"},"og_locale":"es_ES","og_type":"article","og_title":"YOU CRACK ME UP-VIBRADOR-ROSA - Tienda Er\u00f3tica","og_description":"YOU CRACK ME UP-VIBRADOR-ROSA \u00bfListo para un placer excelente? You Crack Me Up har\u00e1 las delicias de tus zonas er\u00f3genas","og_url":"https:\/\/demoweb.info\/sexshop001\/producto\/you-crack-me-up-vibrador-rosa\/","og_site_name":"Tienda Er\u00f3tica","article_modified_time":"2022-01-22T20:25:37+00:00","og_image":[{"width":550,"height":550,"url":"https:\/\/demoweb.info\/sexshop001\/wp-content\/uploads\/2022\/01\/YOU-CRACK-ME-UP-VIBRADOR-ROSA.jpg","type":"image\/jpeg"}],"twitter_card":"summary_large_image","twitter_misc":{"Tiempo de lectura":"1 minuto"},"schema":{"@context":"https:\/\/schema.org","@graph":[{"@type":"WebPage","@id":"https:\/\/demoweb.info\/sexshop001\/producto\/you-crack-me-up-vibrador-rosa\/","url":"https:\/\/demoweb.info\/sexshop001\/producto\/you-crack-me-up-vibrador-rosa\/","name":"YOU CRACK ME UP-VIBRADOR-ROSA - Tienda Er\u00f3tica","isPartOf":{"@id":"https:\/\/demoweb.info\/sexshop001\/#website"},"datePublished":"2022-01-22T20:25:36+00:00","dateModified":"2022-01-22T20:25:37+00:00","breadcrumb":{"@id":"https:\/\/demoweb.info\/sexshop001\/producto\/you-crack-me-up-vibrador-rosa\/#breadcrumb"},"inLanguage":"es","potentialAction":[{"@type":"ReadAction","target":["https:\/\/demoweb.info\/sexshop001\/producto\/you-crack-me-up-vibrador-rosa\/"]}]},{"@type":"BreadcrumbList","@id":"https:\/\/demoweb.info\/sexshop001\/producto\/you-crack-me-up-vibrador-rosa\/#breadcrumb","itemListElement":[{"@type":"ListItem","position":1,"name":"Portada","item":"https:\/\/demoweb.info\/sexshop001\/"},{"@type":"ListItem","position":2,"name":"Tienda","item":"https:\/\/demoweb.info\/sexshop001\/tienda\/"},{"@type":"ListItem","position":3,"name":"YOU CRACK ME UP-VIBRADOR-ROSA"}]},{"@type":"WebSite","@id":"https:\/\/demoweb.info\/sexshop001\/#website","url":"https:\/\/demoweb.info\/sexshop001\/","name":"Tienda Er\u00f3tica","description":"DEMOWEB SL","potentialAction":[{"@type":"SearchAction","target":{"@type":"EntryPoint","urlTemplate":"https:\/\/demoweb.info\/sexshop001\/?s={search_term_string}"},"query-input":"required name=search_term_string"}],"inLanguage":"es"}]}},"_links":{"self":[{"href":"https:\/\/demoweb.info\/sexshop001\/wp-json\/wp\/v3\/product\/74446","targetHints":{"allow":["GET"]}}],"collection":[{"href":"https:\/\/demoweb.info\/sexshop001\/wp-json\/wp\/v3\/product"}],"about":[{"href":"https:\/\/demoweb.info\/sexshop001\/wp-json\/wp\/v2\/types\/product"}],"replies":[{"embeddable":true,"href":"https:\/\/demoweb.info\/sexshop001\/wp-json\/wp\/v2\/comments?post=74446"}],"wp:featuredmedia":[{"embeddable":true,"href":"https:\/\/demoweb.info\/sexshop001\/wp-json\/wp\/v2\/media\/74447"}],"wp:attachment":[{"href":"https:\/\/demoweb.info\/sexshop001\/wp-json\/wp\/v2\/media?parent=74446"}],"wp:term":[{"taxonomy":"product_cat","embeddable":true,"href":"https:\/\/demoweb.info\/sexshop001\/wp-json\/wp\/v2\/product_cat?post=74446"},{"taxonomy":"product_tag","embeddable":true,"href":"https:\/\/demoweb.info\/sexshop001\/wp-json\/wp\/v2\/product_tag?post=74446"}],"curies":[{"name":"wp","href":"https:\/\/api.w.org\/{rel}","templated":true}]}}