{"id":7389,"date":"2022-01-22T09:28:53","date_gmt":"2022-01-22T08:28:53","guid":{"rendered":"https:\/\/demoweb.info\/sexshop001\/producto\/ondas-para-la-uretra-con-anillo-negro\/"},"modified":"2022-01-22T09:29:01","modified_gmt":"2022-01-22T08:29:01","slug":"ondas-para-la-uretra-con-anillo-negro","status":"publish","type":"product","link":"https:\/\/demoweb.info\/sexshop001\/producto\/ondas-para-la-uretra-con-anillo-negro\/","title":{"rendered":"ONDAS PARA LA URETRA CON ANILLO NEGRO"},"content":{"rendered":"<p><strong>SILICONE VIBRATING BULLET PLUG WITH BEADED TIP BLACK<\/strong><\/p>\n<p>OUCH! \u00a1Presenta una nueva l\u00ednea de juguetes para exploradores de la uretra! Si las sondas para la uretra son lo que te encienden, \u00a1entonces deja que estas suaves sondas te denel m\u00e1ximo placer!<\/p>\n<p>La uretra est\u00e1 alineada conterminaciones nerviosas s\u00faper sensibles, que pueden ser extremadamente placenteras cuando se usan para estimular. Adicionalmente,el juego profundo con la uretra es la \u00fanica forma de masajear la pr\u00f3stata directamente. OUCH! \u00a1Viene con una variedad de ondas para la uretra tanto para principiantes como para jugadores avanzados!<\/p>\n<p>Este modelo vibrador te brinda lo mejor de ambos mundos!La punta redondeada facilita la inserci\u00f3n y las \u201cbolas\u201d ribeteadas te dan estimulaci\u00f3n extra. La sonda tiene un \u00fanico modo de vibraci\u00f3n que llega hasta unas 12 000 rpm,pero es s\u00faper silenciosa de 50 dB. Necesita de una bater\u00eda AAA(incluida).<\/p>\n<p>Elaborada de silicona libre de aftalato de grado m\u00e9dico,el juguete mide una longitud total de 21 cm (8,3\u201d) y una longitud insertable de 11,2 cm (4,41\u201d). El di\u00e1metro var\u00eda desde 0,55 cm (0,22\u201d) hasta 0,7 cm (0,28\u201d).<\/p>\n<ul>\n<li>Dimensiones del producto 21 x 2 x 2 cm<\/li>\n<li>Peso del producto 26,00 gram<\/li>\n<li>Di\u00e1metro del producto 0,7 cm<\/li>\n<li>Longitud insertable 11,5 cm<\/li>\n<li>Nivel de ruido 50 dB<\/li>\n<li>Se requieren bater\u00edas 1<\/li>\n<li>Tipo de bater\u00edas AAA<\/li>\n<li>Bater\u00edas incluidas S\u00ed<\/li>\n<li>A prueba de agua S\u00ed<\/li>\n<li>A prueba de salpicaduras S\u00ed<\/li>\n<li>Libre de ftalato S\u00ed<\/li>\n<li>Materiales Silicone<\/li>\n<\/ul>\n","protected":false},"excerpt":{"rendered":"<p>SILICONE VIBRATING BULLET PLUG WITH BEADED TIP BLACK OUCH! \u00a1Presenta una nueva l\u00ednea de juguetes para exploradores de la uretra!<\/p>\n","protected":false},"featured_media":7390,"comment_status":"open","ping_status":"open","template":"","meta":[],"product_cat":[290],"product_tag":[307,302],"class_list":["post-7389","product","type-product","status-publish","has-post-thumbnail","hentry","product_cat-penis-plug","product_tag-ouch","product_tag-shots"],"bundled_by":[],"bundle_stock_status":"instock","bundle_stock_quantity":1,"bundle_virtual":false,"bundle_layout":"","bundle_add_to_cart_form_location":"","bundle_editable_in_cart":false,"bundle_sold_individually_context":"","bundle_item_grouping":"","bundle_min_size":"","bundle_max_size":"","bundled_items":[],"yoast_head":"<!-- This site is optimized with the Yoast SEO plugin v20.6 - https:\/\/yoast.com\/wordpress\/plugins\/seo\/ -->\n<title>ONDAS PARA LA URETRA CON ANILLO NEGRO - Tienda Er\u00f3tica<\/title>\n<meta name=\"robots\" content=\"noindex, follow, max-snippet:-1, max-image-preview:large, max-video-preview:-1\" \/>\n<meta property=\"og:locale\" content=\"es_ES\" \/>\n<meta property=\"og:type\" content=\"article\" \/>\n<meta property=\"og:title\" content=\"ONDAS PARA LA URETRA CON ANILLO NEGRO - Tienda Er\u00f3tica\" \/>\n<meta property=\"og:description\" content=\"SILICONE VIBRATING BULLET PLUG WITH BEADED TIP BLACK OUCH! \u00a1Presenta una nueva l\u00ednea de juguetes para exploradores de la uretra!\" \/>\n<meta property=\"og:url\" content=\"https:\/\/demoweb.info\/sexshop001\/producto\/ondas-para-la-uretra-con-anillo-negro\/\" \/>\n<meta property=\"og:site_name\" content=\"Tienda Er\u00f3tica\" \/>\n<meta property=\"article:modified_time\" content=\"2022-01-22T08:29:01+00:00\" \/>\n<meta property=\"og:image\" content=\"https:\/\/demoweb.info\/sexshop001\/wp-content\/uploads\/2022\/01\/ONDAS-PARA-LA-URETRA-CON-ANILLO-NEGRO.jpg\" \/>\n\t<meta property=\"og:image:width\" content=\"550\" \/>\n\t<meta property=\"og:image:height\" content=\"550\" \/>\n\t<meta property=\"og:image:type\" content=\"image\/jpeg\" \/>\n<meta name=\"twitter:card\" content=\"summary_large_image\" \/>\n<meta name=\"twitter:label1\" content=\"Tiempo de lectura\" \/>\n\t<meta name=\"twitter:data1\" content=\"1 minuto\" \/>\n<script type=\"application\/ld+json\" class=\"yoast-schema-graph\">{\"@context\":\"https:\/\/schema.org\",\"@graph\":[{\"@type\":\"WebPage\",\"@id\":\"https:\/\/demoweb.info\/sexshop001\/producto\/ondas-para-la-uretra-con-anillo-negro\/\",\"url\":\"https:\/\/demoweb.info\/sexshop001\/producto\/ondas-para-la-uretra-con-anillo-negro\/\",\"name\":\"ONDAS PARA LA URETRA CON ANILLO NEGRO - Tienda Er\u00f3tica\",\"isPartOf\":{\"@id\":\"https:\/\/demoweb.info\/sexshop001\/#website\"},\"datePublished\":\"2022-01-22T08:28:53+00:00\",\"dateModified\":\"2022-01-22T08:29:01+00:00\",\"breadcrumb\":{\"@id\":\"https:\/\/demoweb.info\/sexshop001\/producto\/ondas-para-la-uretra-con-anillo-negro\/#breadcrumb\"},\"inLanguage\":\"es\",\"potentialAction\":[{\"@type\":\"ReadAction\",\"target\":[\"https:\/\/demoweb.info\/sexshop001\/producto\/ondas-para-la-uretra-con-anillo-negro\/\"]}]},{\"@type\":\"BreadcrumbList\",\"@id\":\"https:\/\/demoweb.info\/sexshop001\/producto\/ondas-para-la-uretra-con-anillo-negro\/#breadcrumb\",\"itemListElement\":[{\"@type\":\"ListItem\",\"position\":1,\"name\":\"Portada\",\"item\":\"https:\/\/demoweb.info\/sexshop001\/\"},{\"@type\":\"ListItem\",\"position\":2,\"name\":\"Tienda\",\"item\":\"https:\/\/demoweb.info\/sexshop001\/tienda\/\"},{\"@type\":\"ListItem\",\"position\":3,\"name\":\"ONDAS PARA LA URETRA CON ANILLO NEGRO\"}]},{\"@type\":\"WebSite\",\"@id\":\"https:\/\/demoweb.info\/sexshop001\/#website\",\"url\":\"https:\/\/demoweb.info\/sexshop001\/\",\"name\":\"Tienda Er\u00f3tica\",\"description\":\"DEMOWEB SL\",\"potentialAction\":[{\"@type\":\"SearchAction\",\"target\":{\"@type\":\"EntryPoint\",\"urlTemplate\":\"https:\/\/demoweb.info\/sexshop001\/?s={search_term_string}\"},\"query-input\":\"required name=search_term_string\"}],\"inLanguage\":\"es\"}]}<\/script>\n<!-- \/ Yoast SEO plugin. -->","yoast_head_json":{"title":"ONDAS PARA LA URETRA CON ANILLO NEGRO - Tienda Er\u00f3tica","robots":{"index":"noindex","follow":"follow","max-snippet":"max-snippet:-1","max-image-preview":"max-image-preview:large","max-video-preview":"max-video-preview:-1"},"og_locale":"es_ES","og_type":"article","og_title":"ONDAS PARA LA URETRA CON ANILLO NEGRO - Tienda Er\u00f3tica","og_description":"SILICONE VIBRATING BULLET PLUG WITH BEADED TIP BLACK OUCH! \u00a1Presenta una nueva l\u00ednea de juguetes para exploradores de la uretra!","og_url":"https:\/\/demoweb.info\/sexshop001\/producto\/ondas-para-la-uretra-con-anillo-negro\/","og_site_name":"Tienda Er\u00f3tica","article_modified_time":"2022-01-22T08:29:01+00:00","og_image":[{"width":550,"height":550,"url":"https:\/\/demoweb.info\/sexshop001\/wp-content\/uploads\/2022\/01\/ONDAS-PARA-LA-URETRA-CON-ANILLO-NEGRO.jpg","type":"image\/jpeg"}],"twitter_card":"summary_large_image","twitter_misc":{"Tiempo de lectura":"1 minuto"},"schema":{"@context":"https:\/\/schema.org","@graph":[{"@type":"WebPage","@id":"https:\/\/demoweb.info\/sexshop001\/producto\/ondas-para-la-uretra-con-anillo-negro\/","url":"https:\/\/demoweb.info\/sexshop001\/producto\/ondas-para-la-uretra-con-anillo-negro\/","name":"ONDAS PARA LA URETRA CON ANILLO NEGRO - Tienda Er\u00f3tica","isPartOf":{"@id":"https:\/\/demoweb.info\/sexshop001\/#website"},"datePublished":"2022-01-22T08:28:53+00:00","dateModified":"2022-01-22T08:29:01+00:00","breadcrumb":{"@id":"https:\/\/demoweb.info\/sexshop001\/producto\/ondas-para-la-uretra-con-anillo-negro\/#breadcrumb"},"inLanguage":"es","potentialAction":[{"@type":"ReadAction","target":["https:\/\/demoweb.info\/sexshop001\/producto\/ondas-para-la-uretra-con-anillo-negro\/"]}]},{"@type":"BreadcrumbList","@id":"https:\/\/demoweb.info\/sexshop001\/producto\/ondas-para-la-uretra-con-anillo-negro\/#breadcrumb","itemListElement":[{"@type":"ListItem","position":1,"name":"Portada","item":"https:\/\/demoweb.info\/sexshop001\/"},{"@type":"ListItem","position":2,"name":"Tienda","item":"https:\/\/demoweb.info\/sexshop001\/tienda\/"},{"@type":"ListItem","position":3,"name":"ONDAS PARA LA URETRA CON ANILLO NEGRO"}]},{"@type":"WebSite","@id":"https:\/\/demoweb.info\/sexshop001\/#website","url":"https:\/\/demoweb.info\/sexshop001\/","name":"Tienda Er\u00f3tica","description":"DEMOWEB SL","potentialAction":[{"@type":"SearchAction","target":{"@type":"EntryPoint","urlTemplate":"https:\/\/demoweb.info\/sexshop001\/?s={search_term_string}"},"query-input":"required name=search_term_string"}],"inLanguage":"es"}]}},"_links":{"self":[{"href":"https:\/\/demoweb.info\/sexshop001\/wp-json\/wp\/v3\/product\/7389","targetHints":{"allow":["GET"]}}],"collection":[{"href":"https:\/\/demoweb.info\/sexshop001\/wp-json\/wp\/v3\/product"}],"about":[{"href":"https:\/\/demoweb.info\/sexshop001\/wp-json\/wp\/v2\/types\/product"}],"replies":[{"embeddable":true,"href":"https:\/\/demoweb.info\/sexshop001\/wp-json\/wp\/v2\/comments?post=7389"}],"wp:featuredmedia":[{"embeddable":true,"href":"https:\/\/demoweb.info\/sexshop001\/wp-json\/wp\/v2\/media\/7390"}],"wp:attachment":[{"href":"https:\/\/demoweb.info\/sexshop001\/wp-json\/wp\/v2\/media?parent=7389"}],"wp:term":[{"taxonomy":"product_cat","embeddable":true,"href":"https:\/\/demoweb.info\/sexshop001\/wp-json\/wp\/v2\/product_cat?post=7389"},{"taxonomy":"product_tag","embeddable":true,"href":"https:\/\/demoweb.info\/sexshop001\/wp-json\/wp\/v2\/product_tag?post=7389"}],"curies":[{"name":"wp","href":"https:\/\/api.w.org\/{rel}","templated":true}]}}