{"id":73657,"date":"2022-01-22T21:14:47","date_gmt":"2022-01-22T20:14:47","guid":{"rendered":"https:\/\/demoweb.info\/sexshop001\/producto\/le-desir-body-de-cuerpo-entero-con-liguero-negro\/"},"modified":"2022-01-22T21:15:10","modified_gmt":"2022-01-22T20:15:10","slug":"le-desir-body-de-cuerpo-entero-con-liguero-negro","status":"publish","type":"product","link":"https:\/\/demoweb.info\/sexshop001\/producto\/le-desir-body-de-cuerpo-entero-con-liguero-negro\/","title":{"rendered":"LE DESIR BODY DE CUERPO ENTERO CON LIGUERO &#8211; NEGRO"},"content":{"rendered":"<p><strong>LE DESIR LACE SUSPENDER BODYSTOCKING WITH ROUND NECK<\/strong><\/p>\n<p>Body de cuerpo entero con liguero de cuello redondo y escote sensual. La l\u00ednea de la cintura crea una forma de reloj de arena. Tanto las medias superiores como las unidas tienen un dise\u00f1o de flores. Se puede usar con estilo de copa abierta. El body de malla de cuerpo entero est\u00e1 disponible en tallas de la S a la XL<br \/>\nTanga no incluido.<\/p>\n<p>Materiales: 92% nylon, 8% spandex<\/p>\n","protected":false},"excerpt":{"rendered":"<p>LE DESIR LACE SUSPENDER BODYSTOCKING WITH ROUND NECK Body de cuerpo entero con liguero de cuello redondo y escote sensual.<\/p>\n","protected":false},"featured_media":73658,"comment_status":"open","ping_status":"open","template":"","meta":[],"product_cat":[379],"product_tag":[935,302],"class_list":["post-73657","product","type-product","status-publish","has-post-thumbnail","hentry","product_cat-de-malla","product_tag-le-desir","product_tag-shots"],"bundled_by":[],"bundle_stock_status":"instock","bundle_stock_quantity":1,"bundle_virtual":false,"bundle_layout":"","bundle_add_to_cart_form_location":"","bundle_editable_in_cart":false,"bundle_sold_individually_context":"","bundle_item_grouping":"","bundle_min_size":"","bundle_max_size":"","bundled_items":[],"yoast_head":"<!-- This site is optimized with the Yoast SEO plugin v20.6 - https:\/\/yoast.com\/wordpress\/plugins\/seo\/ -->\n<title>LE DESIR BODY DE CUERPO ENTERO CON LIGUERO - NEGRO - Tienda Er\u00f3tica<\/title>\n<meta name=\"robots\" content=\"noindex, follow, max-snippet:-1, max-image-preview:large, max-video-preview:-1\" \/>\n<meta property=\"og:locale\" content=\"es_ES\" \/>\n<meta property=\"og:type\" content=\"article\" \/>\n<meta property=\"og:title\" content=\"LE DESIR BODY DE CUERPO ENTERO CON LIGUERO - NEGRO - Tienda Er\u00f3tica\" \/>\n<meta property=\"og:description\" content=\"LE DESIR LACE SUSPENDER BODYSTOCKING WITH ROUND NECK Body de cuerpo entero con liguero de cuello redondo y escote sensual.\" \/>\n<meta property=\"og:url\" content=\"https:\/\/demoweb.info\/sexshop001\/producto\/le-desir-body-de-cuerpo-entero-con-liguero-negro\/\" \/>\n<meta property=\"og:site_name\" content=\"Tienda Er\u00f3tica\" \/>\n<meta property=\"article:modified_time\" content=\"2022-01-22T20:15:10+00:00\" \/>\n<meta property=\"og:image\" content=\"https:\/\/demoweb.info\/sexshop001\/wp-content\/uploads\/2022\/01\/LE-DESIR-BODY-DE-CUERPO-ENTERO-CON-LIGUERO-NEGRO.jpg\" \/>\n\t<meta property=\"og:image:width\" content=\"550\" \/>\n\t<meta property=\"og:image:height\" content=\"550\" \/>\n\t<meta property=\"og:image:type\" content=\"image\/jpeg\" \/>\n<meta name=\"twitter:card\" content=\"summary_large_image\" \/>\n<script type=\"application\/ld+json\" class=\"yoast-schema-graph\">{\"@context\":\"https:\/\/schema.org\",\"@graph\":[{\"@type\":\"WebPage\",\"@id\":\"https:\/\/demoweb.info\/sexshop001\/producto\/le-desir-body-de-cuerpo-entero-con-liguero-negro\/\",\"url\":\"https:\/\/demoweb.info\/sexshop001\/producto\/le-desir-body-de-cuerpo-entero-con-liguero-negro\/\",\"name\":\"LE DESIR BODY DE CUERPO ENTERO CON LIGUERO - NEGRO - Tienda Er\u00f3tica\",\"isPartOf\":{\"@id\":\"https:\/\/demoweb.info\/sexshop001\/#website\"},\"datePublished\":\"2022-01-22T20:14:47+00:00\",\"dateModified\":\"2022-01-22T20:15:10+00:00\",\"breadcrumb\":{\"@id\":\"https:\/\/demoweb.info\/sexshop001\/producto\/le-desir-body-de-cuerpo-entero-con-liguero-negro\/#breadcrumb\"},\"inLanguage\":\"es\",\"potentialAction\":[{\"@type\":\"ReadAction\",\"target\":[\"https:\/\/demoweb.info\/sexshop001\/producto\/le-desir-body-de-cuerpo-entero-con-liguero-negro\/\"]}]},{\"@type\":\"BreadcrumbList\",\"@id\":\"https:\/\/demoweb.info\/sexshop001\/producto\/le-desir-body-de-cuerpo-entero-con-liguero-negro\/#breadcrumb\",\"itemListElement\":[{\"@type\":\"ListItem\",\"position\":1,\"name\":\"Portada\",\"item\":\"https:\/\/demoweb.info\/sexshop001\/\"},{\"@type\":\"ListItem\",\"position\":2,\"name\":\"Tienda\",\"item\":\"https:\/\/demoweb.info\/sexshop001\/tienda\/\"},{\"@type\":\"ListItem\",\"position\":3,\"name\":\"LE DESIR BODY DE CUERPO ENTERO CON LIGUERO &#8211; NEGRO\"}]},{\"@type\":\"WebSite\",\"@id\":\"https:\/\/demoweb.info\/sexshop001\/#website\",\"url\":\"https:\/\/demoweb.info\/sexshop001\/\",\"name\":\"Tienda Er\u00f3tica\",\"description\":\"DEMOWEB SL\",\"potentialAction\":[{\"@type\":\"SearchAction\",\"target\":{\"@type\":\"EntryPoint\",\"urlTemplate\":\"https:\/\/demoweb.info\/sexshop001\/?s={search_term_string}\"},\"query-input\":\"required name=search_term_string\"}],\"inLanguage\":\"es\"}]}<\/script>\n<!-- \/ Yoast SEO plugin. -->","yoast_head_json":{"title":"LE DESIR BODY DE CUERPO ENTERO CON LIGUERO - NEGRO - Tienda Er\u00f3tica","robots":{"index":"noindex","follow":"follow","max-snippet":"max-snippet:-1","max-image-preview":"max-image-preview:large","max-video-preview":"max-video-preview:-1"},"og_locale":"es_ES","og_type":"article","og_title":"LE DESIR BODY DE CUERPO ENTERO CON LIGUERO - NEGRO - Tienda Er\u00f3tica","og_description":"LE DESIR LACE SUSPENDER BODYSTOCKING WITH ROUND NECK Body de cuerpo entero con liguero de cuello redondo y escote sensual.","og_url":"https:\/\/demoweb.info\/sexshop001\/producto\/le-desir-body-de-cuerpo-entero-con-liguero-negro\/","og_site_name":"Tienda Er\u00f3tica","article_modified_time":"2022-01-22T20:15:10+00:00","og_image":[{"width":550,"height":550,"url":"https:\/\/demoweb.info\/sexshop001\/wp-content\/uploads\/2022\/01\/LE-DESIR-BODY-DE-CUERPO-ENTERO-CON-LIGUERO-NEGRO.jpg","type":"image\/jpeg"}],"twitter_card":"summary_large_image","schema":{"@context":"https:\/\/schema.org","@graph":[{"@type":"WebPage","@id":"https:\/\/demoweb.info\/sexshop001\/producto\/le-desir-body-de-cuerpo-entero-con-liguero-negro\/","url":"https:\/\/demoweb.info\/sexshop001\/producto\/le-desir-body-de-cuerpo-entero-con-liguero-negro\/","name":"LE DESIR BODY DE CUERPO ENTERO CON LIGUERO - NEGRO - Tienda Er\u00f3tica","isPartOf":{"@id":"https:\/\/demoweb.info\/sexshop001\/#website"},"datePublished":"2022-01-22T20:14:47+00:00","dateModified":"2022-01-22T20:15:10+00:00","breadcrumb":{"@id":"https:\/\/demoweb.info\/sexshop001\/producto\/le-desir-body-de-cuerpo-entero-con-liguero-negro\/#breadcrumb"},"inLanguage":"es","potentialAction":[{"@type":"ReadAction","target":["https:\/\/demoweb.info\/sexshop001\/producto\/le-desir-body-de-cuerpo-entero-con-liguero-negro\/"]}]},{"@type":"BreadcrumbList","@id":"https:\/\/demoweb.info\/sexshop001\/producto\/le-desir-body-de-cuerpo-entero-con-liguero-negro\/#breadcrumb","itemListElement":[{"@type":"ListItem","position":1,"name":"Portada","item":"https:\/\/demoweb.info\/sexshop001\/"},{"@type":"ListItem","position":2,"name":"Tienda","item":"https:\/\/demoweb.info\/sexshop001\/tienda\/"},{"@type":"ListItem","position":3,"name":"LE DESIR BODY DE CUERPO ENTERO CON LIGUERO &#8211; NEGRO"}]},{"@type":"WebSite","@id":"https:\/\/demoweb.info\/sexshop001\/#website","url":"https:\/\/demoweb.info\/sexshop001\/","name":"Tienda Er\u00f3tica","description":"DEMOWEB SL","potentialAction":[{"@type":"SearchAction","target":{"@type":"EntryPoint","urlTemplate":"https:\/\/demoweb.info\/sexshop001\/?s={search_term_string}"},"query-input":"required name=search_term_string"}],"inLanguage":"es"}]}},"_links":{"self":[{"href":"https:\/\/demoweb.info\/sexshop001\/wp-json\/wp\/v3\/product\/73657","targetHints":{"allow":["GET"]}}],"collection":[{"href":"https:\/\/demoweb.info\/sexshop001\/wp-json\/wp\/v3\/product"}],"about":[{"href":"https:\/\/demoweb.info\/sexshop001\/wp-json\/wp\/v2\/types\/product"}],"replies":[{"embeddable":true,"href":"https:\/\/demoweb.info\/sexshop001\/wp-json\/wp\/v2\/comments?post=73657"}],"wp:featuredmedia":[{"embeddable":true,"href":"https:\/\/demoweb.info\/sexshop001\/wp-json\/wp\/v2\/media\/73658"}],"wp:attachment":[{"href":"https:\/\/demoweb.info\/sexshop001\/wp-json\/wp\/v2\/media?parent=73657"}],"wp:term":[{"taxonomy":"product_cat","embeddable":true,"href":"https:\/\/demoweb.info\/sexshop001\/wp-json\/wp\/v2\/product_cat?post=73657"},{"taxonomy":"product_tag","embeddable":true,"href":"https:\/\/demoweb.info\/sexshop001\/wp-json\/wp\/v2\/product_tag?post=73657"}],"curies":[{"name":"wp","href":"https:\/\/api.w.org\/{rel}","templated":true}]}}