{"id":7344,"date":"2022-01-22T09:28:25","date_gmt":"2022-01-22T08:28:25","guid":{"rendered":"https:\/\/demoweb.info\/sexshop001\/producto\/dispositivo-de-castidad-modelo-15-transparente\/"},"modified":"2022-01-22T09:28:42","modified_gmt":"2022-01-22T08:28:42","slug":"dispositivo-de-castidad-modelo-15-transparente","status":"publish","type":"product","link":"https:\/\/demoweb.info\/sexshop001\/producto\/dispositivo-de-castidad-modelo-15-transparente\/","title":{"rendered":"DISPOSITIVO DE CASTIDAD MODELO 15 &#8211; TRANSPARENTE"},"content":{"rendered":"<p><strong>MODEL 15 &#8211; CHASTITY <\/strong><\/p>\n<p>\u00a1ELEVA TU JUEGO DE SEXUALIDAD EXTREMA NO CONVENCIONAL HASTA EL PR\u00d3XIMO NIVEL! CONTROLA O SE CONTROLADO, \u00a1ESE ES EL ASUNTO!<\/p>\n<p>Las Jaulas de Castidad est\u00e1n fabricadas de policarbonato de alto grado, un material muy liviano, duradero e hipoalerg\u00e9nico. La jaula consiste de tres partes que encajan perfectamente juntas. Los dos pernos de gu\u00eda conectan las partes superiores y el perno c\u00f3nico forma de \u00f3valo conecta los aros a la jaula.<\/p>\n<p>Una variedad de aros en diferentes tama\u00f1os y a distintas distancias te permiten crear el tama\u00f1o perfecto. Los aros tienen un encaje c\u00f3modo y son absolutamente seguros. La cerradura met\u00e1lica o la cerradura de envoltorio pueden cerrar la jaula f\u00e1cilmente. Las cerraduras de envoltorio o amarre aseguran que no se dispare la alarma de detectores de metal en las fiestas, festivales y hasta en aeropuertos.<\/p>\n<p>Ya que la higiene es muy importante mientras se usa la jaula, est\u00e1n equipadas con una variedad de aberturas de ventilaci\u00f3n y para orinar. La jaula hace que sea imposible tener una erecci\u00f3n pero lo ser\u00e1 despu\u00e9s de ser liberado, s\u00faper intenso, \u00a1justo como el liberador orgasmo que sigue! La Jaula de Castidad le da a quien tiene la llave el poder \u00f3ptimo sobre la gratificaci\u00f3n sexual.<\/p>\n<p>Caracter\u00edsticas:<\/p>\n<p>Dimensiones del producto: 10 x 6 x 5 cm<br \/>\nPeso del producto: 112 gr<br \/>\nDi\u00e1metro del producto: 4,2 cm<br \/>\nDi\u00e1metro interno: 3,5 cm<br \/>\nLongitud insertable: 6,5 cm<br \/>\nA prueba de agua<br \/>\nDi\u00e1metro interno del dispositivo: 3,5 cm<br \/>\nDi\u00e1metro de los anillos: 4,5, 5, 5.5, 6 cm<br \/>\nMateriales Polycarbonato<\/p><\/p>\n","protected":false},"excerpt":{"rendered":"<p>MODEL 15 &#8211; CHASTITY \u00a1ELEVA TU JUEGO DE SEXUALIDAD EXTREMA NO CONVENCIONAL HASTA EL PR\u00d3XIMO NIVEL! CONTROLA O SE CONTROLADO,<\/p>\n","protected":false},"featured_media":7345,"comment_status":"open","ping_status":"open","template":"","meta":[],"product_cat":[305],"product_tag":[306,302],"class_list":["post-7344","product","type-product","status-publish","has-post-thumbnail","hentry","product_cat-castidad","product_tag-mancage","product_tag-shots"],"bundled_by":[],"bundle_stock_status":"outofstock","bundle_stock_quantity":0,"bundle_virtual":false,"bundle_layout":"","bundle_add_to_cart_form_location":"","bundle_editable_in_cart":false,"bundle_sold_individually_context":"","bundle_item_grouping":"","bundle_min_size":"","bundle_max_size":"","bundled_items":[],"yoast_head":"<!-- This site is optimized with the Yoast SEO plugin v20.6 - https:\/\/yoast.com\/wordpress\/plugins\/seo\/ -->\n<title>DISPOSITIVO DE CASTIDAD MODELO 15 - TRANSPARENTE - Tienda Er\u00f3tica<\/title>\n<meta name=\"robots\" content=\"noindex, follow, max-snippet:-1, max-image-preview:large, max-video-preview:-1\" \/>\n<meta property=\"og:locale\" content=\"es_ES\" \/>\n<meta property=\"og:type\" content=\"article\" \/>\n<meta property=\"og:title\" content=\"DISPOSITIVO DE CASTIDAD MODELO 15 - TRANSPARENTE - Tienda Er\u00f3tica\" \/>\n<meta property=\"og:description\" content=\"MODEL 15 &#8211; CHASTITY \u00a1ELEVA TU JUEGO DE SEXUALIDAD EXTREMA NO CONVENCIONAL HASTA EL PR\u00d3XIMO NIVEL! CONTROLA O SE CONTROLADO,\" \/>\n<meta property=\"og:url\" content=\"https:\/\/demoweb.info\/sexshop001\/producto\/dispositivo-de-castidad-modelo-15-transparente\/\" \/>\n<meta property=\"og:site_name\" content=\"Tienda Er\u00f3tica\" \/>\n<meta property=\"article:modified_time\" content=\"2022-01-22T08:28:42+00:00\" \/>\n<meta property=\"og:image\" content=\"https:\/\/demoweb.info\/sexshop001\/wp-content\/uploads\/2022\/01\/DISPOSITIVO-DE-CASTIDAD-MODELO-15-TRANSPARENTE.jpg\" \/>\n\t<meta property=\"og:image:width\" content=\"550\" \/>\n\t<meta property=\"og:image:height\" content=\"550\" \/>\n\t<meta property=\"og:image:type\" content=\"image\/jpeg\" \/>\n<meta name=\"twitter:card\" content=\"summary_large_image\" \/>\n<meta name=\"twitter:label1\" content=\"Tiempo de lectura\" \/>\n\t<meta name=\"twitter:data1\" content=\"1 minuto\" \/>\n<script type=\"application\/ld+json\" class=\"yoast-schema-graph\">{\"@context\":\"https:\/\/schema.org\",\"@graph\":[{\"@type\":\"WebPage\",\"@id\":\"https:\/\/demoweb.info\/sexshop001\/producto\/dispositivo-de-castidad-modelo-15-transparente\/\",\"url\":\"https:\/\/demoweb.info\/sexshop001\/producto\/dispositivo-de-castidad-modelo-15-transparente\/\",\"name\":\"DISPOSITIVO DE CASTIDAD MODELO 15 - TRANSPARENTE - Tienda Er\u00f3tica\",\"isPartOf\":{\"@id\":\"https:\/\/demoweb.info\/sexshop001\/#website\"},\"datePublished\":\"2022-01-22T08:28:25+00:00\",\"dateModified\":\"2022-01-22T08:28:42+00:00\",\"breadcrumb\":{\"@id\":\"https:\/\/demoweb.info\/sexshop001\/producto\/dispositivo-de-castidad-modelo-15-transparente\/#breadcrumb\"},\"inLanguage\":\"es\",\"potentialAction\":[{\"@type\":\"ReadAction\",\"target\":[\"https:\/\/demoweb.info\/sexshop001\/producto\/dispositivo-de-castidad-modelo-15-transparente\/\"]}]},{\"@type\":\"BreadcrumbList\",\"@id\":\"https:\/\/demoweb.info\/sexshop001\/producto\/dispositivo-de-castidad-modelo-15-transparente\/#breadcrumb\",\"itemListElement\":[{\"@type\":\"ListItem\",\"position\":1,\"name\":\"Portada\",\"item\":\"https:\/\/demoweb.info\/sexshop001\/\"},{\"@type\":\"ListItem\",\"position\":2,\"name\":\"Tienda\",\"item\":\"https:\/\/demoweb.info\/sexshop001\/tienda\/\"},{\"@type\":\"ListItem\",\"position\":3,\"name\":\"DISPOSITIVO DE CASTIDAD MODELO 15 &#8211; TRANSPARENTE\"}]},{\"@type\":\"WebSite\",\"@id\":\"https:\/\/demoweb.info\/sexshop001\/#website\",\"url\":\"https:\/\/demoweb.info\/sexshop001\/\",\"name\":\"Tienda Er\u00f3tica\",\"description\":\"DEMOWEB SL\",\"potentialAction\":[{\"@type\":\"SearchAction\",\"target\":{\"@type\":\"EntryPoint\",\"urlTemplate\":\"https:\/\/demoweb.info\/sexshop001\/?s={search_term_string}\"},\"query-input\":\"required name=search_term_string\"}],\"inLanguage\":\"es\"}]}<\/script>\n<!-- \/ Yoast SEO plugin. -->","yoast_head_json":{"title":"DISPOSITIVO DE CASTIDAD MODELO 15 - TRANSPARENTE - Tienda Er\u00f3tica","robots":{"index":"noindex","follow":"follow","max-snippet":"max-snippet:-1","max-image-preview":"max-image-preview:large","max-video-preview":"max-video-preview:-1"},"og_locale":"es_ES","og_type":"article","og_title":"DISPOSITIVO DE CASTIDAD MODELO 15 - TRANSPARENTE - Tienda Er\u00f3tica","og_description":"MODEL 15 &#8211; CHASTITY \u00a1ELEVA TU JUEGO DE SEXUALIDAD EXTREMA NO CONVENCIONAL HASTA EL PR\u00d3XIMO NIVEL! CONTROLA O SE CONTROLADO,","og_url":"https:\/\/demoweb.info\/sexshop001\/producto\/dispositivo-de-castidad-modelo-15-transparente\/","og_site_name":"Tienda Er\u00f3tica","article_modified_time":"2022-01-22T08:28:42+00:00","og_image":[{"width":550,"height":550,"url":"https:\/\/demoweb.info\/sexshop001\/wp-content\/uploads\/2022\/01\/DISPOSITIVO-DE-CASTIDAD-MODELO-15-TRANSPARENTE.jpg","type":"image\/jpeg"}],"twitter_card":"summary_large_image","twitter_misc":{"Tiempo de lectura":"1 minuto"},"schema":{"@context":"https:\/\/schema.org","@graph":[{"@type":"WebPage","@id":"https:\/\/demoweb.info\/sexshop001\/producto\/dispositivo-de-castidad-modelo-15-transparente\/","url":"https:\/\/demoweb.info\/sexshop001\/producto\/dispositivo-de-castidad-modelo-15-transparente\/","name":"DISPOSITIVO DE CASTIDAD MODELO 15 - TRANSPARENTE - Tienda Er\u00f3tica","isPartOf":{"@id":"https:\/\/demoweb.info\/sexshop001\/#website"},"datePublished":"2022-01-22T08:28:25+00:00","dateModified":"2022-01-22T08:28:42+00:00","breadcrumb":{"@id":"https:\/\/demoweb.info\/sexshop001\/producto\/dispositivo-de-castidad-modelo-15-transparente\/#breadcrumb"},"inLanguage":"es","potentialAction":[{"@type":"ReadAction","target":["https:\/\/demoweb.info\/sexshop001\/producto\/dispositivo-de-castidad-modelo-15-transparente\/"]}]},{"@type":"BreadcrumbList","@id":"https:\/\/demoweb.info\/sexshop001\/producto\/dispositivo-de-castidad-modelo-15-transparente\/#breadcrumb","itemListElement":[{"@type":"ListItem","position":1,"name":"Portada","item":"https:\/\/demoweb.info\/sexshop001\/"},{"@type":"ListItem","position":2,"name":"Tienda","item":"https:\/\/demoweb.info\/sexshop001\/tienda\/"},{"@type":"ListItem","position":3,"name":"DISPOSITIVO DE CASTIDAD MODELO 15 &#8211; TRANSPARENTE"}]},{"@type":"WebSite","@id":"https:\/\/demoweb.info\/sexshop001\/#website","url":"https:\/\/demoweb.info\/sexshop001\/","name":"Tienda Er\u00f3tica","description":"DEMOWEB SL","potentialAction":[{"@type":"SearchAction","target":{"@type":"EntryPoint","urlTemplate":"https:\/\/demoweb.info\/sexshop001\/?s={search_term_string}"},"query-input":"required name=search_term_string"}],"inLanguage":"es"}]}},"_links":{"self":[{"href":"https:\/\/demoweb.info\/sexshop001\/wp-json\/wp\/v3\/product\/7344","targetHints":{"allow":["GET"]}}],"collection":[{"href":"https:\/\/demoweb.info\/sexshop001\/wp-json\/wp\/v3\/product"}],"about":[{"href":"https:\/\/demoweb.info\/sexshop001\/wp-json\/wp\/v2\/types\/product"}],"replies":[{"embeddable":true,"href":"https:\/\/demoweb.info\/sexshop001\/wp-json\/wp\/v2\/comments?post=7344"}],"wp:featuredmedia":[{"embeddable":true,"href":"https:\/\/demoweb.info\/sexshop001\/wp-json\/wp\/v2\/media\/7345"}],"wp:attachment":[{"href":"https:\/\/demoweb.info\/sexshop001\/wp-json\/wp\/v2\/media?parent=7344"}],"wp:term":[{"taxonomy":"product_cat","embeddable":true,"href":"https:\/\/demoweb.info\/sexshop001\/wp-json\/wp\/v2\/product_cat?post=7344"},{"taxonomy":"product_tag","embeddable":true,"href":"https:\/\/demoweb.info\/sexshop001\/wp-json\/wp\/v2\/product_tag?post=7344"}],"curies":[{"name":"wp","href":"https:\/\/api.w.org\/{rel}","templated":true}]}}