{"id":73374,"date":"2022-01-22T21:10:53","date_gmt":"2022-01-22T20:10:53","guid":{"rendered":"https:\/\/demoweb.info\/sexshop001\/producto\/pene-grande-o-pequeno-juego-de-cartas\/"},"modified":"2022-01-22T21:11:08","modified_gmt":"2022-01-22T20:11:08","slug":"pene-grande-o-pequeno-juego-de-cartas","status":"publish","type":"product","link":"https:\/\/demoweb.info\/sexshop001\/producto\/pene-grande-o-pequeno-juego-de-cartas\/","title":{"rendered":"PENE GRANDE O PEQUE\u00d1O &#8211; JUEGO DE CARTAS"},"content":{"rendered":"<p><strong>BIGGER OR SMALLER PENIS CARD GAME<\/strong><\/p>\n<p>El juego comienza cuando el crupier le da la vuelta a una carta al jugador de su derecha.<br \/>\nEste jugador debe adivinar si el pene de la siguiente carta ser\u00e1 m\u00e1s grande o m\u00e1s peque\u00f1o.<\/p>\n<p>Si el jugador se equivoca, bebe un trago o bebe durante el n\u00famero de segundos correspondiente a lo lejos que estuvo su conjetura; o simplemente agrega un elemento de verdad o atrevimiento, toma un trago o se quita una prenda.<br \/>\n\u00a1Risa garantizada!<\/p>\n","protected":false},"excerpt":{"rendered":"<p>BIGGER OR SMALLER PENIS CARD GAME El juego comienza cuando el crupier le da la vuelta a una carta al<\/p>\n","protected":false},"featured_media":73375,"comment_status":"open","ping_status":"open","template":"","meta":[],"product_cat":[384],"product_tag":[1272],"class_list":["post-73374","product","type-product","status-publish","has-post-thumbnail","hentry","product_cat-barajas","product_tag-cum-face"],"bundled_by":[],"bundle_stock_status":"instock","bundle_stock_quantity":25,"bundle_virtual":false,"bundle_layout":"","bundle_add_to_cart_form_location":"","bundle_editable_in_cart":false,"bundle_sold_individually_context":"","bundle_item_grouping":"","bundle_min_size":"","bundle_max_size":"","bundled_items":[],"yoast_head":"<!-- This site is optimized with the Yoast SEO plugin v20.6 - https:\/\/yoast.com\/wordpress\/plugins\/seo\/ -->\n<title>PENE GRANDE O PEQUE\u00d1O - JUEGO DE CARTAS - Tienda Er\u00f3tica<\/title>\n<meta name=\"robots\" content=\"noindex, follow, max-snippet:-1, max-image-preview:large, max-video-preview:-1\" \/>\n<meta property=\"og:locale\" content=\"es_ES\" \/>\n<meta property=\"og:type\" content=\"article\" \/>\n<meta property=\"og:title\" content=\"PENE GRANDE O PEQUE\u00d1O - JUEGO DE CARTAS - Tienda Er\u00f3tica\" \/>\n<meta property=\"og:description\" content=\"BIGGER OR SMALLER PENIS CARD GAME El juego comienza cuando el crupier le da la vuelta a una carta al\" \/>\n<meta property=\"og:url\" content=\"https:\/\/demoweb.info\/sexshop001\/producto\/pene-grande-o-pequeno-juego-de-cartas\/\" \/>\n<meta property=\"og:site_name\" content=\"Tienda Er\u00f3tica\" \/>\n<meta property=\"article:modified_time\" content=\"2022-01-22T20:11:08+00:00\" \/>\n<meta property=\"og:image\" content=\"https:\/\/demoweb.info\/sexshop001\/wp-content\/uploads\/2022\/01\/PENE-GRANDE-O-PEQUENO-JUEGO-DE-CARTAS.jpg\" \/>\n\t<meta property=\"og:image:width\" content=\"550\" \/>\n\t<meta property=\"og:image:height\" content=\"550\" \/>\n\t<meta property=\"og:image:type\" content=\"image\/jpeg\" \/>\n<meta name=\"twitter:card\" content=\"summary_large_image\" \/>\n<script type=\"application\/ld+json\" class=\"yoast-schema-graph\">{\"@context\":\"https:\/\/schema.org\",\"@graph\":[{\"@type\":\"WebPage\",\"@id\":\"https:\/\/demoweb.info\/sexshop001\/producto\/pene-grande-o-pequeno-juego-de-cartas\/\",\"url\":\"https:\/\/demoweb.info\/sexshop001\/producto\/pene-grande-o-pequeno-juego-de-cartas\/\",\"name\":\"PENE GRANDE O PEQUE\u00d1O - JUEGO DE CARTAS - Tienda Er\u00f3tica\",\"isPartOf\":{\"@id\":\"https:\/\/demoweb.info\/sexshop001\/#website\"},\"datePublished\":\"2022-01-22T20:10:53+00:00\",\"dateModified\":\"2022-01-22T20:11:08+00:00\",\"breadcrumb\":{\"@id\":\"https:\/\/demoweb.info\/sexshop001\/producto\/pene-grande-o-pequeno-juego-de-cartas\/#breadcrumb\"},\"inLanguage\":\"es\",\"potentialAction\":[{\"@type\":\"ReadAction\",\"target\":[\"https:\/\/demoweb.info\/sexshop001\/producto\/pene-grande-o-pequeno-juego-de-cartas\/\"]}]},{\"@type\":\"BreadcrumbList\",\"@id\":\"https:\/\/demoweb.info\/sexshop001\/producto\/pene-grande-o-pequeno-juego-de-cartas\/#breadcrumb\",\"itemListElement\":[{\"@type\":\"ListItem\",\"position\":1,\"name\":\"Portada\",\"item\":\"https:\/\/demoweb.info\/sexshop001\/\"},{\"@type\":\"ListItem\",\"position\":2,\"name\":\"Tienda\",\"item\":\"https:\/\/demoweb.info\/sexshop001\/tienda\/\"},{\"@type\":\"ListItem\",\"position\":3,\"name\":\"PENE GRANDE O PEQUE\u00d1O &#8211; JUEGO DE CARTAS\"}]},{\"@type\":\"WebSite\",\"@id\":\"https:\/\/demoweb.info\/sexshop001\/#website\",\"url\":\"https:\/\/demoweb.info\/sexshop001\/\",\"name\":\"Tienda Er\u00f3tica\",\"description\":\"DEMOWEB SL\",\"potentialAction\":[{\"@type\":\"SearchAction\",\"target\":{\"@type\":\"EntryPoint\",\"urlTemplate\":\"https:\/\/demoweb.info\/sexshop001\/?s={search_term_string}\"},\"query-input\":\"required name=search_term_string\"}],\"inLanguage\":\"es\"}]}<\/script>\n<!-- \/ Yoast SEO plugin. -->","yoast_head_json":{"title":"PENE GRANDE O PEQUE\u00d1O - JUEGO DE CARTAS - Tienda Er\u00f3tica","robots":{"index":"noindex","follow":"follow","max-snippet":"max-snippet:-1","max-image-preview":"max-image-preview:large","max-video-preview":"max-video-preview:-1"},"og_locale":"es_ES","og_type":"article","og_title":"PENE GRANDE O PEQUE\u00d1O - JUEGO DE CARTAS - Tienda Er\u00f3tica","og_description":"BIGGER OR SMALLER PENIS CARD GAME El juego comienza cuando el crupier le da la vuelta a una carta al","og_url":"https:\/\/demoweb.info\/sexshop001\/producto\/pene-grande-o-pequeno-juego-de-cartas\/","og_site_name":"Tienda Er\u00f3tica","article_modified_time":"2022-01-22T20:11:08+00:00","og_image":[{"width":550,"height":550,"url":"https:\/\/demoweb.info\/sexshop001\/wp-content\/uploads\/2022\/01\/PENE-GRANDE-O-PEQUENO-JUEGO-DE-CARTAS.jpg","type":"image\/jpeg"}],"twitter_card":"summary_large_image","schema":{"@context":"https:\/\/schema.org","@graph":[{"@type":"WebPage","@id":"https:\/\/demoweb.info\/sexshop001\/producto\/pene-grande-o-pequeno-juego-de-cartas\/","url":"https:\/\/demoweb.info\/sexshop001\/producto\/pene-grande-o-pequeno-juego-de-cartas\/","name":"PENE GRANDE O PEQUE\u00d1O - JUEGO DE CARTAS - Tienda Er\u00f3tica","isPartOf":{"@id":"https:\/\/demoweb.info\/sexshop001\/#website"},"datePublished":"2022-01-22T20:10:53+00:00","dateModified":"2022-01-22T20:11:08+00:00","breadcrumb":{"@id":"https:\/\/demoweb.info\/sexshop001\/producto\/pene-grande-o-pequeno-juego-de-cartas\/#breadcrumb"},"inLanguage":"es","potentialAction":[{"@type":"ReadAction","target":["https:\/\/demoweb.info\/sexshop001\/producto\/pene-grande-o-pequeno-juego-de-cartas\/"]}]},{"@type":"BreadcrumbList","@id":"https:\/\/demoweb.info\/sexshop001\/producto\/pene-grande-o-pequeno-juego-de-cartas\/#breadcrumb","itemListElement":[{"@type":"ListItem","position":1,"name":"Portada","item":"https:\/\/demoweb.info\/sexshop001\/"},{"@type":"ListItem","position":2,"name":"Tienda","item":"https:\/\/demoweb.info\/sexshop001\/tienda\/"},{"@type":"ListItem","position":3,"name":"PENE GRANDE O PEQUE\u00d1O &#8211; JUEGO DE CARTAS"}]},{"@type":"WebSite","@id":"https:\/\/demoweb.info\/sexshop001\/#website","url":"https:\/\/demoweb.info\/sexshop001\/","name":"Tienda Er\u00f3tica","description":"DEMOWEB SL","potentialAction":[{"@type":"SearchAction","target":{"@type":"EntryPoint","urlTemplate":"https:\/\/demoweb.info\/sexshop001\/?s={search_term_string}"},"query-input":"required name=search_term_string"}],"inLanguage":"es"}]}},"_links":{"self":[{"href":"https:\/\/demoweb.info\/sexshop001\/wp-json\/wp\/v3\/product\/73374","targetHints":{"allow":["GET"]}}],"collection":[{"href":"https:\/\/demoweb.info\/sexshop001\/wp-json\/wp\/v3\/product"}],"about":[{"href":"https:\/\/demoweb.info\/sexshop001\/wp-json\/wp\/v2\/types\/product"}],"replies":[{"embeddable":true,"href":"https:\/\/demoweb.info\/sexshop001\/wp-json\/wp\/v2\/comments?post=73374"}],"wp:featuredmedia":[{"embeddable":true,"href":"https:\/\/demoweb.info\/sexshop001\/wp-json\/wp\/v2\/media\/73375"}],"wp:attachment":[{"href":"https:\/\/demoweb.info\/sexshop001\/wp-json\/wp\/v2\/media?parent=73374"}],"wp:term":[{"taxonomy":"product_cat","embeddable":true,"href":"https:\/\/demoweb.info\/sexshop001\/wp-json\/wp\/v2\/product_cat?post=73374"},{"taxonomy":"product_tag","embeddable":true,"href":"https:\/\/demoweb.info\/sexshop001\/wp-json\/wp\/v2\/product_tag?post=73374"}],"curies":[{"name":"wp","href":"https:\/\/api.w.org\/{rel}","templated":true}]}}