{"id":7324,"date":"2022-01-22T09:28:25","date_gmt":"2022-01-22T08:28:25","guid":{"rendered":"https:\/\/demoweb.info\/sexshop001\/producto\/masajeador-punto-p-y-g-con-mando-control-remoto-negro\/"},"modified":"2022-01-25T08:29:20","modified_gmt":"2022-01-25T07:29:20","slug":"masajeador-punto-p-y-g-con-mando-control-remoto-negro","status":"publish","type":"product","link":"https:\/\/demoweb.info\/sexshop001\/producto\/masajeador-punto-p-y-g-con-mando-control-remoto-negro\/","title":{"rendered":"MASAJEADOR PUNTO P Y G CON MANDO CONTROL REMOTO NEGRO"},"content":{"rendered":"<p><strong>RIMMING P-MASSAGER <\/strong><\/p>\n<p>Este hermoso vibrador es s\u00faper silencioso con menos de 50 dB y viene con 2 puntos de estimulaci\u00f3n de electrochoque moderado. Uno est\u00e1 ubicador en la parte superior y otro en el \u00e1rea del punto G.<\/p>\n<p>\u00a1El vibrador totalmente negro a prueba de agua (IPX7) est\u00e1 elaborado de suave silicona de la mejor calidad y tiene 10 diferentes formas de velocidad de vibraci\u00f3n para que obtengas orgasmos ilimitados! (5 velocidades en modo de electro choque). \u00a1Este modelo viene con control remoto, para que puedas tener una acci\u00f3n de manos libres para ti y para tu<br \/>\ncompa\u00f1ero! El cable USB incluido carga el vibrador por entre 120 y 180 minutos y el control remoto por aproximadamente 60 minutos. \u00a1La funci\u00f3n de electrochoque s\u00f3lo se activar\u00e1 cuando las partes con reborde toquen la piel simult\u00e1neamente!<\/p>\n<p>Precauciones de USO: NO use E-Stim con un defecto card\u00edaco o marcapasos sin previa consulta m\u00e9dica. NO use E-stim durante el embarazo. NO use E-stim junto con objetos inflamables \/l\u00edquidos\n <\/p>\n<ul>\n<li>Longitud insertable    11,0 cm<\/li>\n<li>Cantidad de motores    1<\/li>\n<li>Rotaciones    11000 RPM<\/li>\n<li>Tipos de velocidad    10<\/li>\n<li>Nivel de ruido    50 dB<\/li>\n<li>Recargable    S\u00ed<\/li>\n<li>Tiempo de recarga    120 min<\/li>\n<li>Vida de la recarga de las bater\u00edas    90 min<\/li>\n<li>Libre de ftalato    S\u00ed<\/li>\n<li>Presupuesto    Speed modes shock: 5 modes<\/li>\n<li>Largo x ancho x altura<\/li>\n<li>Remote control: 6,5 x 3,5 x 2,3 cm<\/li>\n<li>Toy: 19 x 4 x 4 cm<\/li>\n<li>Di\u00e1metro del producto<\/li>\n<li>Remote control: 2,3cm<\/li>\n<li>Toy: 4<\/li>\n<li>Materiales    ABS, Silicone<\/li>\n<\/ul>\n","protected":false},"excerpt":{"rendered":"<p>RIMMING P-MASSAGER Este hermoso vibrador es s\u00faper silencioso con menos de 50 dB y viene con 2 puntos de estimulaci\u00f3n<\/p>\n","protected":false},"featured_media":7325,"comment_status":"open","ping_status":"open","template":"","meta":[],"product_cat":[301],"product_tag":[303,302],"class_list":["post-7324","product","type-product","status-publish","has-post-thumbnail","hentry","product_cat-punto-p","product_tag-electroshock","product_tag-shots"],"bundled_by":[],"bundle_stock_status":"outofstock","bundle_stock_quantity":0,"bundle_virtual":false,"bundle_layout":"","bundle_add_to_cart_form_location":"","bundle_editable_in_cart":false,"bundle_sold_individually_context":"","bundle_item_grouping":"","bundle_min_size":"","bundle_max_size":"","bundled_items":[],"yoast_head":"<!-- This site is optimized with the Yoast SEO plugin v20.6 - https:\/\/yoast.com\/wordpress\/plugins\/seo\/ -->\n<title>MASAJEADOR PUNTO P Y G CON MANDO CONTROL REMOTO NEGRO - Tienda Er\u00f3tica<\/title>\n<meta name=\"robots\" content=\"noindex, follow, max-snippet:-1, max-image-preview:large, max-video-preview:-1\" \/>\n<meta property=\"og:locale\" content=\"es_ES\" \/>\n<meta property=\"og:type\" content=\"article\" \/>\n<meta property=\"og:title\" content=\"MASAJEADOR PUNTO P Y G CON MANDO CONTROL REMOTO NEGRO - Tienda Er\u00f3tica\" \/>\n<meta property=\"og:description\" content=\"RIMMING P-MASSAGER Este hermoso vibrador es s\u00faper silencioso con menos de 50 dB y viene con 2 puntos de estimulaci\u00f3n\" \/>\n<meta property=\"og:url\" content=\"https:\/\/demoweb.info\/sexshop001\/producto\/masajeador-punto-p-y-g-con-mando-control-remoto-negro\/\" \/>\n<meta property=\"og:site_name\" content=\"Tienda Er\u00f3tica\" \/>\n<meta property=\"article:modified_time\" content=\"2022-01-25T07:29:20+00:00\" \/>\n<meta property=\"og:image\" content=\"https:\/\/demoweb.info\/sexshop001\/wp-content\/uploads\/2022\/01\/MASAJEADOR-PUNTO-P-Y-G-CON-MANDO-CONTROL-REMOTO-NEGRO.jpg\" \/>\n\t<meta property=\"og:image:width\" content=\"550\" \/>\n\t<meta property=\"og:image:height\" content=\"550\" \/>\n\t<meta property=\"og:image:type\" content=\"image\/jpeg\" \/>\n<meta name=\"twitter:card\" content=\"summary_large_image\" \/>\n<meta name=\"twitter:label1\" content=\"Tiempo de lectura\" \/>\n\t<meta name=\"twitter:data1\" content=\"1 minuto\" \/>\n<script type=\"application\/ld+json\" class=\"yoast-schema-graph\">{\"@context\":\"https:\/\/schema.org\",\"@graph\":[{\"@type\":\"WebPage\",\"@id\":\"https:\/\/demoweb.info\/sexshop001\/producto\/masajeador-punto-p-y-g-con-mando-control-remoto-negro\/\",\"url\":\"https:\/\/demoweb.info\/sexshop001\/producto\/masajeador-punto-p-y-g-con-mando-control-remoto-negro\/\",\"name\":\"MASAJEADOR PUNTO P Y G CON MANDO CONTROL REMOTO NEGRO - Tienda Er\u00f3tica\",\"isPartOf\":{\"@id\":\"https:\/\/demoweb.info\/sexshop001\/#website\"},\"datePublished\":\"2022-01-22T08:28:25+00:00\",\"dateModified\":\"2022-01-25T07:29:20+00:00\",\"breadcrumb\":{\"@id\":\"https:\/\/demoweb.info\/sexshop001\/producto\/masajeador-punto-p-y-g-con-mando-control-remoto-negro\/#breadcrumb\"},\"inLanguage\":\"es\",\"potentialAction\":[{\"@type\":\"ReadAction\",\"target\":[\"https:\/\/demoweb.info\/sexshop001\/producto\/masajeador-punto-p-y-g-con-mando-control-remoto-negro\/\"]}]},{\"@type\":\"BreadcrumbList\",\"@id\":\"https:\/\/demoweb.info\/sexshop001\/producto\/masajeador-punto-p-y-g-con-mando-control-remoto-negro\/#breadcrumb\",\"itemListElement\":[{\"@type\":\"ListItem\",\"position\":1,\"name\":\"Portada\",\"item\":\"https:\/\/demoweb.info\/sexshop001\/\"},{\"@type\":\"ListItem\",\"position\":2,\"name\":\"Tienda\",\"item\":\"https:\/\/demoweb.info\/sexshop001\/tienda\/\"},{\"@type\":\"ListItem\",\"position\":3,\"name\":\"MASAJEADOR PUNTO P Y G CON MANDO CONTROL REMOTO NEGRO\"}]},{\"@type\":\"WebSite\",\"@id\":\"https:\/\/demoweb.info\/sexshop001\/#website\",\"url\":\"https:\/\/demoweb.info\/sexshop001\/\",\"name\":\"Tienda Er\u00f3tica\",\"description\":\"DEMOWEB SL\",\"potentialAction\":[{\"@type\":\"SearchAction\",\"target\":{\"@type\":\"EntryPoint\",\"urlTemplate\":\"https:\/\/demoweb.info\/sexshop001\/?s={search_term_string}\"},\"query-input\":\"required name=search_term_string\"}],\"inLanguage\":\"es\"}]}<\/script>\n<!-- \/ Yoast SEO plugin. -->","yoast_head_json":{"title":"MASAJEADOR PUNTO P Y G CON MANDO CONTROL REMOTO NEGRO - Tienda Er\u00f3tica","robots":{"index":"noindex","follow":"follow","max-snippet":"max-snippet:-1","max-image-preview":"max-image-preview:large","max-video-preview":"max-video-preview:-1"},"og_locale":"es_ES","og_type":"article","og_title":"MASAJEADOR PUNTO P Y G CON MANDO CONTROL REMOTO NEGRO - Tienda Er\u00f3tica","og_description":"RIMMING P-MASSAGER Este hermoso vibrador es s\u00faper silencioso con menos de 50 dB y viene con 2 puntos de estimulaci\u00f3n","og_url":"https:\/\/demoweb.info\/sexshop001\/producto\/masajeador-punto-p-y-g-con-mando-control-remoto-negro\/","og_site_name":"Tienda Er\u00f3tica","article_modified_time":"2022-01-25T07:29:20+00:00","og_image":[{"width":550,"height":550,"url":"https:\/\/demoweb.info\/sexshop001\/wp-content\/uploads\/2022\/01\/MASAJEADOR-PUNTO-P-Y-G-CON-MANDO-CONTROL-REMOTO-NEGRO.jpg","type":"image\/jpeg"}],"twitter_card":"summary_large_image","twitter_misc":{"Tiempo de lectura":"1 minuto"},"schema":{"@context":"https:\/\/schema.org","@graph":[{"@type":"WebPage","@id":"https:\/\/demoweb.info\/sexshop001\/producto\/masajeador-punto-p-y-g-con-mando-control-remoto-negro\/","url":"https:\/\/demoweb.info\/sexshop001\/producto\/masajeador-punto-p-y-g-con-mando-control-remoto-negro\/","name":"MASAJEADOR PUNTO P Y G CON MANDO CONTROL REMOTO NEGRO - Tienda Er\u00f3tica","isPartOf":{"@id":"https:\/\/demoweb.info\/sexshop001\/#website"},"datePublished":"2022-01-22T08:28:25+00:00","dateModified":"2022-01-25T07:29:20+00:00","breadcrumb":{"@id":"https:\/\/demoweb.info\/sexshop001\/producto\/masajeador-punto-p-y-g-con-mando-control-remoto-negro\/#breadcrumb"},"inLanguage":"es","potentialAction":[{"@type":"ReadAction","target":["https:\/\/demoweb.info\/sexshop001\/producto\/masajeador-punto-p-y-g-con-mando-control-remoto-negro\/"]}]},{"@type":"BreadcrumbList","@id":"https:\/\/demoweb.info\/sexshop001\/producto\/masajeador-punto-p-y-g-con-mando-control-remoto-negro\/#breadcrumb","itemListElement":[{"@type":"ListItem","position":1,"name":"Portada","item":"https:\/\/demoweb.info\/sexshop001\/"},{"@type":"ListItem","position":2,"name":"Tienda","item":"https:\/\/demoweb.info\/sexshop001\/tienda\/"},{"@type":"ListItem","position":3,"name":"MASAJEADOR PUNTO P Y G CON MANDO CONTROL REMOTO NEGRO"}]},{"@type":"WebSite","@id":"https:\/\/demoweb.info\/sexshop001\/#website","url":"https:\/\/demoweb.info\/sexshop001\/","name":"Tienda Er\u00f3tica","description":"DEMOWEB SL","potentialAction":[{"@type":"SearchAction","target":{"@type":"EntryPoint","urlTemplate":"https:\/\/demoweb.info\/sexshop001\/?s={search_term_string}"},"query-input":"required name=search_term_string"}],"inLanguage":"es"}]}},"_links":{"self":[{"href":"https:\/\/demoweb.info\/sexshop001\/wp-json\/wp\/v3\/product\/7324","targetHints":{"allow":["GET"]}}],"collection":[{"href":"https:\/\/demoweb.info\/sexshop001\/wp-json\/wp\/v3\/product"}],"about":[{"href":"https:\/\/demoweb.info\/sexshop001\/wp-json\/wp\/v2\/types\/product"}],"replies":[{"embeddable":true,"href":"https:\/\/demoweb.info\/sexshop001\/wp-json\/wp\/v2\/comments?post=7324"}],"wp:featuredmedia":[{"embeddable":true,"href":"https:\/\/demoweb.info\/sexshop001\/wp-json\/wp\/v2\/media\/7325"}],"wp:attachment":[{"href":"https:\/\/demoweb.info\/sexshop001\/wp-json\/wp\/v2\/media?parent=7324"}],"wp:term":[{"taxonomy":"product_cat","embeddable":true,"href":"https:\/\/demoweb.info\/sexshop001\/wp-json\/wp\/v2\/product_cat?post=7324"},{"taxonomy":"product_tag","embeddable":true,"href":"https:\/\/demoweb.info\/sexshop001\/wp-json\/wp\/v2\/product_tag?post=7324"}],"curies":[{"name":"wp","href":"https:\/\/api.w.org\/{rel}","templated":true}]}}