{"id":73214,"date":"2022-01-22T21:08:38","date_gmt":"2022-01-22T20:08:38","guid":{"rendered":"https:\/\/demoweb.info\/sexshop001\/producto\/daisy-douche-azul\/"},"modified":"2022-01-22T21:08:58","modified_gmt":"2022-01-22T20:08:58","slug":"daisy-douche-azul","status":"publish","type":"product","link":"https:\/\/demoweb.info\/sexshop001\/producto\/daisy-douche-azul\/","title":{"rendered":"DAISY DOUCHE &#8211; AZUL"},"content":{"rendered":"<p><strong>DAISY DOUCHE<\/strong><\/p>\n<p>Este adaptador de enema est\u00e1 hecho espec\u00edficamente para esos encuentros en los que no tienes tiempo para prepararte por completo. La boquilla de pl\u00e1stico roscada de una pieza se adapta a la mayor\u00eda de las botellas de agua de tama\u00f1o est\u00e1ndar.<\/p>\n<p>Este dispositivo imprescindible est\u00e1 dise\u00f1ado para caber en su bolsillo, bolso o mochila, para una limpieza en movimiento para esos momentos inoportunos que a veces surgen. Olv\u00eddese de buscar una ducha, solo busque una botella de agua, atorn\u00edllela y estar\u00e1 listo para comenzar.<\/p>\n<p>Ideal para viajes y uso diario. Puede estar seguro de que Skwert lo ayudar\u00e1 a superar cualquier oportunidad inesperada una y otra vez.<\/p>\n<p>La boquilla est\u00e1 hecha de pl\u00e1stico liso con una rosca grande para un ajuste sin fugas. tiene una c\u00f3moda punta de contorno con un dise\u00f1o de un orificio. El Skwert tambi\u00e9n viene con una tapa de viaje \/ almacenamiento sanitario.<\/p>\n<p>Se adapta a la mayor\u00eda de las botellas de agua de tama\u00f1o est\u00e1ndar<br \/>\nIncluye almacenamiento sanitario y tapa de viaje<br \/>\nDise\u00f1o sin fugas<br \/>\nBoquilla de pl\u00e1stico de 6,35 cm<br \/>\nEste producto es seguro con todos los lubricantes, completamente hipoalerg\u00e9nico, no irritante y compatible con pieles sensibles.<\/p>\n<p>Dimensiones del producto:  3 x 0,5 x 3 cm<br \/>\nPeso del producto: 45 gram<br \/>\nLongitud insertable:  2,5 cm<\/p>\n","protected":false},"excerpt":{"rendered":"<p>DAISY DOUCHE Este adaptador de enema est\u00e1 hecho espec\u00edficamente para esos encuentros en los que no tienes tiempo para prepararte<\/p>\n","protected":false},"featured_media":73215,"comment_status":"open","ping_status":"open","template":"","meta":[],"product_cat":[785],"product_tag":[1699],"class_list":["post-73214","product","type-product","status-publish","has-post-thumbnail","hentry","product_cat-accesorios-limpieza-intima","product_tag-boneyard"],"bundled_by":[],"bundle_stock_status":"instock","bundle_stock_quantity":2,"bundle_virtual":false,"bundle_layout":"","bundle_add_to_cart_form_location":"","bundle_editable_in_cart":false,"bundle_sold_individually_context":"","bundle_item_grouping":"","bundle_min_size":"","bundle_max_size":"","bundled_items":[],"yoast_head":"<!-- This site is optimized with the Yoast SEO plugin v20.6 - https:\/\/yoast.com\/wordpress\/plugins\/seo\/ -->\n<title>DAISY DOUCHE - AZUL - Tienda Er\u00f3tica<\/title>\n<meta name=\"robots\" content=\"noindex, follow, max-snippet:-1, max-image-preview:large, max-video-preview:-1\" \/>\n<meta property=\"og:locale\" content=\"es_ES\" \/>\n<meta property=\"og:type\" content=\"article\" \/>\n<meta property=\"og:title\" content=\"DAISY DOUCHE - AZUL - Tienda Er\u00f3tica\" \/>\n<meta property=\"og:description\" content=\"DAISY DOUCHE Este adaptador de enema est\u00e1 hecho espec\u00edficamente para esos encuentros en los que no tienes tiempo para prepararte\" \/>\n<meta property=\"og:url\" content=\"https:\/\/demoweb.info\/sexshop001\/producto\/daisy-douche-azul\/\" \/>\n<meta property=\"og:site_name\" content=\"Tienda Er\u00f3tica\" \/>\n<meta property=\"article:modified_time\" content=\"2022-01-22T20:08:58+00:00\" \/>\n<meta property=\"og:image\" content=\"https:\/\/demoweb.info\/sexshop001\/wp-content\/uploads\/2022\/01\/DAISY-DOUCHE-AZUL.jpg\" \/>\n\t<meta property=\"og:image:width\" content=\"550\" \/>\n\t<meta property=\"og:image:height\" content=\"550\" \/>\n\t<meta property=\"og:image:type\" content=\"image\/jpeg\" \/>\n<meta name=\"twitter:card\" content=\"summary_large_image\" \/>\n<meta name=\"twitter:label1\" content=\"Tiempo de lectura\" \/>\n\t<meta name=\"twitter:data1\" content=\"1 minuto\" \/>\n<script type=\"application\/ld+json\" class=\"yoast-schema-graph\">{\"@context\":\"https:\/\/schema.org\",\"@graph\":[{\"@type\":\"WebPage\",\"@id\":\"https:\/\/demoweb.info\/sexshop001\/producto\/daisy-douche-azul\/\",\"url\":\"https:\/\/demoweb.info\/sexshop001\/producto\/daisy-douche-azul\/\",\"name\":\"DAISY DOUCHE - AZUL - Tienda Er\u00f3tica\",\"isPartOf\":{\"@id\":\"https:\/\/demoweb.info\/sexshop001\/#website\"},\"datePublished\":\"2022-01-22T20:08:38+00:00\",\"dateModified\":\"2022-01-22T20:08:58+00:00\",\"breadcrumb\":{\"@id\":\"https:\/\/demoweb.info\/sexshop001\/producto\/daisy-douche-azul\/#breadcrumb\"},\"inLanguage\":\"es\",\"potentialAction\":[{\"@type\":\"ReadAction\",\"target\":[\"https:\/\/demoweb.info\/sexshop001\/producto\/daisy-douche-azul\/\"]}]},{\"@type\":\"BreadcrumbList\",\"@id\":\"https:\/\/demoweb.info\/sexshop001\/producto\/daisy-douche-azul\/#breadcrumb\",\"itemListElement\":[{\"@type\":\"ListItem\",\"position\":1,\"name\":\"Portada\",\"item\":\"https:\/\/demoweb.info\/sexshop001\/\"},{\"@type\":\"ListItem\",\"position\":2,\"name\":\"Tienda\",\"item\":\"https:\/\/demoweb.info\/sexshop001\/tienda\/\"},{\"@type\":\"ListItem\",\"position\":3,\"name\":\"DAISY DOUCHE &#8211; AZUL\"}]},{\"@type\":\"WebSite\",\"@id\":\"https:\/\/demoweb.info\/sexshop001\/#website\",\"url\":\"https:\/\/demoweb.info\/sexshop001\/\",\"name\":\"Tienda Er\u00f3tica\",\"description\":\"DEMOWEB SL\",\"potentialAction\":[{\"@type\":\"SearchAction\",\"target\":{\"@type\":\"EntryPoint\",\"urlTemplate\":\"https:\/\/demoweb.info\/sexshop001\/?s={search_term_string}\"},\"query-input\":\"required name=search_term_string\"}],\"inLanguage\":\"es\"}]}<\/script>\n<!-- \/ Yoast SEO plugin. -->","yoast_head_json":{"title":"DAISY DOUCHE - AZUL - Tienda Er\u00f3tica","robots":{"index":"noindex","follow":"follow","max-snippet":"max-snippet:-1","max-image-preview":"max-image-preview:large","max-video-preview":"max-video-preview:-1"},"og_locale":"es_ES","og_type":"article","og_title":"DAISY DOUCHE - AZUL - Tienda Er\u00f3tica","og_description":"DAISY DOUCHE Este adaptador de enema est\u00e1 hecho espec\u00edficamente para esos encuentros en los que no tienes tiempo para prepararte","og_url":"https:\/\/demoweb.info\/sexshop001\/producto\/daisy-douche-azul\/","og_site_name":"Tienda Er\u00f3tica","article_modified_time":"2022-01-22T20:08:58+00:00","og_image":[{"width":550,"height":550,"url":"https:\/\/demoweb.info\/sexshop001\/wp-content\/uploads\/2022\/01\/DAISY-DOUCHE-AZUL.jpg","type":"image\/jpeg"}],"twitter_card":"summary_large_image","twitter_misc":{"Tiempo de lectura":"1 minuto"},"schema":{"@context":"https:\/\/schema.org","@graph":[{"@type":"WebPage","@id":"https:\/\/demoweb.info\/sexshop001\/producto\/daisy-douche-azul\/","url":"https:\/\/demoweb.info\/sexshop001\/producto\/daisy-douche-azul\/","name":"DAISY DOUCHE - AZUL - Tienda Er\u00f3tica","isPartOf":{"@id":"https:\/\/demoweb.info\/sexshop001\/#website"},"datePublished":"2022-01-22T20:08:38+00:00","dateModified":"2022-01-22T20:08:58+00:00","breadcrumb":{"@id":"https:\/\/demoweb.info\/sexshop001\/producto\/daisy-douche-azul\/#breadcrumb"},"inLanguage":"es","potentialAction":[{"@type":"ReadAction","target":["https:\/\/demoweb.info\/sexshop001\/producto\/daisy-douche-azul\/"]}]},{"@type":"BreadcrumbList","@id":"https:\/\/demoweb.info\/sexshop001\/producto\/daisy-douche-azul\/#breadcrumb","itemListElement":[{"@type":"ListItem","position":1,"name":"Portada","item":"https:\/\/demoweb.info\/sexshop001\/"},{"@type":"ListItem","position":2,"name":"Tienda","item":"https:\/\/demoweb.info\/sexshop001\/tienda\/"},{"@type":"ListItem","position":3,"name":"DAISY DOUCHE &#8211; AZUL"}]},{"@type":"WebSite","@id":"https:\/\/demoweb.info\/sexshop001\/#website","url":"https:\/\/demoweb.info\/sexshop001\/","name":"Tienda Er\u00f3tica","description":"DEMOWEB SL","potentialAction":[{"@type":"SearchAction","target":{"@type":"EntryPoint","urlTemplate":"https:\/\/demoweb.info\/sexshop001\/?s={search_term_string}"},"query-input":"required name=search_term_string"}],"inLanguage":"es"}]}},"_links":{"self":[{"href":"https:\/\/demoweb.info\/sexshop001\/wp-json\/wp\/v3\/product\/73214","targetHints":{"allow":["GET"]}}],"collection":[{"href":"https:\/\/demoweb.info\/sexshop001\/wp-json\/wp\/v3\/product"}],"about":[{"href":"https:\/\/demoweb.info\/sexshop001\/wp-json\/wp\/v2\/types\/product"}],"replies":[{"embeddable":true,"href":"https:\/\/demoweb.info\/sexshop001\/wp-json\/wp\/v2\/comments?post=73214"}],"wp:featuredmedia":[{"embeddable":true,"href":"https:\/\/demoweb.info\/sexshop001\/wp-json\/wp\/v2\/media\/73215"}],"wp:attachment":[{"href":"https:\/\/demoweb.info\/sexshop001\/wp-json\/wp\/v2\/media?parent=73214"}],"wp:term":[{"taxonomy":"product_cat","embeddable":true,"href":"https:\/\/demoweb.info\/sexshop001\/wp-json\/wp\/v2\/product_cat?post=73214"},{"taxonomy":"product_tag","embeddable":true,"href":"https:\/\/demoweb.info\/sexshop001\/wp-json\/wp\/v2\/product_tag?post=73214"}],"curies":[{"name":"wp","href":"https:\/\/api.w.org\/{rel}","templated":true}]}}