{"id":73197,"date":"2022-01-22T21:08:38","date_gmt":"2022-01-22T20:08:38","guid":{"rendered":"https:\/\/demoweb.info\/sexshop001\/producto\/boneyard-skwert-kit-enema-5-pcs-transparente-negro\/"},"modified":"2022-01-22T21:08:45","modified_gmt":"2022-01-22T20:08:45","slug":"boneyard-skwert-kit-enema-5-pcs-transparente-negro","status":"publish","type":"product","link":"https:\/\/demoweb.info\/sexshop001\/producto\/boneyard-skwert-kit-enema-5-pcs-transparente-negro\/","title":{"rendered":"BONEYARD SKWERT KIT ENEMA 5 PCS &#8211; TRANSPARENTE \/ NEGRO"},"content":{"rendered":"<p><strong>BONEYARD SKWERT 5 PIECE ENEMA KIT<\/strong><\/p>\n<p>Este kit para una limpieza en cualquier momento y en cualquier lugar est\u00e1 hecha espec\u00edficamente para esos encuentros en los que no tienes tiempo para prepararte por completo.<\/p>\n<p>La boquilla de silicona viene con 2 adaptadores roscados que se adaptan a la mayor\u00eda de las botellas de agua. Esta herramienta imprescindible de hombre a hombre est\u00e1 dise\u00f1ada para caber en su bolsillo trasero para una limpieza sobre la marcha para esos momentos inoportunos que no puede dejar pasar. Olv\u00eddese de encontrar una manguera de ducha, solo busque una botella de agua, atorn\u00edllela y estar\u00e1 listo para comenzar.<\/p>\n<p>El poderoso e ic\u00f3nico dise\u00f1o de la marca Boneyard tiene una elegante boquilla de silicona de 5 orificios y cuenta con 2 adaptadores roscados diferentes que se adaptan a la mayor\u00eda de las botellas de agua. El kit tambi\u00e9n viene con un adaptador de manguera para que pueda usar la boquilla en su manguera de ducha favorita. Ideal para viajes y uso diario. Puede estar seguro de que el Skwert lo ayudar\u00e1 a superar el castigo de sus sesiones de juego m\u00e1s largas una y otra vez.<\/p>\n<p>La boquilla es 100% de silicona suave al tacto. Los adaptadores son de construcci\u00f3n s\u00f3lida de ABS con una rosca peque\u00f1a y una rosca grande para un ajuste sin fugas. El kit tambi\u00e9n viene con un adaptador de manguera de ducha de rosca est\u00e1ndar y un tap\u00f3n de almacenamiento sanitario.<\/p>\n<p>Tapa de almacenamiento sanitario<br \/>\nBoquilla de silicona suave 100% suave al tacto de 10 cm<br \/>\nAccesorio para botella de agua peque\u00f1a<br \/>\nAccesorio de botella de agua grande<br \/>\nAccesorio de manguera de ducha<\/p>\n<p>Este producto es seguro con todos los lubricantes, completamente hipoalerg\u00e9nico, no irritante y compatible con pieles sensibles.<\/p>\n<p>Instrucciones de cuidado:<br \/>\nL\u00e1vese bien con un jab\u00f3n suave y agua tibia o un limpiador de juguetes. Seque con palmaditas y deje que el producto se seque completamente al aire. Almacenar por separado.<\/p>\n<p>Dimensiones del producto:   4 x 0,7 x 0,7 cm<br \/>\nPeso del producto:  80 gram<br \/>\nLongitud insertable: 4 cm<\/p>\n","protected":false},"excerpt":{"rendered":"<p>BONEYARD SKWERT 5 PIECE ENEMA KIT Este kit para una limpieza en cualquier momento y en cualquier lugar est\u00e1 hecha<\/p>\n","protected":false},"featured_media":73198,"comment_status":"open","ping_status":"open","template":"","meta":[],"product_cat":[558],"product_tag":[1699],"class_list":["post-73197","product","type-product","status-publish","has-post-thumbnail","hentry","product_cat-enemas","product_tag-boneyard"],"bundled_by":[],"bundle_stock_status":"outofstock","bundle_stock_quantity":0,"bundle_virtual":false,"bundle_layout":"","bundle_add_to_cart_form_location":"","bundle_editable_in_cart":false,"bundle_sold_individually_context":"","bundle_item_grouping":"","bundle_min_size":"","bundle_max_size":"","bundled_items":[],"yoast_head":"<!-- This site is optimized with the Yoast SEO plugin v20.6 - https:\/\/yoast.com\/wordpress\/plugins\/seo\/ -->\n<title>BONEYARD SKWERT KIT ENEMA 5 PCS - TRANSPARENTE \/ NEGRO - Tienda Er\u00f3tica<\/title>\n<meta name=\"robots\" content=\"noindex, follow, max-snippet:-1, max-image-preview:large, max-video-preview:-1\" \/>\n<meta property=\"og:locale\" content=\"es_ES\" \/>\n<meta property=\"og:type\" content=\"article\" \/>\n<meta property=\"og:title\" content=\"BONEYARD SKWERT KIT ENEMA 5 PCS - TRANSPARENTE \/ NEGRO - Tienda Er\u00f3tica\" \/>\n<meta property=\"og:description\" content=\"BONEYARD SKWERT 5 PIECE ENEMA KIT Este kit para una limpieza en cualquier momento y en cualquier lugar est\u00e1 hecha\" \/>\n<meta property=\"og:url\" content=\"https:\/\/demoweb.info\/sexshop001\/producto\/boneyard-skwert-kit-enema-5-pcs-transparente-negro\/\" \/>\n<meta property=\"og:site_name\" content=\"Tienda Er\u00f3tica\" \/>\n<meta property=\"article:modified_time\" content=\"2022-01-22T20:08:45+00:00\" \/>\n<meta property=\"og:image\" content=\"https:\/\/demoweb.info\/sexshop001\/wp-content\/uploads\/2022\/01\/BONEYARD-SKWERT-KIT-ENEMA-5-PCS-TRANSPARENTE-NEGRO.jpg\" \/>\n\t<meta property=\"og:image:width\" content=\"550\" \/>\n\t<meta property=\"og:image:height\" content=\"550\" \/>\n\t<meta property=\"og:image:type\" content=\"image\/jpeg\" \/>\n<meta name=\"twitter:card\" content=\"summary_large_image\" \/>\n<meta name=\"twitter:label1\" content=\"Tiempo de lectura\" \/>\n\t<meta name=\"twitter:data1\" content=\"2 minutos\" \/>\n<script type=\"application\/ld+json\" class=\"yoast-schema-graph\">{\"@context\":\"https:\/\/schema.org\",\"@graph\":[{\"@type\":\"WebPage\",\"@id\":\"https:\/\/demoweb.info\/sexshop001\/producto\/boneyard-skwert-kit-enema-5-pcs-transparente-negro\/\",\"url\":\"https:\/\/demoweb.info\/sexshop001\/producto\/boneyard-skwert-kit-enema-5-pcs-transparente-negro\/\",\"name\":\"BONEYARD SKWERT KIT ENEMA 5 PCS - TRANSPARENTE \/ NEGRO - Tienda Er\u00f3tica\",\"isPartOf\":{\"@id\":\"https:\/\/demoweb.info\/sexshop001\/#website\"},\"datePublished\":\"2022-01-22T20:08:38+00:00\",\"dateModified\":\"2022-01-22T20:08:45+00:00\",\"breadcrumb\":{\"@id\":\"https:\/\/demoweb.info\/sexshop001\/producto\/boneyard-skwert-kit-enema-5-pcs-transparente-negro\/#breadcrumb\"},\"inLanguage\":\"es\",\"potentialAction\":[{\"@type\":\"ReadAction\",\"target\":[\"https:\/\/demoweb.info\/sexshop001\/producto\/boneyard-skwert-kit-enema-5-pcs-transparente-negro\/\"]}]},{\"@type\":\"BreadcrumbList\",\"@id\":\"https:\/\/demoweb.info\/sexshop001\/producto\/boneyard-skwert-kit-enema-5-pcs-transparente-negro\/#breadcrumb\",\"itemListElement\":[{\"@type\":\"ListItem\",\"position\":1,\"name\":\"Portada\",\"item\":\"https:\/\/demoweb.info\/sexshop001\/\"},{\"@type\":\"ListItem\",\"position\":2,\"name\":\"Tienda\",\"item\":\"https:\/\/demoweb.info\/sexshop001\/tienda\/\"},{\"@type\":\"ListItem\",\"position\":3,\"name\":\"BONEYARD SKWERT KIT ENEMA 5 PCS &#8211; TRANSPARENTE \/ NEGRO\"}]},{\"@type\":\"WebSite\",\"@id\":\"https:\/\/demoweb.info\/sexshop001\/#website\",\"url\":\"https:\/\/demoweb.info\/sexshop001\/\",\"name\":\"Tienda Er\u00f3tica\",\"description\":\"DEMOWEB SL\",\"potentialAction\":[{\"@type\":\"SearchAction\",\"target\":{\"@type\":\"EntryPoint\",\"urlTemplate\":\"https:\/\/demoweb.info\/sexshop001\/?s={search_term_string}\"},\"query-input\":\"required name=search_term_string\"}],\"inLanguage\":\"es\"}]}<\/script>\n<!-- \/ Yoast SEO plugin. -->","yoast_head_json":{"title":"BONEYARD SKWERT KIT ENEMA 5 PCS - TRANSPARENTE \/ NEGRO - Tienda Er\u00f3tica","robots":{"index":"noindex","follow":"follow","max-snippet":"max-snippet:-1","max-image-preview":"max-image-preview:large","max-video-preview":"max-video-preview:-1"},"og_locale":"es_ES","og_type":"article","og_title":"BONEYARD SKWERT KIT ENEMA 5 PCS - TRANSPARENTE \/ NEGRO - Tienda Er\u00f3tica","og_description":"BONEYARD SKWERT 5 PIECE ENEMA KIT Este kit para una limpieza en cualquier momento y en cualquier lugar est\u00e1 hecha","og_url":"https:\/\/demoweb.info\/sexshop001\/producto\/boneyard-skwert-kit-enema-5-pcs-transparente-negro\/","og_site_name":"Tienda Er\u00f3tica","article_modified_time":"2022-01-22T20:08:45+00:00","og_image":[{"width":550,"height":550,"url":"https:\/\/demoweb.info\/sexshop001\/wp-content\/uploads\/2022\/01\/BONEYARD-SKWERT-KIT-ENEMA-5-PCS-TRANSPARENTE-NEGRO.jpg","type":"image\/jpeg"}],"twitter_card":"summary_large_image","twitter_misc":{"Tiempo de lectura":"2 minutos"},"schema":{"@context":"https:\/\/schema.org","@graph":[{"@type":"WebPage","@id":"https:\/\/demoweb.info\/sexshop001\/producto\/boneyard-skwert-kit-enema-5-pcs-transparente-negro\/","url":"https:\/\/demoweb.info\/sexshop001\/producto\/boneyard-skwert-kit-enema-5-pcs-transparente-negro\/","name":"BONEYARD SKWERT KIT ENEMA 5 PCS - TRANSPARENTE \/ NEGRO - Tienda Er\u00f3tica","isPartOf":{"@id":"https:\/\/demoweb.info\/sexshop001\/#website"},"datePublished":"2022-01-22T20:08:38+00:00","dateModified":"2022-01-22T20:08:45+00:00","breadcrumb":{"@id":"https:\/\/demoweb.info\/sexshop001\/producto\/boneyard-skwert-kit-enema-5-pcs-transparente-negro\/#breadcrumb"},"inLanguage":"es","potentialAction":[{"@type":"ReadAction","target":["https:\/\/demoweb.info\/sexshop001\/producto\/boneyard-skwert-kit-enema-5-pcs-transparente-negro\/"]}]},{"@type":"BreadcrumbList","@id":"https:\/\/demoweb.info\/sexshop001\/producto\/boneyard-skwert-kit-enema-5-pcs-transparente-negro\/#breadcrumb","itemListElement":[{"@type":"ListItem","position":1,"name":"Portada","item":"https:\/\/demoweb.info\/sexshop001\/"},{"@type":"ListItem","position":2,"name":"Tienda","item":"https:\/\/demoweb.info\/sexshop001\/tienda\/"},{"@type":"ListItem","position":3,"name":"BONEYARD SKWERT KIT ENEMA 5 PCS &#8211; TRANSPARENTE \/ NEGRO"}]},{"@type":"WebSite","@id":"https:\/\/demoweb.info\/sexshop001\/#website","url":"https:\/\/demoweb.info\/sexshop001\/","name":"Tienda Er\u00f3tica","description":"DEMOWEB SL","potentialAction":[{"@type":"SearchAction","target":{"@type":"EntryPoint","urlTemplate":"https:\/\/demoweb.info\/sexshop001\/?s={search_term_string}"},"query-input":"required name=search_term_string"}],"inLanguage":"es"}]}},"_links":{"self":[{"href":"https:\/\/demoweb.info\/sexshop001\/wp-json\/wp\/v3\/product\/73197","targetHints":{"allow":["GET"]}}],"collection":[{"href":"https:\/\/demoweb.info\/sexshop001\/wp-json\/wp\/v3\/product"}],"about":[{"href":"https:\/\/demoweb.info\/sexshop001\/wp-json\/wp\/v2\/types\/product"}],"replies":[{"embeddable":true,"href":"https:\/\/demoweb.info\/sexshop001\/wp-json\/wp\/v2\/comments?post=73197"}],"wp:featuredmedia":[{"embeddable":true,"href":"https:\/\/demoweb.info\/sexshop001\/wp-json\/wp\/v2\/media\/73198"}],"wp:attachment":[{"href":"https:\/\/demoweb.info\/sexshop001\/wp-json\/wp\/v2\/media?parent=73197"}],"wp:term":[{"taxonomy":"product_cat","embeddable":true,"href":"https:\/\/demoweb.info\/sexshop001\/wp-json\/wp\/v2\/product_cat?post=73197"},{"taxonomy":"product_tag","embeddable":true,"href":"https:\/\/demoweb.info\/sexshop001\/wp-json\/wp\/v2\/product_tag?post=73197"}],"curies":[{"name":"wp","href":"https:\/\/api.w.org\/{rel}","templated":true}]}}