{"id":73189,"date":"2022-01-22T21:08:38","date_gmt":"2022-01-22T20:08:38","guid":{"rendered":"https:\/\/demoweb.info\/sexshop001\/producto\/bust-a-nut-cock-ring-amarillo\/"},"modified":"2022-01-22T21:08:39","modified_gmt":"2022-01-22T20:08:39","slug":"bust-a-nut-cock-ring-amarillo","status":"publish","type":"product","link":"https:\/\/demoweb.info\/sexshop001\/producto\/bust-a-nut-cock-ring-amarillo\/","title":{"rendered":"BUST A NUT COCK RING &#8211; AMARILLO"},"content":{"rendered":"<p><strong>BUST A NUT COCK RING <\/strong><\/p>\n<p>El anillo de pene \/ test\u00edculos Boneyard Bust a Nut es todo lo que un hombre necesita para horas de pura diversi\u00f3n sin adulterar. El anillo est\u00e1 dise\u00f1ado con materiales y producci\u00f3n superiores, lo que aumenta tanto la comodidad como la vida \u00fatil.<\/p>\n<p>El poderoso e ic\u00f3nico dise\u00f1o grabado con la marca Boneyard tiene un acabado de silicona elegante y suave al tacto y presenta un estiramiento superior y duradero. El Bust a Nut se puede usar como un anillo de pene tradicional o un ensanchador de test\u00edculos y se puede usar para dar ese tir\u00f3n perfecto y una palmada en el culo mientras golpea.<\/p>\n<p>Los anillos brindan comodidad durante todo el d\u00eda al usarlos debajo de los jeans o el traje de ba\u00f1o para mostrar ese bulto de hombre perfecto. Tambi\u00e9n resistir\u00e1n el castigo de tus sesiones de juego m\u00e1s largas una y otra vez. El anillo Bust a Nut viene en negro, azul, rojo y amarillo.<\/p>\n<ul>\n<li>Di\u00e1metro externo 50 mm<\/li>\n<li>Di\u00e1metro interno 27 mm<\/li>\n<li>Circunferencia gruesa para una erecci\u00f3n potente<\/li>\n<li>Ajuste c\u00f3modo sin enrollar<\/li>\n<li>Durabilidad extrema<\/li>\n<li>Silicona 100% suave al tacto<\/li>\n<li>2 X estiramiento<\/li>\n<li>Este producto es seguro con todos los lubricantes, completamente hipoalerg\u00e9nico, no irritante y compatible con pieles sensibles.<\/li>\n<li>Dimensiones del producto: 1,8 x 0,5 x 0,5 cm<br \/>\n\tPeso del producto: 85 gram<\/li>\n<\/ul>\n","protected":false},"excerpt":{"rendered":"<p>BUST A NUT COCK RING El anillo de pene \/ test\u00edculos Boneyard Bust a Nut es todo lo que un<\/p>\n","protected":false},"featured_media":73190,"comment_status":"open","ping_status":"open","template":"","meta":[],"product_cat":[323],"product_tag":[1699],"class_list":["post-73189","product","type-product","status-publish","has-post-thumbnail","hentry","product_cat-silicona-anillos","product_tag-boneyard"],"bundled_by":[],"bundle_stock_status":"instock","bundle_stock_quantity":1,"bundle_virtual":false,"bundle_layout":"","bundle_add_to_cart_form_location":"","bundle_editable_in_cart":false,"bundle_sold_individually_context":"","bundle_item_grouping":"","bundle_min_size":"","bundle_max_size":"","bundled_items":[],"yoast_head":"<!-- This site is optimized with the Yoast SEO plugin v20.6 - https:\/\/yoast.com\/wordpress\/plugins\/seo\/ -->\n<title>BUST A NUT COCK RING - AMARILLO - Tienda Er\u00f3tica<\/title>\n<meta name=\"robots\" content=\"noindex, follow, max-snippet:-1, max-image-preview:large, max-video-preview:-1\" \/>\n<meta property=\"og:locale\" content=\"es_ES\" \/>\n<meta property=\"og:type\" content=\"article\" \/>\n<meta property=\"og:title\" content=\"BUST A NUT COCK RING - AMARILLO - Tienda Er\u00f3tica\" \/>\n<meta property=\"og:description\" content=\"BUST A NUT COCK RING El anillo de pene \/ test\u00edculos Boneyard Bust a Nut es todo lo que un\" \/>\n<meta property=\"og:url\" content=\"https:\/\/demoweb.info\/sexshop001\/producto\/bust-a-nut-cock-ring-amarillo\/\" \/>\n<meta property=\"og:site_name\" content=\"Tienda Er\u00f3tica\" \/>\n<meta property=\"article:modified_time\" content=\"2022-01-22T20:08:39+00:00\" \/>\n<meta property=\"og:image\" content=\"https:\/\/demoweb.info\/sexshop001\/wp-content\/uploads\/2022\/01\/BUST-A-NUT-COCK-RING-AMARILLO.jpg\" \/>\n\t<meta property=\"og:image:width\" content=\"550\" \/>\n\t<meta property=\"og:image:height\" content=\"550\" \/>\n\t<meta property=\"og:image:type\" content=\"image\/jpeg\" \/>\n<meta name=\"twitter:card\" content=\"summary_large_image\" \/>\n<meta name=\"twitter:label1\" content=\"Tiempo de lectura\" \/>\n\t<meta name=\"twitter:data1\" content=\"1 minuto\" \/>\n<script type=\"application\/ld+json\" class=\"yoast-schema-graph\">{\"@context\":\"https:\/\/schema.org\",\"@graph\":[{\"@type\":\"WebPage\",\"@id\":\"https:\/\/demoweb.info\/sexshop001\/producto\/bust-a-nut-cock-ring-amarillo\/\",\"url\":\"https:\/\/demoweb.info\/sexshop001\/producto\/bust-a-nut-cock-ring-amarillo\/\",\"name\":\"BUST A NUT COCK RING - AMARILLO - Tienda Er\u00f3tica\",\"isPartOf\":{\"@id\":\"https:\/\/demoweb.info\/sexshop001\/#website\"},\"datePublished\":\"2022-01-22T20:08:38+00:00\",\"dateModified\":\"2022-01-22T20:08:39+00:00\",\"breadcrumb\":{\"@id\":\"https:\/\/demoweb.info\/sexshop001\/producto\/bust-a-nut-cock-ring-amarillo\/#breadcrumb\"},\"inLanguage\":\"es\",\"potentialAction\":[{\"@type\":\"ReadAction\",\"target\":[\"https:\/\/demoweb.info\/sexshop001\/producto\/bust-a-nut-cock-ring-amarillo\/\"]}]},{\"@type\":\"BreadcrumbList\",\"@id\":\"https:\/\/demoweb.info\/sexshop001\/producto\/bust-a-nut-cock-ring-amarillo\/#breadcrumb\",\"itemListElement\":[{\"@type\":\"ListItem\",\"position\":1,\"name\":\"Portada\",\"item\":\"https:\/\/demoweb.info\/sexshop001\/\"},{\"@type\":\"ListItem\",\"position\":2,\"name\":\"Tienda\",\"item\":\"https:\/\/demoweb.info\/sexshop001\/tienda\/\"},{\"@type\":\"ListItem\",\"position\":3,\"name\":\"BUST A NUT COCK RING &#8211; AMARILLO\"}]},{\"@type\":\"WebSite\",\"@id\":\"https:\/\/demoweb.info\/sexshop001\/#website\",\"url\":\"https:\/\/demoweb.info\/sexshop001\/\",\"name\":\"Tienda Er\u00f3tica\",\"description\":\"DEMOWEB SL\",\"potentialAction\":[{\"@type\":\"SearchAction\",\"target\":{\"@type\":\"EntryPoint\",\"urlTemplate\":\"https:\/\/demoweb.info\/sexshop001\/?s={search_term_string}\"},\"query-input\":\"required name=search_term_string\"}],\"inLanguage\":\"es\"}]}<\/script>\n<!-- \/ Yoast SEO plugin. -->","yoast_head_json":{"title":"BUST A NUT COCK RING - AMARILLO - Tienda Er\u00f3tica","robots":{"index":"noindex","follow":"follow","max-snippet":"max-snippet:-1","max-image-preview":"max-image-preview:large","max-video-preview":"max-video-preview:-1"},"og_locale":"es_ES","og_type":"article","og_title":"BUST A NUT COCK RING - AMARILLO - Tienda Er\u00f3tica","og_description":"BUST A NUT COCK RING El anillo de pene \/ test\u00edculos Boneyard Bust a Nut es todo lo que un","og_url":"https:\/\/demoweb.info\/sexshop001\/producto\/bust-a-nut-cock-ring-amarillo\/","og_site_name":"Tienda Er\u00f3tica","article_modified_time":"2022-01-22T20:08:39+00:00","og_image":[{"width":550,"height":550,"url":"https:\/\/demoweb.info\/sexshop001\/wp-content\/uploads\/2022\/01\/BUST-A-NUT-COCK-RING-AMARILLO.jpg","type":"image\/jpeg"}],"twitter_card":"summary_large_image","twitter_misc":{"Tiempo de lectura":"1 minuto"},"schema":{"@context":"https:\/\/schema.org","@graph":[{"@type":"WebPage","@id":"https:\/\/demoweb.info\/sexshop001\/producto\/bust-a-nut-cock-ring-amarillo\/","url":"https:\/\/demoweb.info\/sexshop001\/producto\/bust-a-nut-cock-ring-amarillo\/","name":"BUST A NUT COCK RING - AMARILLO - Tienda Er\u00f3tica","isPartOf":{"@id":"https:\/\/demoweb.info\/sexshop001\/#website"},"datePublished":"2022-01-22T20:08:38+00:00","dateModified":"2022-01-22T20:08:39+00:00","breadcrumb":{"@id":"https:\/\/demoweb.info\/sexshop001\/producto\/bust-a-nut-cock-ring-amarillo\/#breadcrumb"},"inLanguage":"es","potentialAction":[{"@type":"ReadAction","target":["https:\/\/demoweb.info\/sexshop001\/producto\/bust-a-nut-cock-ring-amarillo\/"]}]},{"@type":"BreadcrumbList","@id":"https:\/\/demoweb.info\/sexshop001\/producto\/bust-a-nut-cock-ring-amarillo\/#breadcrumb","itemListElement":[{"@type":"ListItem","position":1,"name":"Portada","item":"https:\/\/demoweb.info\/sexshop001\/"},{"@type":"ListItem","position":2,"name":"Tienda","item":"https:\/\/demoweb.info\/sexshop001\/tienda\/"},{"@type":"ListItem","position":3,"name":"BUST A NUT COCK RING &#8211; AMARILLO"}]},{"@type":"WebSite","@id":"https:\/\/demoweb.info\/sexshop001\/#website","url":"https:\/\/demoweb.info\/sexshop001\/","name":"Tienda Er\u00f3tica","description":"DEMOWEB SL","potentialAction":[{"@type":"SearchAction","target":{"@type":"EntryPoint","urlTemplate":"https:\/\/demoweb.info\/sexshop001\/?s={search_term_string}"},"query-input":"required name=search_term_string"}],"inLanguage":"es"}]}},"_links":{"self":[{"href":"https:\/\/demoweb.info\/sexshop001\/wp-json\/wp\/v3\/product\/73189","targetHints":{"allow":["GET"]}}],"collection":[{"href":"https:\/\/demoweb.info\/sexshop001\/wp-json\/wp\/v3\/product"}],"about":[{"href":"https:\/\/demoweb.info\/sexshop001\/wp-json\/wp\/v2\/types\/product"}],"replies":[{"embeddable":true,"href":"https:\/\/demoweb.info\/sexshop001\/wp-json\/wp\/v2\/comments?post=73189"}],"wp:featuredmedia":[{"embeddable":true,"href":"https:\/\/demoweb.info\/sexshop001\/wp-json\/wp\/v2\/media\/73190"}],"wp:attachment":[{"href":"https:\/\/demoweb.info\/sexshop001\/wp-json\/wp\/v2\/media?parent=73189"}],"wp:term":[{"taxonomy":"product_cat","embeddable":true,"href":"https:\/\/demoweb.info\/sexshop001\/wp-json\/wp\/v2\/product_cat?post=73189"},{"taxonomy":"product_tag","embeddable":true,"href":"https:\/\/demoweb.info\/sexshop001\/wp-json\/wp\/v2\/product_tag?post=73189"}],"curies":[{"name":"wp","href":"https:\/\/api.w.org\/{rel}","templated":true}]}}