{"id":7316,"date":"2022-01-22T09:28:25","date_gmt":"2022-01-22T08:28:25","guid":{"rendered":"https:\/\/demoweb.info\/sexshop001\/producto\/bathmate-hydromax-3-transparente\/"},"modified":"2022-01-22T09:28:31","modified_gmt":"2022-01-22T08:28:31","slug":"bathmate-hydromax-3-transparente","status":"publish","type":"product","link":"https:\/\/demoweb.info\/sexshop001\/producto\/bathmate-hydromax-3-transparente\/","title":{"rendered":"BATHMATE HYDROMAX 3 &#8211; TRANSPARENTE"},"content":{"rendered":"<p><strong>HYDROMAX3<\/strong><\/p>\n<p>La primera bomba de micropene: Hydromax3.<\/p>\n<p>\u00bfBuscas una forma real y comprobada de mejorar el tama\u00f1o del pene? Hasta ahora, ha habido muy pocas opciones para aquellos afectados por micropene: estamos orgullosos de lanzar Hydromax3, la primera bomba dise\u00f1ada para agregar tama\u00f1o, mejorar la dureza y aumentar enormemente la confianza personal.<\/p>\n<p>Ideal para cualquier persona que mida hasta 7,5 cm cuando est\u00e1 erecto, Bathmate Hydromax3 utiliza la energ\u00eda del agua para aumentar significativamente el tama\u00f1o. \u00bfListo para un cambio real?<\/p>\n","protected":false},"excerpt":{"rendered":"<p>HYDROMAX3 La primera bomba de micropene: Hydromax3. \u00bfBuscas una forma real y comprobada de mejorar el tama\u00f1o del pene? Hasta<\/p>\n","protected":false},"featured_media":7317,"comment_status":"open","ping_status":"open","template":"","meta":[],"product_cat":[298],"product_tag":[299],"class_list":["post-7316","product","type-product","status-publish","has-post-thumbnail","hentry","product_cat-hidrobombas","product_tag-bathmate"],"bundled_by":[],"bundle_stock_status":"instock","bundle_stock_quantity":4,"bundle_virtual":false,"bundle_layout":"","bundle_add_to_cart_form_location":"","bundle_editable_in_cart":false,"bundle_sold_individually_context":"","bundle_item_grouping":"","bundle_min_size":"","bundle_max_size":"","bundled_items":[],"yoast_head":"<!-- This site is optimized with the Yoast SEO plugin v20.6 - https:\/\/yoast.com\/wordpress\/plugins\/seo\/ -->\n<title>BATHMATE HYDROMAX 3 - TRANSPARENTE - Tienda Er\u00f3tica<\/title>\n<meta name=\"robots\" content=\"noindex, follow, max-snippet:-1, max-image-preview:large, max-video-preview:-1\" \/>\n<meta property=\"og:locale\" content=\"es_ES\" \/>\n<meta property=\"og:type\" content=\"article\" \/>\n<meta property=\"og:title\" content=\"BATHMATE HYDROMAX 3 - TRANSPARENTE - Tienda Er\u00f3tica\" \/>\n<meta property=\"og:description\" content=\"HYDROMAX3 La primera bomba de micropene: Hydromax3. \u00bfBuscas una forma real y comprobada de mejorar el tama\u00f1o del pene? Hasta\" \/>\n<meta property=\"og:url\" content=\"https:\/\/demoweb.info\/sexshop001\/producto\/bathmate-hydromax-3-transparente\/\" \/>\n<meta property=\"og:site_name\" content=\"Tienda Er\u00f3tica\" \/>\n<meta property=\"article:modified_time\" content=\"2022-01-22T08:28:31+00:00\" \/>\n<meta property=\"og:image\" content=\"https:\/\/demoweb.info\/sexshop001\/wp-content\/uploads\/2022\/01\/BATHMATE-HYDROMAX-3-TRANSPARENTE.jpg\" \/>\n\t<meta property=\"og:image:width\" content=\"550\" \/>\n\t<meta property=\"og:image:height\" content=\"550\" \/>\n\t<meta property=\"og:image:type\" content=\"image\/jpeg\" \/>\n<meta name=\"twitter:card\" content=\"summary_large_image\" \/>\n<script type=\"application\/ld+json\" class=\"yoast-schema-graph\">{\"@context\":\"https:\/\/schema.org\",\"@graph\":[{\"@type\":\"WebPage\",\"@id\":\"https:\/\/demoweb.info\/sexshop001\/producto\/bathmate-hydromax-3-transparente\/\",\"url\":\"https:\/\/demoweb.info\/sexshop001\/producto\/bathmate-hydromax-3-transparente\/\",\"name\":\"BATHMATE HYDROMAX 3 - TRANSPARENTE - Tienda Er\u00f3tica\",\"isPartOf\":{\"@id\":\"https:\/\/demoweb.info\/sexshop001\/#website\"},\"datePublished\":\"2022-01-22T08:28:25+00:00\",\"dateModified\":\"2022-01-22T08:28:31+00:00\",\"breadcrumb\":{\"@id\":\"https:\/\/demoweb.info\/sexshop001\/producto\/bathmate-hydromax-3-transparente\/#breadcrumb\"},\"inLanguage\":\"es\",\"potentialAction\":[{\"@type\":\"ReadAction\",\"target\":[\"https:\/\/demoweb.info\/sexshop001\/producto\/bathmate-hydromax-3-transparente\/\"]}]},{\"@type\":\"BreadcrumbList\",\"@id\":\"https:\/\/demoweb.info\/sexshop001\/producto\/bathmate-hydromax-3-transparente\/#breadcrumb\",\"itemListElement\":[{\"@type\":\"ListItem\",\"position\":1,\"name\":\"Portada\",\"item\":\"https:\/\/demoweb.info\/sexshop001\/\"},{\"@type\":\"ListItem\",\"position\":2,\"name\":\"Tienda\",\"item\":\"https:\/\/demoweb.info\/sexshop001\/tienda\/\"},{\"@type\":\"ListItem\",\"position\":3,\"name\":\"BATHMATE HYDROMAX 3 &#8211; TRANSPARENTE\"}]},{\"@type\":\"WebSite\",\"@id\":\"https:\/\/demoweb.info\/sexshop001\/#website\",\"url\":\"https:\/\/demoweb.info\/sexshop001\/\",\"name\":\"Tienda Er\u00f3tica\",\"description\":\"DEMOWEB SL\",\"potentialAction\":[{\"@type\":\"SearchAction\",\"target\":{\"@type\":\"EntryPoint\",\"urlTemplate\":\"https:\/\/demoweb.info\/sexshop001\/?s={search_term_string}\"},\"query-input\":\"required name=search_term_string\"}],\"inLanguage\":\"es\"}]}<\/script>\n<!-- \/ Yoast SEO plugin. -->","yoast_head_json":{"title":"BATHMATE HYDROMAX 3 - TRANSPARENTE - Tienda Er\u00f3tica","robots":{"index":"noindex","follow":"follow","max-snippet":"max-snippet:-1","max-image-preview":"max-image-preview:large","max-video-preview":"max-video-preview:-1"},"og_locale":"es_ES","og_type":"article","og_title":"BATHMATE HYDROMAX 3 - TRANSPARENTE - Tienda Er\u00f3tica","og_description":"HYDROMAX3 La primera bomba de micropene: Hydromax3. \u00bfBuscas una forma real y comprobada de mejorar el tama\u00f1o del pene? Hasta","og_url":"https:\/\/demoweb.info\/sexshop001\/producto\/bathmate-hydromax-3-transparente\/","og_site_name":"Tienda Er\u00f3tica","article_modified_time":"2022-01-22T08:28:31+00:00","og_image":[{"width":550,"height":550,"url":"https:\/\/demoweb.info\/sexshop001\/wp-content\/uploads\/2022\/01\/BATHMATE-HYDROMAX-3-TRANSPARENTE.jpg","type":"image\/jpeg"}],"twitter_card":"summary_large_image","schema":{"@context":"https:\/\/schema.org","@graph":[{"@type":"WebPage","@id":"https:\/\/demoweb.info\/sexshop001\/producto\/bathmate-hydromax-3-transparente\/","url":"https:\/\/demoweb.info\/sexshop001\/producto\/bathmate-hydromax-3-transparente\/","name":"BATHMATE HYDROMAX 3 - TRANSPARENTE - Tienda Er\u00f3tica","isPartOf":{"@id":"https:\/\/demoweb.info\/sexshop001\/#website"},"datePublished":"2022-01-22T08:28:25+00:00","dateModified":"2022-01-22T08:28:31+00:00","breadcrumb":{"@id":"https:\/\/demoweb.info\/sexshop001\/producto\/bathmate-hydromax-3-transparente\/#breadcrumb"},"inLanguage":"es","potentialAction":[{"@type":"ReadAction","target":["https:\/\/demoweb.info\/sexshop001\/producto\/bathmate-hydromax-3-transparente\/"]}]},{"@type":"BreadcrumbList","@id":"https:\/\/demoweb.info\/sexshop001\/producto\/bathmate-hydromax-3-transparente\/#breadcrumb","itemListElement":[{"@type":"ListItem","position":1,"name":"Portada","item":"https:\/\/demoweb.info\/sexshop001\/"},{"@type":"ListItem","position":2,"name":"Tienda","item":"https:\/\/demoweb.info\/sexshop001\/tienda\/"},{"@type":"ListItem","position":3,"name":"BATHMATE HYDROMAX 3 &#8211; TRANSPARENTE"}]},{"@type":"WebSite","@id":"https:\/\/demoweb.info\/sexshop001\/#website","url":"https:\/\/demoweb.info\/sexshop001\/","name":"Tienda Er\u00f3tica","description":"DEMOWEB SL","potentialAction":[{"@type":"SearchAction","target":{"@type":"EntryPoint","urlTemplate":"https:\/\/demoweb.info\/sexshop001\/?s={search_term_string}"},"query-input":"required name=search_term_string"}],"inLanguage":"es"}]}},"_links":{"self":[{"href":"https:\/\/demoweb.info\/sexshop001\/wp-json\/wp\/v3\/product\/7316","targetHints":{"allow":["GET"]}}],"collection":[{"href":"https:\/\/demoweb.info\/sexshop001\/wp-json\/wp\/v3\/product"}],"about":[{"href":"https:\/\/demoweb.info\/sexshop001\/wp-json\/wp\/v2\/types\/product"}],"replies":[{"embeddable":true,"href":"https:\/\/demoweb.info\/sexshop001\/wp-json\/wp\/v2\/comments?post=7316"}],"wp:featuredmedia":[{"embeddable":true,"href":"https:\/\/demoweb.info\/sexshop001\/wp-json\/wp\/v2\/media\/7317"}],"wp:attachment":[{"href":"https:\/\/demoweb.info\/sexshop001\/wp-json\/wp\/v2\/media?parent=7316"}],"wp:term":[{"taxonomy":"product_cat","embeddable":true,"href":"https:\/\/demoweb.info\/sexshop001\/wp-json\/wp\/v2\/product_cat?post=7316"},{"taxonomy":"product_tag","embeddable":true,"href":"https:\/\/demoweb.info\/sexshop001\/wp-json\/wp\/v2\/product_tag?post=7316"}],"curies":[{"name":"wp","href":"https:\/\/api.w.org\/{rel}","templated":true}]}}