{"id":72861,"date":"2022-01-22T21:04:11","date_gmt":"2022-01-22T20:04:11","guid":{"rendered":"https:\/\/demoweb.info\/sexshop001\/producto\/kit-bondage-usuarios-avanzados-negro\/"},"modified":"2022-01-22T21:04:11","modified_gmt":"2022-01-22T20:04:11","slug":"kit-bondage-usuarios-avanzados-negro","status":"publish","type":"product","link":"https:\/\/demoweb.info\/sexshop001\/producto\/kit-bondage-usuarios-avanzados-negro\/","title":{"rendered":"KIT BONDAGE USUARIOS AVANZADOS &#8211; NEGRO"},"content":{"rendered":"<p><strong>ADVANCED BONDAGE KIT <\/strong><\/p>\n<p>Para aquellas parejas que desean intensificar sus juegos de esclavitud, este kit satisfar\u00e1 incluso a los amantes de la esclavitud m\u00e1s avanzados.<\/p>\n<p>Viene con mordaza de bola transpirable, esposas de cuero, m\u00e1scara de sat\u00e9n para ojos, flogger, tickler de plumas de 28 cm, cuerda de seda japonesa de 10 metros, conector Hogtie, pinzas para pezones, collar y correa de cuero unidos, paleta de30 cm, m\u00e1scara de subversi\u00f3n, dados sexuales, puerta abatible y el mejor sistema de sujeci\u00f3n de cama.<\/p>\n","protected":false},"excerpt":{"rendered":"<p>ADVANCED BONDAGE KIT Para aquellas parejas que desean intensificar sus juegos de esclavitud, este kit satisfar\u00e1 incluso a los amantes<\/p>\n","protected":false},"featured_media":72862,"comment_status":"open","ping_status":"open","template":"","meta":[],"product_cat":[333],"product_tag":[307,302],"class_list":["post-72861","product","type-product","status-publish","has-post-thumbnail","hentry","product_cat-kits-bdsm","product_tag-ouch","product_tag-shots"],"bundled_by":[],"bundle_stock_status":"instock","bundle_stock_quantity":17,"bundle_virtual":false,"bundle_layout":"","bundle_add_to_cart_form_location":"","bundle_editable_in_cart":false,"bundle_sold_individually_context":"","bundle_item_grouping":"","bundle_min_size":"","bundle_max_size":"","bundled_items":[],"yoast_head":"<!-- This site is optimized with the Yoast SEO plugin v20.6 - https:\/\/yoast.com\/wordpress\/plugins\/seo\/ -->\n<title>KIT BONDAGE USUARIOS AVANZADOS - NEGRO - Tienda Er\u00f3tica<\/title>\n<meta name=\"robots\" content=\"noindex, follow, max-snippet:-1, max-image-preview:large, max-video-preview:-1\" \/>\n<meta property=\"og:locale\" content=\"es_ES\" \/>\n<meta property=\"og:type\" content=\"article\" \/>\n<meta property=\"og:title\" content=\"KIT BONDAGE USUARIOS AVANZADOS - NEGRO - Tienda Er\u00f3tica\" \/>\n<meta property=\"og:description\" content=\"ADVANCED BONDAGE KIT Para aquellas parejas que desean intensificar sus juegos de esclavitud, este kit satisfar\u00e1 incluso a los amantes\" \/>\n<meta property=\"og:url\" content=\"https:\/\/demoweb.info\/sexshop001\/producto\/kit-bondage-usuarios-avanzados-negro\/\" \/>\n<meta property=\"og:site_name\" content=\"Tienda Er\u00f3tica\" \/>\n<meta property=\"og:image\" content=\"https:\/\/demoweb.info\/sexshop001\/wp-content\/uploads\/2022\/01\/KIT-BONDAGE-USUARIOS-AVANZADOS-NEGRO.jpg\" \/>\n\t<meta property=\"og:image:width\" content=\"550\" \/>\n\t<meta property=\"og:image:height\" content=\"550\" \/>\n\t<meta property=\"og:image:type\" content=\"image\/jpeg\" \/>\n<meta name=\"twitter:card\" content=\"summary_large_image\" \/>\n<script type=\"application\/ld+json\" class=\"yoast-schema-graph\">{\"@context\":\"https:\/\/schema.org\",\"@graph\":[{\"@type\":\"WebPage\",\"@id\":\"https:\/\/demoweb.info\/sexshop001\/producto\/kit-bondage-usuarios-avanzados-negro\/\",\"url\":\"https:\/\/demoweb.info\/sexshop001\/producto\/kit-bondage-usuarios-avanzados-negro\/\",\"name\":\"KIT BONDAGE USUARIOS AVANZADOS - NEGRO - Tienda Er\u00f3tica\",\"isPartOf\":{\"@id\":\"https:\/\/demoweb.info\/sexshop001\/#website\"},\"datePublished\":\"2022-01-22T20:04:11+00:00\",\"dateModified\":\"2022-01-22T20:04:11+00:00\",\"breadcrumb\":{\"@id\":\"https:\/\/demoweb.info\/sexshop001\/producto\/kit-bondage-usuarios-avanzados-negro\/#breadcrumb\"},\"inLanguage\":\"es\",\"potentialAction\":[{\"@type\":\"ReadAction\",\"target\":[\"https:\/\/demoweb.info\/sexshop001\/producto\/kit-bondage-usuarios-avanzados-negro\/\"]}]},{\"@type\":\"BreadcrumbList\",\"@id\":\"https:\/\/demoweb.info\/sexshop001\/producto\/kit-bondage-usuarios-avanzados-negro\/#breadcrumb\",\"itemListElement\":[{\"@type\":\"ListItem\",\"position\":1,\"name\":\"Portada\",\"item\":\"https:\/\/demoweb.info\/sexshop001\/\"},{\"@type\":\"ListItem\",\"position\":2,\"name\":\"Tienda\",\"item\":\"https:\/\/demoweb.info\/sexshop001\/tienda\/\"},{\"@type\":\"ListItem\",\"position\":3,\"name\":\"KIT BONDAGE USUARIOS AVANZADOS &#8211; NEGRO\"}]},{\"@type\":\"WebSite\",\"@id\":\"https:\/\/demoweb.info\/sexshop001\/#website\",\"url\":\"https:\/\/demoweb.info\/sexshop001\/\",\"name\":\"Tienda Er\u00f3tica\",\"description\":\"DEMOWEB SL\",\"potentialAction\":[{\"@type\":\"SearchAction\",\"target\":{\"@type\":\"EntryPoint\",\"urlTemplate\":\"https:\/\/demoweb.info\/sexshop001\/?s={search_term_string}\"},\"query-input\":\"required name=search_term_string\"}],\"inLanguage\":\"es\"}]}<\/script>\n<!-- \/ Yoast SEO plugin. -->","yoast_head_json":{"title":"KIT BONDAGE USUARIOS AVANZADOS - NEGRO - Tienda Er\u00f3tica","robots":{"index":"noindex","follow":"follow","max-snippet":"max-snippet:-1","max-image-preview":"max-image-preview:large","max-video-preview":"max-video-preview:-1"},"og_locale":"es_ES","og_type":"article","og_title":"KIT BONDAGE USUARIOS AVANZADOS - NEGRO - Tienda Er\u00f3tica","og_description":"ADVANCED BONDAGE KIT Para aquellas parejas que desean intensificar sus juegos de esclavitud, este kit satisfar\u00e1 incluso a los amantes","og_url":"https:\/\/demoweb.info\/sexshop001\/producto\/kit-bondage-usuarios-avanzados-negro\/","og_site_name":"Tienda Er\u00f3tica","og_image":[{"width":550,"height":550,"url":"https:\/\/demoweb.info\/sexshop001\/wp-content\/uploads\/2022\/01\/KIT-BONDAGE-USUARIOS-AVANZADOS-NEGRO.jpg","type":"image\/jpeg"}],"twitter_card":"summary_large_image","schema":{"@context":"https:\/\/schema.org","@graph":[{"@type":"WebPage","@id":"https:\/\/demoweb.info\/sexshop001\/producto\/kit-bondage-usuarios-avanzados-negro\/","url":"https:\/\/demoweb.info\/sexshop001\/producto\/kit-bondage-usuarios-avanzados-negro\/","name":"KIT BONDAGE USUARIOS AVANZADOS - NEGRO - Tienda Er\u00f3tica","isPartOf":{"@id":"https:\/\/demoweb.info\/sexshop001\/#website"},"datePublished":"2022-01-22T20:04:11+00:00","dateModified":"2022-01-22T20:04:11+00:00","breadcrumb":{"@id":"https:\/\/demoweb.info\/sexshop001\/producto\/kit-bondage-usuarios-avanzados-negro\/#breadcrumb"},"inLanguage":"es","potentialAction":[{"@type":"ReadAction","target":["https:\/\/demoweb.info\/sexshop001\/producto\/kit-bondage-usuarios-avanzados-negro\/"]}]},{"@type":"BreadcrumbList","@id":"https:\/\/demoweb.info\/sexshop001\/producto\/kit-bondage-usuarios-avanzados-negro\/#breadcrumb","itemListElement":[{"@type":"ListItem","position":1,"name":"Portada","item":"https:\/\/demoweb.info\/sexshop001\/"},{"@type":"ListItem","position":2,"name":"Tienda","item":"https:\/\/demoweb.info\/sexshop001\/tienda\/"},{"@type":"ListItem","position":3,"name":"KIT BONDAGE USUARIOS AVANZADOS &#8211; NEGRO"}]},{"@type":"WebSite","@id":"https:\/\/demoweb.info\/sexshop001\/#website","url":"https:\/\/demoweb.info\/sexshop001\/","name":"Tienda Er\u00f3tica","description":"DEMOWEB SL","potentialAction":[{"@type":"SearchAction","target":{"@type":"EntryPoint","urlTemplate":"https:\/\/demoweb.info\/sexshop001\/?s={search_term_string}"},"query-input":"required name=search_term_string"}],"inLanguage":"es"}]}},"_links":{"self":[{"href":"https:\/\/demoweb.info\/sexshop001\/wp-json\/wp\/v3\/product\/72861","targetHints":{"allow":["GET"]}}],"collection":[{"href":"https:\/\/demoweb.info\/sexshop001\/wp-json\/wp\/v3\/product"}],"about":[{"href":"https:\/\/demoweb.info\/sexshop001\/wp-json\/wp\/v2\/types\/product"}],"replies":[{"embeddable":true,"href":"https:\/\/demoweb.info\/sexshop001\/wp-json\/wp\/v2\/comments?post=72861"}],"wp:featuredmedia":[{"embeddable":true,"href":"https:\/\/demoweb.info\/sexshop001\/wp-json\/wp\/v2\/media\/72862"}],"wp:attachment":[{"href":"https:\/\/demoweb.info\/sexshop001\/wp-json\/wp\/v2\/media?parent=72861"}],"wp:term":[{"taxonomy":"product_cat","embeddable":true,"href":"https:\/\/demoweb.info\/sexshop001\/wp-json\/wp\/v2\/product_cat?post=72861"},{"taxonomy":"product_tag","embeddable":true,"href":"https:\/\/demoweb.info\/sexshop001\/wp-json\/wp\/v2\/product_tag?post=72861"}],"curies":[{"name":"wp","href":"https:\/\/api.w.org\/{rel}","templated":true}]}}