{"id":72522,"date":"2022-01-22T20:59:02","date_gmt":"2022-01-22T19:59:02","guid":{"rendered":"https:\/\/demoweb.info\/sexshop001\/producto\/azotador-two-finger-negro\/"},"modified":"2022-01-22T20:59:28","modified_gmt":"2022-01-22T19:59:28","slug":"azotador-two-finger-negro","status":"publish","type":"product","link":"https:\/\/demoweb.info\/sexshop001\/producto\/azotador-two-finger-negro\/","title":{"rendered":"AZOTADOR TWO FINGER NEGRO"},"content":{"rendered":"<p><strong>STUDDED PADDLE BLACK <\/strong><\/p>\n<p>\u00a1Esta PALETA TWASE DE DOS DEDOS de cuero genuino va en serio y a\u00f1ade una punzada extra en la parte trasera! Donde no hay dolor, no hay ganancia, as\u00ed que prep\u00e1rate para obtener un doble beneficio de tus sesiones de nalgadas con esta versi\u00f3n de dos dedos.<\/p>\n<p>Agrega diversidad y sofisticaci\u00f3n a cualquier nivel de exploraci\u00f3n sadomasoquista, \u00a1duplicando el placer y duplicando el dolor! El asa plana y el lazo para la mu\u00f1eca te da el control total y un agarre f\u00e1cil para las sesiones de nalgadas.<\/p>\n<p>Esta paleta de alta calidad est\u00e1 elaborada de suave cuero de montura, tiene una longitud total de 51 cm (20) y un grosor de 11,5 cm (4,5). El asa mide 15 cm (5,9) y esta paleta tiene un peso de 300 gramos (10,6 onzas).<\/p>\n<ul>\n<li>Dimensiones del producto    50,5 x 10,5 x 1 cm<\/li>\n<li>Peso del producto    330,00 gram<\/li>\n<li>Materiales    Real Leather<\/li>\n<\/ul>\n","protected":false},"excerpt":{"rendered":"<p>STUDDED PADDLE BLACK \u00a1Esta PALETA TWASE DE DOS DEDOS de cuero genuino va en serio y a\u00f1ade una punzada extra<\/p>\n","protected":false},"featured_media":72523,"comment_status":"open","ping_status":"open","template":"","meta":[],"product_cat":[337],"product_tag":[307,302],"class_list":["post-72522","product","type-product","status-publish","has-post-thumbnail","hentry","product_cat-paletas","product_tag-ouch","product_tag-shots"],"bundled_by":[],"bundle_stock_status":"instock","bundle_stock_quantity":1,"bundle_virtual":false,"bundle_layout":"","bundle_add_to_cart_form_location":"","bundle_editable_in_cart":false,"bundle_sold_individually_context":"","bundle_item_grouping":"","bundle_min_size":"","bundle_max_size":"","bundled_items":[],"yoast_head":"<!-- This site is optimized with the Yoast SEO plugin v20.6 - https:\/\/yoast.com\/wordpress\/plugins\/seo\/ -->\n<title>AZOTADOR TWO FINGER NEGRO - Tienda Er\u00f3tica<\/title>\n<meta name=\"robots\" content=\"noindex, follow, max-snippet:-1, max-image-preview:large, max-video-preview:-1\" \/>\n<meta property=\"og:locale\" content=\"es_ES\" \/>\n<meta property=\"og:type\" content=\"article\" \/>\n<meta property=\"og:title\" content=\"AZOTADOR TWO FINGER NEGRO - Tienda Er\u00f3tica\" \/>\n<meta property=\"og:description\" content=\"STUDDED PADDLE BLACK \u00a1Esta PALETA TWASE DE DOS DEDOS de cuero genuino va en serio y a\u00f1ade una punzada extra\" \/>\n<meta property=\"og:url\" content=\"https:\/\/demoweb.info\/sexshop001\/producto\/azotador-two-finger-negro\/\" \/>\n<meta property=\"og:site_name\" content=\"Tienda Er\u00f3tica\" \/>\n<meta property=\"article:modified_time\" content=\"2022-01-22T19:59:28+00:00\" \/>\n<meta property=\"og:image\" content=\"https:\/\/demoweb.info\/sexshop001\/wp-content\/uploads\/2022\/01\/AZOTADOR-TWO-FINGER-NEGRO.jpg\" \/>\n\t<meta property=\"og:image:width\" content=\"550\" \/>\n\t<meta property=\"og:image:height\" content=\"550\" \/>\n\t<meta property=\"og:image:type\" content=\"image\/jpeg\" \/>\n<meta name=\"twitter:card\" content=\"summary_large_image\" \/>\n<meta name=\"twitter:label1\" content=\"Tiempo de lectura\" \/>\n\t<meta name=\"twitter:data1\" content=\"1 minuto\" \/>\n<script type=\"application\/ld+json\" class=\"yoast-schema-graph\">{\"@context\":\"https:\/\/schema.org\",\"@graph\":[{\"@type\":\"WebPage\",\"@id\":\"https:\/\/demoweb.info\/sexshop001\/producto\/azotador-two-finger-negro\/\",\"url\":\"https:\/\/demoweb.info\/sexshop001\/producto\/azotador-two-finger-negro\/\",\"name\":\"AZOTADOR TWO FINGER NEGRO - Tienda Er\u00f3tica\",\"isPartOf\":{\"@id\":\"https:\/\/demoweb.info\/sexshop001\/#website\"},\"datePublished\":\"2022-01-22T19:59:02+00:00\",\"dateModified\":\"2022-01-22T19:59:28+00:00\",\"breadcrumb\":{\"@id\":\"https:\/\/demoweb.info\/sexshop001\/producto\/azotador-two-finger-negro\/#breadcrumb\"},\"inLanguage\":\"es\",\"potentialAction\":[{\"@type\":\"ReadAction\",\"target\":[\"https:\/\/demoweb.info\/sexshop001\/producto\/azotador-two-finger-negro\/\"]}]},{\"@type\":\"BreadcrumbList\",\"@id\":\"https:\/\/demoweb.info\/sexshop001\/producto\/azotador-two-finger-negro\/#breadcrumb\",\"itemListElement\":[{\"@type\":\"ListItem\",\"position\":1,\"name\":\"Portada\",\"item\":\"https:\/\/demoweb.info\/sexshop001\/\"},{\"@type\":\"ListItem\",\"position\":2,\"name\":\"Tienda\",\"item\":\"https:\/\/demoweb.info\/sexshop001\/tienda\/\"},{\"@type\":\"ListItem\",\"position\":3,\"name\":\"AZOTADOR TWO FINGER NEGRO\"}]},{\"@type\":\"WebSite\",\"@id\":\"https:\/\/demoweb.info\/sexshop001\/#website\",\"url\":\"https:\/\/demoweb.info\/sexshop001\/\",\"name\":\"Tienda Er\u00f3tica\",\"description\":\"DEMOWEB SL\",\"potentialAction\":[{\"@type\":\"SearchAction\",\"target\":{\"@type\":\"EntryPoint\",\"urlTemplate\":\"https:\/\/demoweb.info\/sexshop001\/?s={search_term_string}\"},\"query-input\":\"required name=search_term_string\"}],\"inLanguage\":\"es\"}]}<\/script>\n<!-- \/ Yoast SEO plugin. -->","yoast_head_json":{"title":"AZOTADOR TWO FINGER NEGRO - Tienda Er\u00f3tica","robots":{"index":"noindex","follow":"follow","max-snippet":"max-snippet:-1","max-image-preview":"max-image-preview:large","max-video-preview":"max-video-preview:-1"},"og_locale":"es_ES","og_type":"article","og_title":"AZOTADOR TWO FINGER NEGRO - Tienda Er\u00f3tica","og_description":"STUDDED PADDLE BLACK \u00a1Esta PALETA TWASE DE DOS DEDOS de cuero genuino va en serio y a\u00f1ade una punzada extra","og_url":"https:\/\/demoweb.info\/sexshop001\/producto\/azotador-two-finger-negro\/","og_site_name":"Tienda Er\u00f3tica","article_modified_time":"2022-01-22T19:59:28+00:00","og_image":[{"width":550,"height":550,"url":"https:\/\/demoweb.info\/sexshop001\/wp-content\/uploads\/2022\/01\/AZOTADOR-TWO-FINGER-NEGRO.jpg","type":"image\/jpeg"}],"twitter_card":"summary_large_image","twitter_misc":{"Tiempo de lectura":"1 minuto"},"schema":{"@context":"https:\/\/schema.org","@graph":[{"@type":"WebPage","@id":"https:\/\/demoweb.info\/sexshop001\/producto\/azotador-two-finger-negro\/","url":"https:\/\/demoweb.info\/sexshop001\/producto\/azotador-two-finger-negro\/","name":"AZOTADOR TWO FINGER NEGRO - Tienda Er\u00f3tica","isPartOf":{"@id":"https:\/\/demoweb.info\/sexshop001\/#website"},"datePublished":"2022-01-22T19:59:02+00:00","dateModified":"2022-01-22T19:59:28+00:00","breadcrumb":{"@id":"https:\/\/demoweb.info\/sexshop001\/producto\/azotador-two-finger-negro\/#breadcrumb"},"inLanguage":"es","potentialAction":[{"@type":"ReadAction","target":["https:\/\/demoweb.info\/sexshop001\/producto\/azotador-two-finger-negro\/"]}]},{"@type":"BreadcrumbList","@id":"https:\/\/demoweb.info\/sexshop001\/producto\/azotador-two-finger-negro\/#breadcrumb","itemListElement":[{"@type":"ListItem","position":1,"name":"Portada","item":"https:\/\/demoweb.info\/sexshop001\/"},{"@type":"ListItem","position":2,"name":"Tienda","item":"https:\/\/demoweb.info\/sexshop001\/tienda\/"},{"@type":"ListItem","position":3,"name":"AZOTADOR TWO FINGER NEGRO"}]},{"@type":"WebSite","@id":"https:\/\/demoweb.info\/sexshop001\/#website","url":"https:\/\/demoweb.info\/sexshop001\/","name":"Tienda Er\u00f3tica","description":"DEMOWEB SL","potentialAction":[{"@type":"SearchAction","target":{"@type":"EntryPoint","urlTemplate":"https:\/\/demoweb.info\/sexshop001\/?s={search_term_string}"},"query-input":"required name=search_term_string"}],"inLanguage":"es"}]}},"_links":{"self":[{"href":"https:\/\/demoweb.info\/sexshop001\/wp-json\/wp\/v3\/product\/72522","targetHints":{"allow":["GET"]}}],"collection":[{"href":"https:\/\/demoweb.info\/sexshop001\/wp-json\/wp\/v3\/product"}],"about":[{"href":"https:\/\/demoweb.info\/sexshop001\/wp-json\/wp\/v2\/types\/product"}],"replies":[{"embeddable":true,"href":"https:\/\/demoweb.info\/sexshop001\/wp-json\/wp\/v2\/comments?post=72522"}],"wp:featuredmedia":[{"embeddable":true,"href":"https:\/\/demoweb.info\/sexshop001\/wp-json\/wp\/v2\/media\/72523"}],"wp:attachment":[{"href":"https:\/\/demoweb.info\/sexshop001\/wp-json\/wp\/v2\/media?parent=72522"}],"wp:term":[{"taxonomy":"product_cat","embeddable":true,"href":"https:\/\/demoweb.info\/sexshop001\/wp-json\/wp\/v2\/product_cat?post=72522"},{"taxonomy":"product_tag","embeddable":true,"href":"https:\/\/demoweb.info\/sexshop001\/wp-json\/wp\/v2\/product_tag?post=72522"}],"curies":[{"name":"wp","href":"https:\/\/api.w.org\/{rel}","templated":true}]}}