{"id":72316,"date":"2022-01-22T20:56:46","date_gmt":"2022-01-22T19:56:46","guid":{"rendered":"https:\/\/demoweb.info\/sexshop001\/producto\/spartacus-r-anillo-con-bala-vibradora-negro\/"},"modified":"2022-01-22T20:56:49","modified_gmt":"2022-01-22T19:56:49","slug":"spartacus-r-anillo-con-bala-vibradora-negro","status":"publish","type":"product","link":"https:\/\/demoweb.info\/sexshop001\/producto\/spartacus-r-anillo-con-bala-vibradora-negro\/","title":{"rendered":"SPARTACUS R ANILLO CON BALA VIBRADORA &#8211; NEGRO"},"content":{"rendered":"<p><strong>SPARTACUS R COCK RING WITH BULLET<\/strong><\/p>\n<p>\u00a1Un gladiador en la arena del placer para parejas! Anillo de pene vers\u00e1til con m\u00faltiples funciones.<\/p>\n<p>Bala vibratoria cl\u00edtorica acanalada para intensificar el placer La bala puede girarse para aumentar la intensidad en el cl\u00edtoris o usarse en la cubierta para una sensaci\u00f3n vaginal extra.<\/p>\n<p>Anillo testicular que emite vibraciones que van de leves a m\u00e1s intensas. Cubierta vibrante que ayuda a mantener la erecci\u00f3n desde la base.<\/p>\n<p>Caracter\u00edsticas:<\/p>\n<ul>\n<li>Dimensiones del producto: 17,2 x 8 x 8 cm<\/li>\n<li>Peso del producto: 83 gr<\/li>\n<li>Longitud insertable: 5 cm<\/li>\n<li>Tipos de velocidad: 3<\/li>\n<li>Se requieren bater\u00edas: 3<\/li>\n<li>Tipo de bater\u00edas: LR44<\/li>\n<li>Bater\u00edas incluidas<\/li>\n<li>A prueba de salpicaduras<\/li>\n<li>Materiales: Silicona<\/li>\n<\/ul>\n","protected":false},"excerpt":{"rendered":"<p>SPARTACUS R COCK RING WITH BULLET \u00a1Un gladiador en la arena del placer para parejas! Anillo de pene vers\u00e1til con<\/p>\n","protected":false},"featured_media":72317,"comment_status":"open","ping_status":"open","template":"","meta":[],"product_cat":[438],"product_tag":[435],"class_list":["post-72316","product","type-product","status-publish","has-post-thumbnail","hentry","product_cat-con-vibrador-anillos","product_tag-adrien-lastic"],"bundled_by":[],"bundle_stock_status":"outofstock","bundle_stock_quantity":0,"bundle_virtual":false,"bundle_layout":"","bundle_add_to_cart_form_location":"","bundle_editable_in_cart":false,"bundle_sold_individually_context":"","bundle_item_grouping":"","bundle_min_size":"","bundle_max_size":"","bundled_items":[],"yoast_head":"<!-- This site is optimized with the Yoast SEO plugin v20.6 - https:\/\/yoast.com\/wordpress\/plugins\/seo\/ -->\n<title>SPARTACUS R ANILLO CON BALA VIBRADORA - NEGRO - Tienda Er\u00f3tica<\/title>\n<meta name=\"robots\" content=\"noindex, follow, max-snippet:-1, max-image-preview:large, max-video-preview:-1\" \/>\n<meta property=\"og:locale\" content=\"es_ES\" \/>\n<meta property=\"og:type\" content=\"article\" \/>\n<meta property=\"og:title\" content=\"SPARTACUS R ANILLO CON BALA VIBRADORA - NEGRO - Tienda Er\u00f3tica\" \/>\n<meta property=\"og:description\" content=\"SPARTACUS R COCK RING WITH BULLET \u00a1Un gladiador en la arena del placer para parejas! Anillo de pene vers\u00e1til con\" \/>\n<meta property=\"og:url\" content=\"https:\/\/demoweb.info\/sexshop001\/producto\/spartacus-r-anillo-con-bala-vibradora-negro\/\" \/>\n<meta property=\"og:site_name\" content=\"Tienda Er\u00f3tica\" \/>\n<meta property=\"article:modified_time\" content=\"2022-01-22T19:56:49+00:00\" \/>\n<meta property=\"og:image\" content=\"https:\/\/demoweb.info\/sexshop001\/wp-content\/uploads\/2022\/01\/SPARTACUS-R-ANILLO-CON-BALA-VIBRADORA-NEGRO.jpg\" \/>\n\t<meta property=\"og:image:width\" content=\"550\" \/>\n\t<meta property=\"og:image:height\" content=\"550\" \/>\n\t<meta property=\"og:image:type\" content=\"image\/jpeg\" \/>\n<meta name=\"twitter:card\" content=\"summary_large_image\" \/>\n<meta name=\"twitter:label1\" content=\"Tiempo de lectura\" \/>\n\t<meta name=\"twitter:data1\" content=\"1 minuto\" \/>\n<script type=\"application\/ld+json\" class=\"yoast-schema-graph\">{\"@context\":\"https:\/\/schema.org\",\"@graph\":[{\"@type\":\"WebPage\",\"@id\":\"https:\/\/demoweb.info\/sexshop001\/producto\/spartacus-r-anillo-con-bala-vibradora-negro\/\",\"url\":\"https:\/\/demoweb.info\/sexshop001\/producto\/spartacus-r-anillo-con-bala-vibradora-negro\/\",\"name\":\"SPARTACUS R ANILLO CON BALA VIBRADORA - NEGRO - Tienda Er\u00f3tica\",\"isPartOf\":{\"@id\":\"https:\/\/demoweb.info\/sexshop001\/#website\"},\"datePublished\":\"2022-01-22T19:56:46+00:00\",\"dateModified\":\"2022-01-22T19:56:49+00:00\",\"breadcrumb\":{\"@id\":\"https:\/\/demoweb.info\/sexshop001\/producto\/spartacus-r-anillo-con-bala-vibradora-negro\/#breadcrumb\"},\"inLanguage\":\"es\",\"potentialAction\":[{\"@type\":\"ReadAction\",\"target\":[\"https:\/\/demoweb.info\/sexshop001\/producto\/spartacus-r-anillo-con-bala-vibradora-negro\/\"]}]},{\"@type\":\"BreadcrumbList\",\"@id\":\"https:\/\/demoweb.info\/sexshop001\/producto\/spartacus-r-anillo-con-bala-vibradora-negro\/#breadcrumb\",\"itemListElement\":[{\"@type\":\"ListItem\",\"position\":1,\"name\":\"Portada\",\"item\":\"https:\/\/demoweb.info\/sexshop001\/\"},{\"@type\":\"ListItem\",\"position\":2,\"name\":\"Tienda\",\"item\":\"https:\/\/demoweb.info\/sexshop001\/tienda\/\"},{\"@type\":\"ListItem\",\"position\":3,\"name\":\"SPARTACUS R ANILLO CON BALA VIBRADORA &#8211; NEGRO\"}]},{\"@type\":\"WebSite\",\"@id\":\"https:\/\/demoweb.info\/sexshop001\/#website\",\"url\":\"https:\/\/demoweb.info\/sexshop001\/\",\"name\":\"Tienda Er\u00f3tica\",\"description\":\"DEMOWEB SL\",\"potentialAction\":[{\"@type\":\"SearchAction\",\"target\":{\"@type\":\"EntryPoint\",\"urlTemplate\":\"https:\/\/demoweb.info\/sexshop001\/?s={search_term_string}\"},\"query-input\":\"required name=search_term_string\"}],\"inLanguage\":\"es\"}]}<\/script>\n<!-- \/ Yoast SEO plugin. -->","yoast_head_json":{"title":"SPARTACUS R ANILLO CON BALA VIBRADORA - NEGRO - Tienda Er\u00f3tica","robots":{"index":"noindex","follow":"follow","max-snippet":"max-snippet:-1","max-image-preview":"max-image-preview:large","max-video-preview":"max-video-preview:-1"},"og_locale":"es_ES","og_type":"article","og_title":"SPARTACUS R ANILLO CON BALA VIBRADORA - NEGRO - Tienda Er\u00f3tica","og_description":"SPARTACUS R COCK RING WITH BULLET \u00a1Un gladiador en la arena del placer para parejas! Anillo de pene vers\u00e1til con","og_url":"https:\/\/demoweb.info\/sexshop001\/producto\/spartacus-r-anillo-con-bala-vibradora-negro\/","og_site_name":"Tienda Er\u00f3tica","article_modified_time":"2022-01-22T19:56:49+00:00","og_image":[{"width":550,"height":550,"url":"https:\/\/demoweb.info\/sexshop001\/wp-content\/uploads\/2022\/01\/SPARTACUS-R-ANILLO-CON-BALA-VIBRADORA-NEGRO.jpg","type":"image\/jpeg"}],"twitter_card":"summary_large_image","twitter_misc":{"Tiempo de lectura":"1 minuto"},"schema":{"@context":"https:\/\/schema.org","@graph":[{"@type":"WebPage","@id":"https:\/\/demoweb.info\/sexshop001\/producto\/spartacus-r-anillo-con-bala-vibradora-negro\/","url":"https:\/\/demoweb.info\/sexshop001\/producto\/spartacus-r-anillo-con-bala-vibradora-negro\/","name":"SPARTACUS R ANILLO CON BALA VIBRADORA - NEGRO - Tienda Er\u00f3tica","isPartOf":{"@id":"https:\/\/demoweb.info\/sexshop001\/#website"},"datePublished":"2022-01-22T19:56:46+00:00","dateModified":"2022-01-22T19:56:49+00:00","breadcrumb":{"@id":"https:\/\/demoweb.info\/sexshop001\/producto\/spartacus-r-anillo-con-bala-vibradora-negro\/#breadcrumb"},"inLanguage":"es","potentialAction":[{"@type":"ReadAction","target":["https:\/\/demoweb.info\/sexshop001\/producto\/spartacus-r-anillo-con-bala-vibradora-negro\/"]}]},{"@type":"BreadcrumbList","@id":"https:\/\/demoweb.info\/sexshop001\/producto\/spartacus-r-anillo-con-bala-vibradora-negro\/#breadcrumb","itemListElement":[{"@type":"ListItem","position":1,"name":"Portada","item":"https:\/\/demoweb.info\/sexshop001\/"},{"@type":"ListItem","position":2,"name":"Tienda","item":"https:\/\/demoweb.info\/sexshop001\/tienda\/"},{"@type":"ListItem","position":3,"name":"SPARTACUS R ANILLO CON BALA VIBRADORA &#8211; NEGRO"}]},{"@type":"WebSite","@id":"https:\/\/demoweb.info\/sexshop001\/#website","url":"https:\/\/demoweb.info\/sexshop001\/","name":"Tienda Er\u00f3tica","description":"DEMOWEB SL","potentialAction":[{"@type":"SearchAction","target":{"@type":"EntryPoint","urlTemplate":"https:\/\/demoweb.info\/sexshop001\/?s={search_term_string}"},"query-input":"required name=search_term_string"}],"inLanguage":"es"}]}},"_links":{"self":[{"href":"https:\/\/demoweb.info\/sexshop001\/wp-json\/wp\/v3\/product\/72316","targetHints":{"allow":["GET"]}}],"collection":[{"href":"https:\/\/demoweb.info\/sexshop001\/wp-json\/wp\/v3\/product"}],"about":[{"href":"https:\/\/demoweb.info\/sexshop001\/wp-json\/wp\/v2\/types\/product"}],"replies":[{"embeddable":true,"href":"https:\/\/demoweb.info\/sexshop001\/wp-json\/wp\/v2\/comments?post=72316"}],"wp:featuredmedia":[{"embeddable":true,"href":"https:\/\/demoweb.info\/sexshop001\/wp-json\/wp\/v2\/media\/72317"}],"wp:attachment":[{"href":"https:\/\/demoweb.info\/sexshop001\/wp-json\/wp\/v2\/media?parent=72316"}],"wp:term":[{"taxonomy":"product_cat","embeddable":true,"href":"https:\/\/demoweb.info\/sexshop001\/wp-json\/wp\/v2\/product_cat?post=72316"},{"taxonomy":"product_tag","embeddable":true,"href":"https:\/\/demoweb.info\/sexshop001\/wp-json\/wp\/v2\/product_tag?post=72316"}],"curies":[{"name":"wp","href":"https:\/\/api.w.org\/{rel}","templated":true}]}}