{"id":72298,"date":"2022-01-22T20:56:22","date_gmt":"2022-01-22T19:56:22","guid":{"rendered":"https:\/\/demoweb.info\/sexshop001\/producto\/pocket-dolphin-vibrador-de-silicona-azul\/"},"modified":"2022-01-22T20:56:35","modified_gmt":"2022-01-22T19:56:35","slug":"pocket-dolphin-vibrador-de-silicona-azul","status":"publish","type":"product","link":"https:\/\/demoweb.info\/sexshop001\/producto\/pocket-dolphin-vibrador-de-silicona-azul\/","title":{"rendered":"POCKET DOLPHIN VIBRADOR DE SILICONA &#8211; AZUL"},"content":{"rendered":"<p><strong>POCKET DOLPHIN VIBRATOR<\/strong><\/p>\n<p>Discreto y divertido, este compa\u00f1ero de bolsillo siempre debe estar a tu lado, incluso mientras viajas. Hecho de silicona sedosa de primera calidad, sus aletas y nariz le dar\u00e1n a tu cl\u00edtoris una vibraci\u00f3n irresistible.<\/p>\n<p>El bot\u00f3n de un clic de bala se puede encender y apagar f\u00e1cilmente presionando el bot\u00f3n en la parte inferior del juguete. Desenrosca la base para cambiar las bater\u00edas.<\/p>\n<p>Caracter\u00edsticas:<\/p>\n<ul>\n<li>Dimensiones del producto: 7,5 x 2,5 x 2,5 cm<\/li>\n<li>Peso del producto: 33 gr<\/li>\n<li>Tipos de velocidad: 10<\/li>\n<li>Se requieren bater\u00edas: 3<\/li>\n<li>Tipo de bater\u00edas: LR44<\/li>\n<li>Bater\u00edas incluidas: S\u00ed<\/li>\n<li>A prueba de salpicaduras<\/li>\n<li>Materiales: Silicona<\/li>\n<\/ul>\n","protected":false},"excerpt":{"rendered":"<p>POCKET DOLPHIN VIBRATOR Discreto y divertido, este compa\u00f1ero de bolsillo siempre debe estar a tu lado, incluso mientras viajas. Hecho<\/p>\n","protected":false},"featured_media":72299,"comment_status":"open","ping_status":"open","template":"","meta":[],"product_cat":[476],"product_tag":[435],"class_list":["post-72298","product","type-product","status-publish","has-post-thumbnail","hentry","product_cat-silicona-balas-y-huevos","product_tag-adrien-lastic"],"bundled_by":[],"bundle_stock_status":"outofstock","bundle_stock_quantity":0,"bundle_virtual":false,"bundle_layout":"","bundle_add_to_cart_form_location":"","bundle_editable_in_cart":false,"bundle_sold_individually_context":"","bundle_item_grouping":"","bundle_min_size":"","bundle_max_size":"","bundled_items":[],"yoast_head":"<!-- This site is optimized with the Yoast SEO plugin v20.6 - https:\/\/yoast.com\/wordpress\/plugins\/seo\/ -->\n<title>POCKET DOLPHIN VIBRADOR DE SILICONA - AZUL - Tienda Er\u00f3tica<\/title>\n<meta name=\"robots\" content=\"noindex, follow, max-snippet:-1, max-image-preview:large, max-video-preview:-1\" \/>\n<meta property=\"og:locale\" content=\"es_ES\" \/>\n<meta property=\"og:type\" content=\"article\" \/>\n<meta property=\"og:title\" content=\"POCKET DOLPHIN VIBRADOR DE SILICONA - AZUL - Tienda Er\u00f3tica\" \/>\n<meta property=\"og:description\" content=\"POCKET DOLPHIN VIBRATOR Discreto y divertido, este compa\u00f1ero de bolsillo siempre debe estar a tu lado, incluso mientras viajas. Hecho\" \/>\n<meta property=\"og:url\" content=\"https:\/\/demoweb.info\/sexshop001\/producto\/pocket-dolphin-vibrador-de-silicona-azul\/\" \/>\n<meta property=\"og:site_name\" content=\"Tienda Er\u00f3tica\" \/>\n<meta property=\"article:modified_time\" content=\"2022-01-22T19:56:35+00:00\" \/>\n<meta property=\"og:image\" content=\"https:\/\/demoweb.info\/sexshop001\/wp-content\/uploads\/2022\/01\/POCKET-DOLPHIN-VIBRADOR-DE-SILICONA-AZUL.jpg\" \/>\n\t<meta property=\"og:image:width\" content=\"550\" \/>\n\t<meta property=\"og:image:height\" content=\"550\" \/>\n\t<meta property=\"og:image:type\" content=\"image\/jpeg\" \/>\n<meta name=\"twitter:card\" content=\"summary_large_image\" \/>\n<meta name=\"twitter:label1\" content=\"Tiempo de lectura\" \/>\n\t<meta name=\"twitter:data1\" content=\"1 minuto\" \/>\n<script type=\"application\/ld+json\" class=\"yoast-schema-graph\">{\"@context\":\"https:\/\/schema.org\",\"@graph\":[{\"@type\":\"WebPage\",\"@id\":\"https:\/\/demoweb.info\/sexshop001\/producto\/pocket-dolphin-vibrador-de-silicona-azul\/\",\"url\":\"https:\/\/demoweb.info\/sexshop001\/producto\/pocket-dolphin-vibrador-de-silicona-azul\/\",\"name\":\"POCKET DOLPHIN VIBRADOR DE SILICONA - AZUL - Tienda Er\u00f3tica\",\"isPartOf\":{\"@id\":\"https:\/\/demoweb.info\/sexshop001\/#website\"},\"datePublished\":\"2022-01-22T19:56:22+00:00\",\"dateModified\":\"2022-01-22T19:56:35+00:00\",\"breadcrumb\":{\"@id\":\"https:\/\/demoweb.info\/sexshop001\/producto\/pocket-dolphin-vibrador-de-silicona-azul\/#breadcrumb\"},\"inLanguage\":\"es\",\"potentialAction\":[{\"@type\":\"ReadAction\",\"target\":[\"https:\/\/demoweb.info\/sexshop001\/producto\/pocket-dolphin-vibrador-de-silicona-azul\/\"]}]},{\"@type\":\"BreadcrumbList\",\"@id\":\"https:\/\/demoweb.info\/sexshop001\/producto\/pocket-dolphin-vibrador-de-silicona-azul\/#breadcrumb\",\"itemListElement\":[{\"@type\":\"ListItem\",\"position\":1,\"name\":\"Portada\",\"item\":\"https:\/\/demoweb.info\/sexshop001\/\"},{\"@type\":\"ListItem\",\"position\":2,\"name\":\"Tienda\",\"item\":\"https:\/\/demoweb.info\/sexshop001\/tienda\/\"},{\"@type\":\"ListItem\",\"position\":3,\"name\":\"POCKET DOLPHIN VIBRADOR DE SILICONA &#8211; AZUL\"}]},{\"@type\":\"WebSite\",\"@id\":\"https:\/\/demoweb.info\/sexshop001\/#website\",\"url\":\"https:\/\/demoweb.info\/sexshop001\/\",\"name\":\"Tienda Er\u00f3tica\",\"description\":\"DEMOWEB SL\",\"potentialAction\":[{\"@type\":\"SearchAction\",\"target\":{\"@type\":\"EntryPoint\",\"urlTemplate\":\"https:\/\/demoweb.info\/sexshop001\/?s={search_term_string}\"},\"query-input\":\"required name=search_term_string\"}],\"inLanguage\":\"es\"}]}<\/script>\n<!-- \/ Yoast SEO plugin. -->","yoast_head_json":{"title":"POCKET DOLPHIN VIBRADOR DE SILICONA - AZUL - Tienda Er\u00f3tica","robots":{"index":"noindex","follow":"follow","max-snippet":"max-snippet:-1","max-image-preview":"max-image-preview:large","max-video-preview":"max-video-preview:-1"},"og_locale":"es_ES","og_type":"article","og_title":"POCKET DOLPHIN VIBRADOR DE SILICONA - AZUL - Tienda Er\u00f3tica","og_description":"POCKET DOLPHIN VIBRATOR Discreto y divertido, este compa\u00f1ero de bolsillo siempre debe estar a tu lado, incluso mientras viajas. Hecho","og_url":"https:\/\/demoweb.info\/sexshop001\/producto\/pocket-dolphin-vibrador-de-silicona-azul\/","og_site_name":"Tienda Er\u00f3tica","article_modified_time":"2022-01-22T19:56:35+00:00","og_image":[{"width":550,"height":550,"url":"https:\/\/demoweb.info\/sexshop001\/wp-content\/uploads\/2022\/01\/POCKET-DOLPHIN-VIBRADOR-DE-SILICONA-AZUL.jpg","type":"image\/jpeg"}],"twitter_card":"summary_large_image","twitter_misc":{"Tiempo de lectura":"1 minuto"},"schema":{"@context":"https:\/\/schema.org","@graph":[{"@type":"WebPage","@id":"https:\/\/demoweb.info\/sexshop001\/producto\/pocket-dolphin-vibrador-de-silicona-azul\/","url":"https:\/\/demoweb.info\/sexshop001\/producto\/pocket-dolphin-vibrador-de-silicona-azul\/","name":"POCKET DOLPHIN VIBRADOR DE SILICONA - AZUL - Tienda Er\u00f3tica","isPartOf":{"@id":"https:\/\/demoweb.info\/sexshop001\/#website"},"datePublished":"2022-01-22T19:56:22+00:00","dateModified":"2022-01-22T19:56:35+00:00","breadcrumb":{"@id":"https:\/\/demoweb.info\/sexshop001\/producto\/pocket-dolphin-vibrador-de-silicona-azul\/#breadcrumb"},"inLanguage":"es","potentialAction":[{"@type":"ReadAction","target":["https:\/\/demoweb.info\/sexshop001\/producto\/pocket-dolphin-vibrador-de-silicona-azul\/"]}]},{"@type":"BreadcrumbList","@id":"https:\/\/demoweb.info\/sexshop001\/producto\/pocket-dolphin-vibrador-de-silicona-azul\/#breadcrumb","itemListElement":[{"@type":"ListItem","position":1,"name":"Portada","item":"https:\/\/demoweb.info\/sexshop001\/"},{"@type":"ListItem","position":2,"name":"Tienda","item":"https:\/\/demoweb.info\/sexshop001\/tienda\/"},{"@type":"ListItem","position":3,"name":"POCKET DOLPHIN VIBRADOR DE SILICONA &#8211; AZUL"}]},{"@type":"WebSite","@id":"https:\/\/demoweb.info\/sexshop001\/#website","url":"https:\/\/demoweb.info\/sexshop001\/","name":"Tienda Er\u00f3tica","description":"DEMOWEB SL","potentialAction":[{"@type":"SearchAction","target":{"@type":"EntryPoint","urlTemplate":"https:\/\/demoweb.info\/sexshop001\/?s={search_term_string}"},"query-input":"required name=search_term_string"}],"inLanguage":"es"}]}},"_links":{"self":[{"href":"https:\/\/demoweb.info\/sexshop001\/wp-json\/wp\/v3\/product\/72298","targetHints":{"allow":["GET"]}}],"collection":[{"href":"https:\/\/demoweb.info\/sexshop001\/wp-json\/wp\/v3\/product"}],"about":[{"href":"https:\/\/demoweb.info\/sexshop001\/wp-json\/wp\/v2\/types\/product"}],"replies":[{"embeddable":true,"href":"https:\/\/demoweb.info\/sexshop001\/wp-json\/wp\/v2\/comments?post=72298"}],"wp:featuredmedia":[{"embeddable":true,"href":"https:\/\/demoweb.info\/sexshop001\/wp-json\/wp\/v2\/media\/72299"}],"wp:attachment":[{"href":"https:\/\/demoweb.info\/sexshop001\/wp-json\/wp\/v2\/media?parent=72298"}],"wp:term":[{"taxonomy":"product_cat","embeddable":true,"href":"https:\/\/demoweb.info\/sexshop001\/wp-json\/wp\/v2\/product_cat?post=72298"},{"taxonomy":"product_tag","embeddable":true,"href":"https:\/\/demoweb.info\/sexshop001\/wp-json\/wp\/v2\/product_tag?post=72298"}],"curies":[{"name":"wp","href":"https:\/\/api.w.org\/{rel}","templated":true}]}}