{"id":7222,"date":"2022-01-22T09:27:32","date_gmt":"2022-01-22T08:27:32","guid":{"rendered":"https:\/\/demoweb.info\/sexshop001\/producto\/anillo-donut15x8x45mm-acero-pulido\/"},"modified":"2022-01-22T09:27:48","modified_gmt":"2022-01-22T08:27:48","slug":"anillo-donut15x8x45mm-acero-pulido","status":"publish","type":"product","link":"https:\/\/demoweb.info\/sexshop001\/producto\/anillo-donut15x8x45mm-acero-pulido\/","title":{"rendered":"ANILLO DONUT15X8X45MM ACERO PULIDO"},"content":{"rendered":"<p><strong>DONUT C-RING 15X8X40MM BRUSHED STEEL<\/strong><\/p>\n<p>Este popular Cockring est\u00e1 hecho de acero inoxidable de alta calidad. Se usa mejor alrededor del eje, glande y bolas para obtener resultados \u00f3ptimos, el borde biselado suave se siente glorioso contra su piel y se desliza f\u00e1cilmente con un poco de lubricante. Simplemente c\u00fabrase usted y el anillo con su lubricante favorito y p\u00f3ngalo mientras est\u00e1 fl\u00e1cido para un uso sin costuras, estos son perfectos para un juego avanzado y duro.<\/p>\n<p>Aspecto elegante y ajuste c\u00f3modo, proporciona un hormigueo extra intenso, hecho de material de acero inoxidable de alto grado, perfecto para mantener su erecci\u00f3n durante per\u00edodos m\u00e1s largos, un gran complemento para el sexo en pareja.<\/p>\n<ul>\n<li>Di\u00e1metro del producto: 6,1 cm<\/li>\n<li>Di\u00e1metro interno: 4,5 cm<\/li>\n<\/ul>\n","protected":false},"excerpt":{"rendered":"<p>DONUT C-RING 15X8X40MM BRUSHED STEEL Este popular Cockring est\u00e1 hecho de acero inoxidable de alta calidad. Se usa mejor alrededor<\/p>\n","protected":false},"featured_media":7223,"comment_status":"open","ping_status":"open","template":"","meta":[],"product_cat":[286],"product_tag":[283],"class_list":["post-7222","product","type-product","status-publish","has-post-thumbnail","hentry","product_cat-metal","product_tag-triune"],"bundled_by":[],"bundle_stock_status":"instock","bundle_stock_quantity":1,"bundle_virtual":false,"bundle_layout":"","bundle_add_to_cart_form_location":"","bundle_editable_in_cart":false,"bundle_sold_individually_context":"","bundle_item_grouping":"","bundle_min_size":"","bundle_max_size":"","bundled_items":[],"yoast_head":"<!-- This site is optimized with the Yoast SEO plugin v20.6 - https:\/\/yoast.com\/wordpress\/plugins\/seo\/ -->\n<title>ANILLO DONUT15X8X45MM ACERO PULIDO - Tienda Er\u00f3tica<\/title>\n<meta name=\"robots\" content=\"noindex, follow, max-snippet:-1, max-image-preview:large, max-video-preview:-1\" \/>\n<meta property=\"og:locale\" content=\"es_ES\" \/>\n<meta property=\"og:type\" content=\"article\" \/>\n<meta property=\"og:title\" content=\"ANILLO DONUT15X8X45MM ACERO PULIDO - Tienda Er\u00f3tica\" \/>\n<meta property=\"og:description\" content=\"DONUT C-RING 15X8X40MM BRUSHED STEEL Este popular Cockring est\u00e1 hecho de acero inoxidable de alta calidad. Se usa mejor alrededor\" \/>\n<meta property=\"og:url\" content=\"https:\/\/demoweb.info\/sexshop001\/producto\/anillo-donut15x8x45mm-acero-pulido\/\" \/>\n<meta property=\"og:site_name\" content=\"Tienda Er\u00f3tica\" \/>\n<meta property=\"article:modified_time\" content=\"2022-01-22T08:27:48+00:00\" \/>\n<meta property=\"og:image\" content=\"https:\/\/demoweb.info\/sexshop001\/wp-content\/uploads\/2022\/01\/ANILLO-DONUT15X8X45MM-ACERO-PULIDO.jpg\" \/>\n\t<meta property=\"og:image:width\" content=\"550\" \/>\n\t<meta property=\"og:image:height\" content=\"550\" \/>\n\t<meta property=\"og:image:type\" content=\"image\/jpeg\" \/>\n<meta name=\"twitter:card\" content=\"summary_large_image\" \/>\n<meta name=\"twitter:label1\" content=\"Tiempo de lectura\" \/>\n\t<meta name=\"twitter:data1\" content=\"1 minuto\" \/>\n<script type=\"application\/ld+json\" class=\"yoast-schema-graph\">{\"@context\":\"https:\/\/schema.org\",\"@graph\":[{\"@type\":\"WebPage\",\"@id\":\"https:\/\/demoweb.info\/sexshop001\/producto\/anillo-donut15x8x45mm-acero-pulido\/\",\"url\":\"https:\/\/demoweb.info\/sexshop001\/producto\/anillo-donut15x8x45mm-acero-pulido\/\",\"name\":\"ANILLO DONUT15X8X45MM ACERO PULIDO - Tienda Er\u00f3tica\",\"isPartOf\":{\"@id\":\"https:\/\/demoweb.info\/sexshop001\/#website\"},\"datePublished\":\"2022-01-22T08:27:32+00:00\",\"dateModified\":\"2022-01-22T08:27:48+00:00\",\"breadcrumb\":{\"@id\":\"https:\/\/demoweb.info\/sexshop001\/producto\/anillo-donut15x8x45mm-acero-pulido\/#breadcrumb\"},\"inLanguage\":\"es\",\"potentialAction\":[{\"@type\":\"ReadAction\",\"target\":[\"https:\/\/demoweb.info\/sexshop001\/producto\/anillo-donut15x8x45mm-acero-pulido\/\"]}]},{\"@type\":\"BreadcrumbList\",\"@id\":\"https:\/\/demoweb.info\/sexshop001\/producto\/anillo-donut15x8x45mm-acero-pulido\/#breadcrumb\",\"itemListElement\":[{\"@type\":\"ListItem\",\"position\":1,\"name\":\"Portada\",\"item\":\"https:\/\/demoweb.info\/sexshop001\/\"},{\"@type\":\"ListItem\",\"position\":2,\"name\":\"Tienda\",\"item\":\"https:\/\/demoweb.info\/sexshop001\/tienda\/\"},{\"@type\":\"ListItem\",\"position\":3,\"name\":\"ANILLO DONUT15X8X45MM ACERO PULIDO\"}]},{\"@type\":\"WebSite\",\"@id\":\"https:\/\/demoweb.info\/sexshop001\/#website\",\"url\":\"https:\/\/demoweb.info\/sexshop001\/\",\"name\":\"Tienda Er\u00f3tica\",\"description\":\"DEMOWEB SL\",\"potentialAction\":[{\"@type\":\"SearchAction\",\"target\":{\"@type\":\"EntryPoint\",\"urlTemplate\":\"https:\/\/demoweb.info\/sexshop001\/?s={search_term_string}\"},\"query-input\":\"required name=search_term_string\"}],\"inLanguage\":\"es\"}]}<\/script>\n<!-- \/ Yoast SEO plugin. -->","yoast_head_json":{"title":"ANILLO DONUT15X8X45MM ACERO PULIDO - Tienda Er\u00f3tica","robots":{"index":"noindex","follow":"follow","max-snippet":"max-snippet:-1","max-image-preview":"max-image-preview:large","max-video-preview":"max-video-preview:-1"},"og_locale":"es_ES","og_type":"article","og_title":"ANILLO DONUT15X8X45MM ACERO PULIDO - Tienda Er\u00f3tica","og_description":"DONUT C-RING 15X8X40MM BRUSHED STEEL Este popular Cockring est\u00e1 hecho de acero inoxidable de alta calidad. Se usa mejor alrededor","og_url":"https:\/\/demoweb.info\/sexshop001\/producto\/anillo-donut15x8x45mm-acero-pulido\/","og_site_name":"Tienda Er\u00f3tica","article_modified_time":"2022-01-22T08:27:48+00:00","og_image":[{"width":550,"height":550,"url":"https:\/\/demoweb.info\/sexshop001\/wp-content\/uploads\/2022\/01\/ANILLO-DONUT15X8X45MM-ACERO-PULIDO.jpg","type":"image\/jpeg"}],"twitter_card":"summary_large_image","twitter_misc":{"Tiempo de lectura":"1 minuto"},"schema":{"@context":"https:\/\/schema.org","@graph":[{"@type":"WebPage","@id":"https:\/\/demoweb.info\/sexshop001\/producto\/anillo-donut15x8x45mm-acero-pulido\/","url":"https:\/\/demoweb.info\/sexshop001\/producto\/anillo-donut15x8x45mm-acero-pulido\/","name":"ANILLO DONUT15X8X45MM ACERO PULIDO - Tienda Er\u00f3tica","isPartOf":{"@id":"https:\/\/demoweb.info\/sexshop001\/#website"},"datePublished":"2022-01-22T08:27:32+00:00","dateModified":"2022-01-22T08:27:48+00:00","breadcrumb":{"@id":"https:\/\/demoweb.info\/sexshop001\/producto\/anillo-donut15x8x45mm-acero-pulido\/#breadcrumb"},"inLanguage":"es","potentialAction":[{"@type":"ReadAction","target":["https:\/\/demoweb.info\/sexshop001\/producto\/anillo-donut15x8x45mm-acero-pulido\/"]}]},{"@type":"BreadcrumbList","@id":"https:\/\/demoweb.info\/sexshop001\/producto\/anillo-donut15x8x45mm-acero-pulido\/#breadcrumb","itemListElement":[{"@type":"ListItem","position":1,"name":"Portada","item":"https:\/\/demoweb.info\/sexshop001\/"},{"@type":"ListItem","position":2,"name":"Tienda","item":"https:\/\/demoweb.info\/sexshop001\/tienda\/"},{"@type":"ListItem","position":3,"name":"ANILLO DONUT15X8X45MM ACERO PULIDO"}]},{"@type":"WebSite","@id":"https:\/\/demoweb.info\/sexshop001\/#website","url":"https:\/\/demoweb.info\/sexshop001\/","name":"Tienda Er\u00f3tica","description":"DEMOWEB SL","potentialAction":[{"@type":"SearchAction","target":{"@type":"EntryPoint","urlTemplate":"https:\/\/demoweb.info\/sexshop001\/?s={search_term_string}"},"query-input":"required name=search_term_string"}],"inLanguage":"es"}]}},"_links":{"self":[{"href":"https:\/\/demoweb.info\/sexshop001\/wp-json\/wp\/v3\/product\/7222","targetHints":{"allow":["GET"]}}],"collection":[{"href":"https:\/\/demoweb.info\/sexshop001\/wp-json\/wp\/v3\/product"}],"about":[{"href":"https:\/\/demoweb.info\/sexshop001\/wp-json\/wp\/v2\/types\/product"}],"replies":[{"embeddable":true,"href":"https:\/\/demoweb.info\/sexshop001\/wp-json\/wp\/v2\/comments?post=7222"}],"wp:featuredmedia":[{"embeddable":true,"href":"https:\/\/demoweb.info\/sexshop001\/wp-json\/wp\/v2\/media\/7223"}],"wp:attachment":[{"href":"https:\/\/demoweb.info\/sexshop001\/wp-json\/wp\/v2\/media?parent=7222"}],"wp:term":[{"taxonomy":"product_cat","embeddable":true,"href":"https:\/\/demoweb.info\/sexshop001\/wp-json\/wp\/v2\/product_cat?post=7222"},{"taxonomy":"product_tag","embeddable":true,"href":"https:\/\/demoweb.info\/sexshop001\/wp-json\/wp\/v2\/product_tag?post=7222"}],"curies":[{"name":"wp","href":"https:\/\/api.w.org\/{rel}","templated":true}]}}