{"id":72204,"date":"2022-01-22T20:55:12","date_gmt":"2022-01-22T19:55:12","guid":{"rendered":"https:\/\/demoweb.info\/sexshop001\/producto\/g-wave-vibrador-doble-rosa\/"},"modified":"2022-01-22T20:55:23","modified_gmt":"2022-01-22T19:55:23","slug":"g-wave-vibrador-doble-rosa","status":"publish","type":"product","link":"https:\/\/demoweb.info\/sexshop001\/producto\/g-wave-vibrador-doble-rosa\/","title":{"rendered":"G-WAVE VIBRADOR DOBLE &#8211; ROSA"},"content":{"rendered":"<p><strong>G-WAVE DOUBLE VIBRATOR <\/strong><\/p>\n<p>Un conejo ultra flexible, \u00fanico en su clase. Dise\u00f1ado para una triple acci\u00f3n gracias a su flexibilidad y ergonom\u00eda. Su forma de U flexible permite la inserci\u00f3n de ambos extremos, estimulando la vagina y el punto G por completo.<\/p>\n<p>Otro m\u00e9todo es usar ambos extremos por separado, permitiendo la estimulaci\u00f3n simult\u00e1nea del cl\u00edtoris y el punto G.<\/p>\n<p>Tiene una superficie acanalada para aumentar la sensaci\u00f3n de placer.<\/p>\n<p>Caracter\u00edsticas:<\/p>\n<ul>\n<li>Dimensiones del producto: 18 x 7 x 7 cm<\/li>\n<li>Peso del producto: 125 gr<\/li>\n<li>Longitud insertable: 15 cm<\/li>\n<li>Tipos de velocidad: 10<\/li>\n<li>Recargable con USB<\/li>\n<li>Resistente al agua<\/li>\n<li>Materiales: Silicona<\/li>\n<\/ul>\n","protected":false},"excerpt":{"rendered":"<p>G-WAVE DOUBLE VIBRATOR Un conejo ultra flexible, \u00fanico en su clase. Dise\u00f1ado para una triple acci\u00f3n gracias a su flexibilidad<\/p>\n","protected":false},"featured_media":72205,"comment_status":"open","ping_status":"open","template":"","meta":[],"product_cat":[434],"product_tag":[435],"class_list":["post-72204","product","type-product","status-publish","has-post-thumbnail","hentry","product_cat-doble-estimulacion-vibradores-juguetes-xxx","product_tag-adrien-lastic"],"bundled_by":[],"bundle_stock_status":"outofstock","bundle_stock_quantity":0,"bundle_virtual":false,"bundle_layout":"","bundle_add_to_cart_form_location":"","bundle_editable_in_cart":false,"bundle_sold_individually_context":"","bundle_item_grouping":"","bundle_min_size":"","bundle_max_size":"","bundled_items":[],"yoast_head":"<!-- This site is optimized with the Yoast SEO plugin v20.6 - https:\/\/yoast.com\/wordpress\/plugins\/seo\/ -->\n<title>G-WAVE VIBRADOR DOBLE - ROSA - Tienda Er\u00f3tica<\/title>\n<meta name=\"robots\" content=\"noindex, follow, max-snippet:-1, max-image-preview:large, max-video-preview:-1\" \/>\n<meta property=\"og:locale\" content=\"es_ES\" \/>\n<meta property=\"og:type\" content=\"article\" \/>\n<meta property=\"og:title\" content=\"G-WAVE VIBRADOR DOBLE - ROSA - Tienda Er\u00f3tica\" \/>\n<meta property=\"og:description\" content=\"G-WAVE DOUBLE VIBRATOR Un conejo ultra flexible, \u00fanico en su clase. Dise\u00f1ado para una triple acci\u00f3n gracias a su flexibilidad\" \/>\n<meta property=\"og:url\" content=\"https:\/\/demoweb.info\/sexshop001\/producto\/g-wave-vibrador-doble-rosa\/\" \/>\n<meta property=\"og:site_name\" content=\"Tienda Er\u00f3tica\" \/>\n<meta property=\"article:modified_time\" content=\"2022-01-22T19:55:23+00:00\" \/>\n<meta property=\"og:image\" content=\"https:\/\/demoweb.info\/sexshop001\/wp-content\/uploads\/2022\/01\/G-WAVE-VIBRADOR-DOBLE-ROSA.jpg\" \/>\n\t<meta property=\"og:image:width\" content=\"550\" \/>\n\t<meta property=\"og:image:height\" content=\"550\" \/>\n\t<meta property=\"og:image:type\" content=\"image\/jpeg\" \/>\n<meta name=\"twitter:card\" content=\"summary_large_image\" \/>\n<meta name=\"twitter:label1\" content=\"Tiempo de lectura\" \/>\n\t<meta name=\"twitter:data1\" content=\"1 minuto\" \/>\n<script type=\"application\/ld+json\" class=\"yoast-schema-graph\">{\"@context\":\"https:\/\/schema.org\",\"@graph\":[{\"@type\":\"WebPage\",\"@id\":\"https:\/\/demoweb.info\/sexshop001\/producto\/g-wave-vibrador-doble-rosa\/\",\"url\":\"https:\/\/demoweb.info\/sexshop001\/producto\/g-wave-vibrador-doble-rosa\/\",\"name\":\"G-WAVE VIBRADOR DOBLE - ROSA - Tienda Er\u00f3tica\",\"isPartOf\":{\"@id\":\"https:\/\/demoweb.info\/sexshop001\/#website\"},\"datePublished\":\"2022-01-22T19:55:12+00:00\",\"dateModified\":\"2022-01-22T19:55:23+00:00\",\"breadcrumb\":{\"@id\":\"https:\/\/demoweb.info\/sexshop001\/producto\/g-wave-vibrador-doble-rosa\/#breadcrumb\"},\"inLanguage\":\"es\",\"potentialAction\":[{\"@type\":\"ReadAction\",\"target\":[\"https:\/\/demoweb.info\/sexshop001\/producto\/g-wave-vibrador-doble-rosa\/\"]}]},{\"@type\":\"BreadcrumbList\",\"@id\":\"https:\/\/demoweb.info\/sexshop001\/producto\/g-wave-vibrador-doble-rosa\/#breadcrumb\",\"itemListElement\":[{\"@type\":\"ListItem\",\"position\":1,\"name\":\"Portada\",\"item\":\"https:\/\/demoweb.info\/sexshop001\/\"},{\"@type\":\"ListItem\",\"position\":2,\"name\":\"Tienda\",\"item\":\"https:\/\/demoweb.info\/sexshop001\/tienda\/\"},{\"@type\":\"ListItem\",\"position\":3,\"name\":\"G-WAVE VIBRADOR DOBLE &#8211; ROSA\"}]},{\"@type\":\"WebSite\",\"@id\":\"https:\/\/demoweb.info\/sexshop001\/#website\",\"url\":\"https:\/\/demoweb.info\/sexshop001\/\",\"name\":\"Tienda Er\u00f3tica\",\"description\":\"DEMOWEB SL\",\"potentialAction\":[{\"@type\":\"SearchAction\",\"target\":{\"@type\":\"EntryPoint\",\"urlTemplate\":\"https:\/\/demoweb.info\/sexshop001\/?s={search_term_string}\"},\"query-input\":\"required name=search_term_string\"}],\"inLanguage\":\"es\"}]}<\/script>\n<!-- \/ Yoast SEO plugin. -->","yoast_head_json":{"title":"G-WAVE VIBRADOR DOBLE - ROSA - Tienda Er\u00f3tica","robots":{"index":"noindex","follow":"follow","max-snippet":"max-snippet:-1","max-image-preview":"max-image-preview:large","max-video-preview":"max-video-preview:-1"},"og_locale":"es_ES","og_type":"article","og_title":"G-WAVE VIBRADOR DOBLE - ROSA - Tienda Er\u00f3tica","og_description":"G-WAVE DOUBLE VIBRATOR Un conejo ultra flexible, \u00fanico en su clase. Dise\u00f1ado para una triple acci\u00f3n gracias a su flexibilidad","og_url":"https:\/\/demoweb.info\/sexshop001\/producto\/g-wave-vibrador-doble-rosa\/","og_site_name":"Tienda Er\u00f3tica","article_modified_time":"2022-01-22T19:55:23+00:00","og_image":[{"width":550,"height":550,"url":"https:\/\/demoweb.info\/sexshop001\/wp-content\/uploads\/2022\/01\/G-WAVE-VIBRADOR-DOBLE-ROSA.jpg","type":"image\/jpeg"}],"twitter_card":"summary_large_image","twitter_misc":{"Tiempo de lectura":"1 minuto"},"schema":{"@context":"https:\/\/schema.org","@graph":[{"@type":"WebPage","@id":"https:\/\/demoweb.info\/sexshop001\/producto\/g-wave-vibrador-doble-rosa\/","url":"https:\/\/demoweb.info\/sexshop001\/producto\/g-wave-vibrador-doble-rosa\/","name":"G-WAVE VIBRADOR DOBLE - ROSA - Tienda Er\u00f3tica","isPartOf":{"@id":"https:\/\/demoweb.info\/sexshop001\/#website"},"datePublished":"2022-01-22T19:55:12+00:00","dateModified":"2022-01-22T19:55:23+00:00","breadcrumb":{"@id":"https:\/\/demoweb.info\/sexshop001\/producto\/g-wave-vibrador-doble-rosa\/#breadcrumb"},"inLanguage":"es","potentialAction":[{"@type":"ReadAction","target":["https:\/\/demoweb.info\/sexshop001\/producto\/g-wave-vibrador-doble-rosa\/"]}]},{"@type":"BreadcrumbList","@id":"https:\/\/demoweb.info\/sexshop001\/producto\/g-wave-vibrador-doble-rosa\/#breadcrumb","itemListElement":[{"@type":"ListItem","position":1,"name":"Portada","item":"https:\/\/demoweb.info\/sexshop001\/"},{"@type":"ListItem","position":2,"name":"Tienda","item":"https:\/\/demoweb.info\/sexshop001\/tienda\/"},{"@type":"ListItem","position":3,"name":"G-WAVE VIBRADOR DOBLE &#8211; ROSA"}]},{"@type":"WebSite","@id":"https:\/\/demoweb.info\/sexshop001\/#website","url":"https:\/\/demoweb.info\/sexshop001\/","name":"Tienda Er\u00f3tica","description":"DEMOWEB SL","potentialAction":[{"@type":"SearchAction","target":{"@type":"EntryPoint","urlTemplate":"https:\/\/demoweb.info\/sexshop001\/?s={search_term_string}"},"query-input":"required name=search_term_string"}],"inLanguage":"es"}]}},"_links":{"self":[{"href":"https:\/\/demoweb.info\/sexshop001\/wp-json\/wp\/v3\/product\/72204","targetHints":{"allow":["GET"]}}],"collection":[{"href":"https:\/\/demoweb.info\/sexshop001\/wp-json\/wp\/v3\/product"}],"about":[{"href":"https:\/\/demoweb.info\/sexshop001\/wp-json\/wp\/v2\/types\/product"}],"replies":[{"embeddable":true,"href":"https:\/\/demoweb.info\/sexshop001\/wp-json\/wp\/v2\/comments?post=72204"}],"wp:featuredmedia":[{"embeddable":true,"href":"https:\/\/demoweb.info\/sexshop001\/wp-json\/wp\/v2\/media\/72205"}],"wp:attachment":[{"href":"https:\/\/demoweb.info\/sexshop001\/wp-json\/wp\/v2\/media?parent=72204"}],"wp:term":[{"taxonomy":"product_cat","embeddable":true,"href":"https:\/\/demoweb.info\/sexshop001\/wp-json\/wp\/v2\/product_cat?post=72204"},{"taxonomy":"product_tag","embeddable":true,"href":"https:\/\/demoweb.info\/sexshop001\/wp-json\/wp\/v2\/product_tag?post=72204"}],"curies":[{"name":"wp","href":"https:\/\/api.w.org\/{rel}","templated":true}]}}