{"id":71881,"date":"2022-01-22T20:51:22","date_gmt":"2022-01-22T19:51:22","guid":{"rendered":"https:\/\/demoweb.info\/sexshop001\/producto\/le-wand-penis-play-acople-de-silicona-gris\/"},"modified":"2022-01-22T20:51:29","modified_gmt":"2022-01-22T19:51:29","slug":"le-wand-penis-play-acople-de-silicona-gris","status":"publish","type":"product","link":"https:\/\/demoweb.info\/sexshop001\/producto\/le-wand-penis-play-acople-de-silicona-gris\/","title":{"rendered":"LE WAND &#8211; PENIS PLAY ACOPLE DE SILICONA &#8211; GRIS"},"content":{"rendered":"<p><strong>LE WAND &#8211; PENIS PLAY SILICONE ATTACHMENT<\/strong><\/p>\n<p>El accesorio para el pene Le Wand Loop transforma tu masajeador Le Wand en un juguete multitalento dirigido tambi\u00e9n a hombres. Este accesorio est\u00e1 dise\u00f1ado para envolverse alrededor de su pene para una sensaci\u00f3n incre\u00edble: simplemente coloque la cabeza del pene dentro de \u00e9l, presione firmemente el brazo hacia abajo y sienta que ocurre la magia.<\/p>\n<p>Este juguete tambi\u00e9n se puede acariciar arriba y abajo del pene para usarlo como manga o masturbador. El accesorio para el pene Loop est\u00e1 hecho de silicona que es segura para el cuerpo y no porosa para facilitar la limpieza. Est\u00e1 dise\u00f1ado especialmente para usar con su masajeador Le Wand, y agrega a\u00fan m\u00e1s posibilidades de placer a este elegante y moderno masajeador. Este accesorio se puede usar con un lubricante a base de agua.<\/p>\n<ul>\n<li>Medidas: 7 x 10,6 x 6,5 cm<\/li>\n<li>Resistente al agua<\/li>\n<li>Material: Silicona<\/li>\n<\/ul>\n","protected":false},"excerpt":{"rendered":"<p>LE WAND &#8211; PENIS PLAY SILICONE ATTACHMENT El accesorio para el pene Le Wand Loop transforma tu masajeador Le Wand<\/p>\n","protected":false},"featured_media":71882,"comment_status":"open","ping_status":"open","template":"","meta":[],"product_cat":[954],"product_tag":[646],"class_list":["post-71881","product","type-product","status-publish","has-post-thumbnail","hentry","product_cat-accesorios-vibradores-juguetes-xxx","product_tag-le-wand"],"bundled_by":[],"bundle_stock_status":"instock","bundle_stock_quantity":1,"bundle_virtual":false,"bundle_layout":"","bundle_add_to_cart_form_location":"","bundle_editable_in_cart":false,"bundle_sold_individually_context":"","bundle_item_grouping":"","bundle_min_size":"","bundle_max_size":"","bundled_items":[],"yoast_head":"<!-- This site is optimized with the Yoast SEO plugin v20.6 - https:\/\/yoast.com\/wordpress\/plugins\/seo\/ -->\n<title>LE WAND - PENIS PLAY ACOPLE DE SILICONA - GRIS - Tienda Er\u00f3tica<\/title>\n<meta name=\"robots\" content=\"noindex, follow, max-snippet:-1, max-image-preview:large, max-video-preview:-1\" \/>\n<meta property=\"og:locale\" content=\"es_ES\" \/>\n<meta property=\"og:type\" content=\"article\" \/>\n<meta property=\"og:title\" content=\"LE WAND - PENIS PLAY ACOPLE DE SILICONA - GRIS - Tienda Er\u00f3tica\" \/>\n<meta property=\"og:description\" content=\"LE WAND &#8211; PENIS PLAY SILICONE ATTACHMENT El accesorio para el pene Le Wand Loop transforma tu masajeador Le Wand\" \/>\n<meta property=\"og:url\" content=\"https:\/\/demoweb.info\/sexshop001\/producto\/le-wand-penis-play-acople-de-silicona-gris\/\" \/>\n<meta property=\"og:site_name\" content=\"Tienda Er\u00f3tica\" \/>\n<meta property=\"article:modified_time\" content=\"2022-01-22T19:51:29+00:00\" \/>\n<meta property=\"og:image\" content=\"https:\/\/demoweb.info\/sexshop001\/wp-content\/uploads\/2022\/01\/LE-WAND-PENIS-PLAY-ACOPLE-DE-SILICONA-GRIS.jpg\" \/>\n\t<meta property=\"og:image:width\" content=\"550\" \/>\n\t<meta property=\"og:image:height\" content=\"550\" \/>\n\t<meta property=\"og:image:type\" content=\"image\/jpeg\" \/>\n<meta name=\"twitter:card\" content=\"summary_large_image\" \/>\n<meta name=\"twitter:label1\" content=\"Tiempo de lectura\" \/>\n\t<meta name=\"twitter:data1\" content=\"1 minuto\" \/>\n<script type=\"application\/ld+json\" class=\"yoast-schema-graph\">{\"@context\":\"https:\/\/schema.org\",\"@graph\":[{\"@type\":\"WebPage\",\"@id\":\"https:\/\/demoweb.info\/sexshop001\/producto\/le-wand-penis-play-acople-de-silicona-gris\/\",\"url\":\"https:\/\/demoweb.info\/sexshop001\/producto\/le-wand-penis-play-acople-de-silicona-gris\/\",\"name\":\"LE WAND - PENIS PLAY ACOPLE DE SILICONA - GRIS - Tienda Er\u00f3tica\",\"isPartOf\":{\"@id\":\"https:\/\/demoweb.info\/sexshop001\/#website\"},\"datePublished\":\"2022-01-22T19:51:22+00:00\",\"dateModified\":\"2022-01-22T19:51:29+00:00\",\"breadcrumb\":{\"@id\":\"https:\/\/demoweb.info\/sexshop001\/producto\/le-wand-penis-play-acople-de-silicona-gris\/#breadcrumb\"},\"inLanguage\":\"es\",\"potentialAction\":[{\"@type\":\"ReadAction\",\"target\":[\"https:\/\/demoweb.info\/sexshop001\/producto\/le-wand-penis-play-acople-de-silicona-gris\/\"]}]},{\"@type\":\"BreadcrumbList\",\"@id\":\"https:\/\/demoweb.info\/sexshop001\/producto\/le-wand-penis-play-acople-de-silicona-gris\/#breadcrumb\",\"itemListElement\":[{\"@type\":\"ListItem\",\"position\":1,\"name\":\"Portada\",\"item\":\"https:\/\/demoweb.info\/sexshop001\/\"},{\"@type\":\"ListItem\",\"position\":2,\"name\":\"Tienda\",\"item\":\"https:\/\/demoweb.info\/sexshop001\/tienda\/\"},{\"@type\":\"ListItem\",\"position\":3,\"name\":\"LE WAND &#8211; PENIS PLAY ACOPLE DE SILICONA &#8211; GRIS\"}]},{\"@type\":\"WebSite\",\"@id\":\"https:\/\/demoweb.info\/sexshop001\/#website\",\"url\":\"https:\/\/demoweb.info\/sexshop001\/\",\"name\":\"Tienda Er\u00f3tica\",\"description\":\"DEMOWEB SL\",\"potentialAction\":[{\"@type\":\"SearchAction\",\"target\":{\"@type\":\"EntryPoint\",\"urlTemplate\":\"https:\/\/demoweb.info\/sexshop001\/?s={search_term_string}\"},\"query-input\":\"required name=search_term_string\"}],\"inLanguage\":\"es\"}]}<\/script>\n<!-- \/ Yoast SEO plugin. -->","yoast_head_json":{"title":"LE WAND - PENIS PLAY ACOPLE DE SILICONA - GRIS - Tienda Er\u00f3tica","robots":{"index":"noindex","follow":"follow","max-snippet":"max-snippet:-1","max-image-preview":"max-image-preview:large","max-video-preview":"max-video-preview:-1"},"og_locale":"es_ES","og_type":"article","og_title":"LE WAND - PENIS PLAY ACOPLE DE SILICONA - GRIS - Tienda Er\u00f3tica","og_description":"LE WAND &#8211; PENIS PLAY SILICONE ATTACHMENT El accesorio para el pene Le Wand Loop transforma tu masajeador Le Wand","og_url":"https:\/\/demoweb.info\/sexshop001\/producto\/le-wand-penis-play-acople-de-silicona-gris\/","og_site_name":"Tienda Er\u00f3tica","article_modified_time":"2022-01-22T19:51:29+00:00","og_image":[{"width":550,"height":550,"url":"https:\/\/demoweb.info\/sexshop001\/wp-content\/uploads\/2022\/01\/LE-WAND-PENIS-PLAY-ACOPLE-DE-SILICONA-GRIS.jpg","type":"image\/jpeg"}],"twitter_card":"summary_large_image","twitter_misc":{"Tiempo de lectura":"1 minuto"},"schema":{"@context":"https:\/\/schema.org","@graph":[{"@type":"WebPage","@id":"https:\/\/demoweb.info\/sexshop001\/producto\/le-wand-penis-play-acople-de-silicona-gris\/","url":"https:\/\/demoweb.info\/sexshop001\/producto\/le-wand-penis-play-acople-de-silicona-gris\/","name":"LE WAND - PENIS PLAY ACOPLE DE SILICONA - GRIS - Tienda Er\u00f3tica","isPartOf":{"@id":"https:\/\/demoweb.info\/sexshop001\/#website"},"datePublished":"2022-01-22T19:51:22+00:00","dateModified":"2022-01-22T19:51:29+00:00","breadcrumb":{"@id":"https:\/\/demoweb.info\/sexshop001\/producto\/le-wand-penis-play-acople-de-silicona-gris\/#breadcrumb"},"inLanguage":"es","potentialAction":[{"@type":"ReadAction","target":["https:\/\/demoweb.info\/sexshop001\/producto\/le-wand-penis-play-acople-de-silicona-gris\/"]}]},{"@type":"BreadcrumbList","@id":"https:\/\/demoweb.info\/sexshop001\/producto\/le-wand-penis-play-acople-de-silicona-gris\/#breadcrumb","itemListElement":[{"@type":"ListItem","position":1,"name":"Portada","item":"https:\/\/demoweb.info\/sexshop001\/"},{"@type":"ListItem","position":2,"name":"Tienda","item":"https:\/\/demoweb.info\/sexshop001\/tienda\/"},{"@type":"ListItem","position":3,"name":"LE WAND &#8211; PENIS PLAY ACOPLE DE SILICONA &#8211; GRIS"}]},{"@type":"WebSite","@id":"https:\/\/demoweb.info\/sexshop001\/#website","url":"https:\/\/demoweb.info\/sexshop001\/","name":"Tienda Er\u00f3tica","description":"DEMOWEB SL","potentialAction":[{"@type":"SearchAction","target":{"@type":"EntryPoint","urlTemplate":"https:\/\/demoweb.info\/sexshop001\/?s={search_term_string}"},"query-input":"required name=search_term_string"}],"inLanguage":"es"}]}},"_links":{"self":[{"href":"https:\/\/demoweb.info\/sexshop001\/wp-json\/wp\/v3\/product\/71881","targetHints":{"allow":["GET"]}}],"collection":[{"href":"https:\/\/demoweb.info\/sexshop001\/wp-json\/wp\/v3\/product"}],"about":[{"href":"https:\/\/demoweb.info\/sexshop001\/wp-json\/wp\/v2\/types\/product"}],"replies":[{"embeddable":true,"href":"https:\/\/demoweb.info\/sexshop001\/wp-json\/wp\/v2\/comments?post=71881"}],"wp:featuredmedia":[{"embeddable":true,"href":"https:\/\/demoweb.info\/sexshop001\/wp-json\/wp\/v2\/media\/71882"}],"wp:attachment":[{"href":"https:\/\/demoweb.info\/sexshop001\/wp-json\/wp\/v2\/media?parent=71881"}],"wp:term":[{"taxonomy":"product_cat","embeddable":true,"href":"https:\/\/demoweb.info\/sexshop001\/wp-json\/wp\/v2\/product_cat?post=71881"},{"taxonomy":"product_tag","embeddable":true,"href":"https:\/\/demoweb.info\/sexshop001\/wp-json\/wp\/v2\/product_tag?post=71881"}],"curies":[{"name":"wp","href":"https:\/\/api.w.org\/{rel}","templated":true}]}}