{"id":71876,"date":"2022-01-22T20:51:22","date_gmt":"2022-01-22T19:51:22","guid":{"rendered":"https:\/\/demoweb.info\/sexshop001\/producto\/le-wand-petite-masajeador-recargable-violeta\/"},"modified":"2022-01-22T20:51:25","modified_gmt":"2022-01-22T19:51:25","slug":"le-wand-petite-masajeador-recargable-violeta","status":"publish","type":"product","link":"https:\/\/demoweb.info\/sexshop001\/producto\/le-wand-petite-masajeador-recargable-violeta\/","title":{"rendered":"LE WAND PETITE MASAJEADOR RECARGABLE &#8211; VIOLETA"},"content":{"rendered":"<p><strong>LE WAND &#8211; PETITE RECHARGEABLE VIBRATING MASSAGER <\/strong><\/p>\n<p>El masajeador vibratorio recargable Le Wand Petite es una versi\u00f3n m\u00e1s peque\u00f1a de nuestra ic\u00f3nica y poderosa varita. Le Wand Petite es m\u00e1s peque\u00f1o en tama\u00f1o, pero grande en potencia. Cuenta con 10 velocidades de vibraci\u00f3n estruendosas y 6 patrones de vibraci\u00f3n. El dise\u00f1o elegante y con estilo proporciona vibraci\u00f3n enfocada en la cabeza de la varita. Es recargable por USB y es apto para duchas y ba\u00f1os. El tama\u00f1o f\u00e1cil de usar de Le Wand Petite es ideal para aquellos nuevos en masajeadores vibratorios y es el compa\u00f1ero de viaje perfecto para aquellos que no quieren salir de casa sin su vibrador favorito.<\/p>\n<p>Le Wand Petite es un set de regalo, listo para viajar, que cuenta con una cabeza de silicona segura para el cuerpo, cuello flexible, estuche de viaje conveniente y empaque lujoso.<br \/>\nEl masajeador vibratorio recargable Le Wand Petite es una versi\u00f3n m\u00e1s peque\u00f1a de nuestra ic\u00f3nica y poderosa varita. Le Wand Petite es m\u00e1s peque\u00f1o en tama\u00f1o, pero grande en potencia. Cuenta con 10 velocidades de vibraci\u00f3n estruendosas y 6 patrones de vibraci\u00f3n. El dise\u00f1o elegante y con estilo proporciona vibraci\u00f3n enfocada en la cabeza de la varita. Es recargable por USB y es apto para duchas y ba\u00f1os. El tama\u00f1o f\u00e1cil de usar de Le Wand Petite es ideal para aquellos nuevos en masajeadores vibratorios y es el compa\u00f1ero de viaje perfecto para aquellos que no quieren salir de casa sin su vibrador favorito.<\/p>\n<p>Le Wand Petite es un set de regalo, listo para viajar, que cuenta con una cabeza de silicona segura para el cuerpo, cuello flexible, estuche de viaje conveniente y empaque lujoso.<\/p>\n<p>Caracter\u00edsticas:<\/p>\n<ul>\n<li>Dimensiones del producto: 25 x 4,8 x 5,2 cm<\/li>\n<li>Peso del producto: 218 gr<\/li>\n<li>Tipos de velocidad: 10<\/li>\n<li>Se requieren bater\u00edas: 1<\/li>\n<li>Tipo de bater\u00edas: Lithium Ion<\/li>\n<li>Recargable<\/li>\n<li>Tiempo de recarga: 60 min<\/li>\n<li>Vida de la recarga de las bater\u00edas: 120 min<\/li>\n<li>A prueba de agua<\/li>\n<li>Materiales: Silicona y ABS<\/li>\n<\/ul>\n","protected":false},"excerpt":{"rendered":"<p>LE WAND &#8211; PETITE RECHARGEABLE VIBRATING MASSAGER El masajeador vibratorio recargable Le Wand Petite es una versi\u00f3n m\u00e1s peque\u00f1a de<\/p>\n","protected":false},"featured_media":71877,"comment_status":"open","ping_status":"open","template":"","meta":[],"product_cat":[370],"product_tag":[646],"class_list":["post-71876","product","type-product","status-publish","has-post-thumbnail","hentry","product_cat-clitoris","product_tag-le-wand"],"bundled_by":[],"bundle_stock_status":"instock","bundle_stock_quantity":1,"bundle_virtual":false,"bundle_layout":"","bundle_add_to_cart_form_location":"","bundle_editable_in_cart":false,"bundle_sold_individually_context":"","bundle_item_grouping":"","bundle_min_size":"","bundle_max_size":"","bundled_items":[],"yoast_head":"<!-- This site is optimized with the Yoast SEO plugin v20.6 - https:\/\/yoast.com\/wordpress\/plugins\/seo\/ -->\n<title>LE WAND PETITE MASAJEADOR RECARGABLE - VIOLETA - Tienda Er\u00f3tica<\/title>\n<meta name=\"robots\" content=\"noindex, follow, max-snippet:-1, max-image-preview:large, max-video-preview:-1\" \/>\n<meta property=\"og:locale\" content=\"es_ES\" \/>\n<meta property=\"og:type\" content=\"article\" \/>\n<meta property=\"og:title\" content=\"LE WAND PETITE MASAJEADOR RECARGABLE - VIOLETA - Tienda Er\u00f3tica\" \/>\n<meta property=\"og:description\" content=\"LE WAND &#8211; PETITE RECHARGEABLE VIBRATING MASSAGER El masajeador vibratorio recargable Le Wand Petite es una versi\u00f3n m\u00e1s peque\u00f1a de\" \/>\n<meta property=\"og:url\" content=\"https:\/\/demoweb.info\/sexshop001\/producto\/le-wand-petite-masajeador-recargable-violeta\/\" \/>\n<meta property=\"og:site_name\" content=\"Tienda Er\u00f3tica\" \/>\n<meta property=\"article:modified_time\" content=\"2022-01-22T19:51:25+00:00\" \/>\n<meta property=\"og:image\" content=\"https:\/\/demoweb.info\/sexshop001\/wp-content\/uploads\/2022\/01\/LE-WAND-PETITE-MASAJEADOR-RECARGABLE-VIOLETA.jpg\" \/>\n\t<meta property=\"og:image:width\" content=\"550\" \/>\n\t<meta property=\"og:image:height\" content=\"550\" \/>\n\t<meta property=\"og:image:type\" content=\"image\/jpeg\" \/>\n<meta name=\"twitter:card\" content=\"summary_large_image\" \/>\n<meta name=\"twitter:label1\" content=\"Tiempo de lectura\" \/>\n\t<meta name=\"twitter:data1\" content=\"2 minutos\" \/>\n<script type=\"application\/ld+json\" class=\"yoast-schema-graph\">{\"@context\":\"https:\/\/schema.org\",\"@graph\":[{\"@type\":\"WebPage\",\"@id\":\"https:\/\/demoweb.info\/sexshop001\/producto\/le-wand-petite-masajeador-recargable-violeta\/\",\"url\":\"https:\/\/demoweb.info\/sexshop001\/producto\/le-wand-petite-masajeador-recargable-violeta\/\",\"name\":\"LE WAND PETITE MASAJEADOR RECARGABLE - VIOLETA - Tienda Er\u00f3tica\",\"isPartOf\":{\"@id\":\"https:\/\/demoweb.info\/sexshop001\/#website\"},\"datePublished\":\"2022-01-22T19:51:22+00:00\",\"dateModified\":\"2022-01-22T19:51:25+00:00\",\"breadcrumb\":{\"@id\":\"https:\/\/demoweb.info\/sexshop001\/producto\/le-wand-petite-masajeador-recargable-violeta\/#breadcrumb\"},\"inLanguage\":\"es\",\"potentialAction\":[{\"@type\":\"ReadAction\",\"target\":[\"https:\/\/demoweb.info\/sexshop001\/producto\/le-wand-petite-masajeador-recargable-violeta\/\"]}]},{\"@type\":\"BreadcrumbList\",\"@id\":\"https:\/\/demoweb.info\/sexshop001\/producto\/le-wand-petite-masajeador-recargable-violeta\/#breadcrumb\",\"itemListElement\":[{\"@type\":\"ListItem\",\"position\":1,\"name\":\"Portada\",\"item\":\"https:\/\/demoweb.info\/sexshop001\/\"},{\"@type\":\"ListItem\",\"position\":2,\"name\":\"Tienda\",\"item\":\"https:\/\/demoweb.info\/sexshop001\/tienda\/\"},{\"@type\":\"ListItem\",\"position\":3,\"name\":\"LE WAND PETITE MASAJEADOR RECARGABLE &#8211; VIOLETA\"}]},{\"@type\":\"WebSite\",\"@id\":\"https:\/\/demoweb.info\/sexshop001\/#website\",\"url\":\"https:\/\/demoweb.info\/sexshop001\/\",\"name\":\"Tienda Er\u00f3tica\",\"description\":\"DEMOWEB SL\",\"potentialAction\":[{\"@type\":\"SearchAction\",\"target\":{\"@type\":\"EntryPoint\",\"urlTemplate\":\"https:\/\/demoweb.info\/sexshop001\/?s={search_term_string}\"},\"query-input\":\"required name=search_term_string\"}],\"inLanguage\":\"es\"}]}<\/script>\n<!-- \/ Yoast SEO plugin. -->","yoast_head_json":{"title":"LE WAND PETITE MASAJEADOR RECARGABLE - VIOLETA - Tienda Er\u00f3tica","robots":{"index":"noindex","follow":"follow","max-snippet":"max-snippet:-1","max-image-preview":"max-image-preview:large","max-video-preview":"max-video-preview:-1"},"og_locale":"es_ES","og_type":"article","og_title":"LE WAND PETITE MASAJEADOR RECARGABLE - VIOLETA - Tienda Er\u00f3tica","og_description":"LE WAND &#8211; PETITE RECHARGEABLE VIBRATING MASSAGER El masajeador vibratorio recargable Le Wand Petite es una versi\u00f3n m\u00e1s peque\u00f1a de","og_url":"https:\/\/demoweb.info\/sexshop001\/producto\/le-wand-petite-masajeador-recargable-violeta\/","og_site_name":"Tienda Er\u00f3tica","article_modified_time":"2022-01-22T19:51:25+00:00","og_image":[{"width":550,"height":550,"url":"https:\/\/demoweb.info\/sexshop001\/wp-content\/uploads\/2022\/01\/LE-WAND-PETITE-MASAJEADOR-RECARGABLE-VIOLETA.jpg","type":"image\/jpeg"}],"twitter_card":"summary_large_image","twitter_misc":{"Tiempo de lectura":"2 minutos"},"schema":{"@context":"https:\/\/schema.org","@graph":[{"@type":"WebPage","@id":"https:\/\/demoweb.info\/sexshop001\/producto\/le-wand-petite-masajeador-recargable-violeta\/","url":"https:\/\/demoweb.info\/sexshop001\/producto\/le-wand-petite-masajeador-recargable-violeta\/","name":"LE WAND PETITE MASAJEADOR RECARGABLE - VIOLETA - Tienda Er\u00f3tica","isPartOf":{"@id":"https:\/\/demoweb.info\/sexshop001\/#website"},"datePublished":"2022-01-22T19:51:22+00:00","dateModified":"2022-01-22T19:51:25+00:00","breadcrumb":{"@id":"https:\/\/demoweb.info\/sexshop001\/producto\/le-wand-petite-masajeador-recargable-violeta\/#breadcrumb"},"inLanguage":"es","potentialAction":[{"@type":"ReadAction","target":["https:\/\/demoweb.info\/sexshop001\/producto\/le-wand-petite-masajeador-recargable-violeta\/"]}]},{"@type":"BreadcrumbList","@id":"https:\/\/demoweb.info\/sexshop001\/producto\/le-wand-petite-masajeador-recargable-violeta\/#breadcrumb","itemListElement":[{"@type":"ListItem","position":1,"name":"Portada","item":"https:\/\/demoweb.info\/sexshop001\/"},{"@type":"ListItem","position":2,"name":"Tienda","item":"https:\/\/demoweb.info\/sexshop001\/tienda\/"},{"@type":"ListItem","position":3,"name":"LE WAND PETITE MASAJEADOR RECARGABLE &#8211; VIOLETA"}]},{"@type":"WebSite","@id":"https:\/\/demoweb.info\/sexshop001\/#website","url":"https:\/\/demoweb.info\/sexshop001\/","name":"Tienda Er\u00f3tica","description":"DEMOWEB SL","potentialAction":[{"@type":"SearchAction","target":{"@type":"EntryPoint","urlTemplate":"https:\/\/demoweb.info\/sexshop001\/?s={search_term_string}"},"query-input":"required name=search_term_string"}],"inLanguage":"es"}]}},"_links":{"self":[{"href":"https:\/\/demoweb.info\/sexshop001\/wp-json\/wp\/v3\/product\/71876","targetHints":{"allow":["GET"]}}],"collection":[{"href":"https:\/\/demoweb.info\/sexshop001\/wp-json\/wp\/v3\/product"}],"about":[{"href":"https:\/\/demoweb.info\/sexshop001\/wp-json\/wp\/v2\/types\/product"}],"replies":[{"embeddable":true,"href":"https:\/\/demoweb.info\/sexshop001\/wp-json\/wp\/v2\/comments?post=71876"}],"wp:featuredmedia":[{"embeddable":true,"href":"https:\/\/demoweb.info\/sexshop001\/wp-json\/wp\/v2\/media\/71877"}],"wp:attachment":[{"href":"https:\/\/demoweb.info\/sexshop001\/wp-json\/wp\/v2\/media?parent=71876"}],"wp:term":[{"taxonomy":"product_cat","embeddable":true,"href":"https:\/\/demoweb.info\/sexshop001\/wp-json\/wp\/v2\/product_cat?post=71876"},{"taxonomy":"product_tag","embeddable":true,"href":"https:\/\/demoweb.info\/sexshop001\/wp-json\/wp\/v2\/product_tag?post=71876"}],"curies":[{"name":"wp","href":"https:\/\/api.w.org\/{rel}","templated":true}]}}