{"id":71761,"date":"2022-01-22T20:49:50","date_gmt":"2022-01-22T19:49:50","guid":{"rendered":"https:\/\/demoweb.info\/sexshop001\/producto\/rimming-petite-turquesa\/"},"modified":"2022-01-22T20:49:57","modified_gmt":"2022-01-22T19:49:57","slug":"rimming-petite-turquesa","status":"publish","type":"product","link":"https:\/\/demoweb.info\/sexshop001\/producto\/rimming-petite-turquesa\/","title":{"rendered":"RIMMING PETITE &#8211; TURQUESA"},"content":{"rendered":"<p><strong>RIMMING PETITE<\/strong><\/p>\n<p>Gran juguete para principiantes, el Rimming Plug Petite es la edici\u00f3n m\u00e1s peque\u00f1a de nuestro exclusivo juguete sexual anal, el Rimming Plug 2.<\/p>\n<p>Descubra por qu\u00e9 el Rimming Plug Petite est\u00e1 siendo elogiado como uno de los mejores tapones vibrantes para el juego anal:<\/p>\n<ul>\n<li><strong>Tama\u00f1o mediano con m\u00e1ximo placer:<\/strong> al igual que el Rimming Plug 2, el Rimming Plug Petite presenta perlas giratorias en el cuello para simular la sensaci\u00f3n de un trabajo de borde.<\/li>\n<li><strong>7 formas de bordear + 6 formas de vibrar<\/strong>: Rimming Plug Petite incluye 7 modos en las bolas giratorias y 6 patrones de vibraci\u00f3n en la vibraci\u00f3n de intervalo para brindarte m\u00e1s formas de disfrutar del juego anal.<\/li>\n<li><strong>Ideal para principiantes:<\/strong> las vibraciones del Rimming Plug Petite no solo brindan una sensaci\u00f3n placentera, sino que tambi\u00e9n ayudan a relajar los m\u00fasculos del esf\u00ednter anal, lo cual es muy \u00fatil cuando comienzas con el juego anal.<\/li>\n<li><strong>Estimulaci\u00f3n de placer dual: <\/strong>\u00bfSab\u00eda que tambi\u00e9n experimenta un placer incre\u00edble desde la pared compartida entre el canal anal y la pr\u00f3stata (si tiene un pene) o un punto A (si tiene una vagina)? Esto se logra a trav\u00e9s de la potente punta ubicada en la parte superior de este tap\u00f3n vibrante.<\/li>\n<li><strong>100% seguro para el cuerpo<\/strong>: todos los tapones B-Vibe son hipoalerg\u00e9nicos y est\u00e1n hechos de silicona suave y sedosa de primera calidad. El Rimming Plug Petite es libre de ftalatos, l\u00e1tex y completamente no poroso.<\/li>\n<li><strong>Tecnolog\u00eda inal\u00e1mbrica:<\/strong> \u00bfse siente pervertido? Explore los roles dominantes y sumisos o vaya solo con nuestro control remoto inal\u00e1mbrico de un toque que funciona hasta 1 metro de distancia.<\/li>\n<li><strong>Bater\u00eda recargable USB:<\/strong> alimentada por una celda de litio CR2032, una carga de 2 horas proporciona una hora de juego anal sensual. El indicador de nivel de bater\u00eda inteligente parpadea cuando se requiere cargar.<\/li>\n<li><strong>A prueba de salpicaduras: <\/strong>cuidadosamente dise\u00f1ado para que sea apto para la ducha, el Rimming Plug Petite es a prueba de salpicaduras, lo que facilita la limpieza.<\/li>\n<li><strong>Preparado para viajar: <\/strong>\u00bfnecesita un compa\u00f1ero de viaje divertido para acompa\u00f1arlo? El Rimming Plug Petite llega con un pr\u00e1ctico estuche y bloqueo de viaje para evitar un encendido accidental.<\/li>\n<li><strong>Garant\u00eda de 1 a\u00f1o: <\/strong>nuestra garant\u00eda limitada protege el Rimming Plug 2 contra todos los defectos de materiales y mano de obra durante 1 a\u00f1o. Tranquil\u00edcese al registrar su b-Vibe en nuestro sitio web.<\/li>\n<\/ul>\n<p>En general, el Rimming Plug Petite es m\u00e1s suave y viene con una Gu\u00eda para el Juego Anal, que lo convierte en el tap\u00f3n perfecto si est\u00e1s buscando explorar el placer de la puerta trasera.<\/p>\n<p>Caracter\u00edsticas:<\/p>\n<ul>\n<li>Dimensiones del producto: 12 x 6,3 x 3,5 cm<\/li>\n<li>Peso del producto: 128,80 gr<\/li>\n<li>Di\u00e1metro del producto: 3,4 cm<\/li>\n<li>Longitud insertable: 10,0 cm<\/li>\n<li>Tipos de velocidad: 6<\/li>\n<li>Se requieren bater\u00edas: 1<\/li>\n<li>Tipo de bater\u00edas: Lithium Ion<\/li>\n<li>Recargable con USB<\/li>\n<li>Tiempo de recarga: 60 min<\/li>\n<li>Vida de la recarga de las bater\u00edas: 120 min<\/li>\n<li>A prueba de agua: S\u00ed<\/li>\n<li>Materiales: Silicona<\/li>\n<\/ul>\n","protected":false},"excerpt":{"rendered":"<p>RIMMING PETITE Gran juguete para principiantes, el Rimming Plug Petite es la edici\u00f3n m\u00e1s peque\u00f1a de nuestro exclusivo juguete sexual<\/p>\n","protected":false},"featured_media":71762,"comment_status":"open","ping_status":"open","template":"","meta":[],"product_cat":[338],"product_tag":[1695],"class_list":["post-71761","product","type-product","status-publish","has-post-thumbnail","hentry","product_cat-silicona-plugs","product_tag-b-vibe"],"bundled_by":[],"bundle_stock_status":"outofstock","bundle_stock_quantity":0,"bundle_virtual":false,"bundle_layout":"","bundle_add_to_cart_form_location":"","bundle_editable_in_cart":false,"bundle_sold_individually_context":"","bundle_item_grouping":"","bundle_min_size":"","bundle_max_size":"","bundled_items":[],"yoast_head":"<!-- This site is optimized with the Yoast SEO plugin v20.6 - https:\/\/yoast.com\/wordpress\/plugins\/seo\/ -->\n<title>RIMMING PETITE - TURQUESA - Tienda Er\u00f3tica<\/title>\n<meta name=\"robots\" content=\"noindex, follow, max-snippet:-1, max-image-preview:large, max-video-preview:-1\" \/>\n<meta property=\"og:locale\" content=\"es_ES\" \/>\n<meta property=\"og:type\" content=\"article\" \/>\n<meta property=\"og:title\" content=\"RIMMING PETITE - TURQUESA - Tienda Er\u00f3tica\" \/>\n<meta property=\"og:description\" content=\"RIMMING PETITE Gran juguete para principiantes, el Rimming Plug Petite es la edici\u00f3n m\u00e1s peque\u00f1a de nuestro exclusivo juguete sexual\" \/>\n<meta property=\"og:url\" content=\"https:\/\/demoweb.info\/sexshop001\/producto\/rimming-petite-turquesa\/\" \/>\n<meta property=\"og:site_name\" content=\"Tienda Er\u00f3tica\" \/>\n<meta property=\"article:modified_time\" content=\"2022-01-22T19:49:57+00:00\" \/>\n<meta property=\"og:image\" content=\"https:\/\/demoweb.info\/sexshop001\/wp-content\/uploads\/2022\/01\/RIMMING-PETITE-TURQUESA.jpg\" \/>\n\t<meta property=\"og:image:width\" content=\"550\" \/>\n\t<meta property=\"og:image:height\" content=\"550\" \/>\n\t<meta property=\"og:image:type\" content=\"image\/jpeg\" \/>\n<meta name=\"twitter:card\" content=\"summary_large_image\" \/>\n<meta name=\"twitter:label1\" content=\"Tiempo de lectura\" \/>\n\t<meta name=\"twitter:data1\" content=\"3 minutos\" \/>\n<script type=\"application\/ld+json\" class=\"yoast-schema-graph\">{\"@context\":\"https:\/\/schema.org\",\"@graph\":[{\"@type\":\"WebPage\",\"@id\":\"https:\/\/demoweb.info\/sexshop001\/producto\/rimming-petite-turquesa\/\",\"url\":\"https:\/\/demoweb.info\/sexshop001\/producto\/rimming-petite-turquesa\/\",\"name\":\"RIMMING PETITE - TURQUESA - Tienda Er\u00f3tica\",\"isPartOf\":{\"@id\":\"https:\/\/demoweb.info\/sexshop001\/#website\"},\"datePublished\":\"2022-01-22T19:49:50+00:00\",\"dateModified\":\"2022-01-22T19:49:57+00:00\",\"breadcrumb\":{\"@id\":\"https:\/\/demoweb.info\/sexshop001\/producto\/rimming-petite-turquesa\/#breadcrumb\"},\"inLanguage\":\"es\",\"potentialAction\":[{\"@type\":\"ReadAction\",\"target\":[\"https:\/\/demoweb.info\/sexshop001\/producto\/rimming-petite-turquesa\/\"]}]},{\"@type\":\"BreadcrumbList\",\"@id\":\"https:\/\/demoweb.info\/sexshop001\/producto\/rimming-petite-turquesa\/#breadcrumb\",\"itemListElement\":[{\"@type\":\"ListItem\",\"position\":1,\"name\":\"Portada\",\"item\":\"https:\/\/demoweb.info\/sexshop001\/\"},{\"@type\":\"ListItem\",\"position\":2,\"name\":\"Tienda\",\"item\":\"https:\/\/demoweb.info\/sexshop001\/tienda\/\"},{\"@type\":\"ListItem\",\"position\":3,\"name\":\"RIMMING PETITE &#8211; TURQUESA\"}]},{\"@type\":\"WebSite\",\"@id\":\"https:\/\/demoweb.info\/sexshop001\/#website\",\"url\":\"https:\/\/demoweb.info\/sexshop001\/\",\"name\":\"Tienda Er\u00f3tica\",\"description\":\"DEMOWEB SL\",\"potentialAction\":[{\"@type\":\"SearchAction\",\"target\":{\"@type\":\"EntryPoint\",\"urlTemplate\":\"https:\/\/demoweb.info\/sexshop001\/?s={search_term_string}\"},\"query-input\":\"required name=search_term_string\"}],\"inLanguage\":\"es\"}]}<\/script>\n<!-- \/ Yoast SEO plugin. -->","yoast_head_json":{"title":"RIMMING PETITE - TURQUESA - Tienda Er\u00f3tica","robots":{"index":"noindex","follow":"follow","max-snippet":"max-snippet:-1","max-image-preview":"max-image-preview:large","max-video-preview":"max-video-preview:-1"},"og_locale":"es_ES","og_type":"article","og_title":"RIMMING PETITE - TURQUESA - Tienda Er\u00f3tica","og_description":"RIMMING PETITE Gran juguete para principiantes, el Rimming Plug Petite es la edici\u00f3n m\u00e1s peque\u00f1a de nuestro exclusivo juguete sexual","og_url":"https:\/\/demoweb.info\/sexshop001\/producto\/rimming-petite-turquesa\/","og_site_name":"Tienda Er\u00f3tica","article_modified_time":"2022-01-22T19:49:57+00:00","og_image":[{"width":550,"height":550,"url":"https:\/\/demoweb.info\/sexshop001\/wp-content\/uploads\/2022\/01\/RIMMING-PETITE-TURQUESA.jpg","type":"image\/jpeg"}],"twitter_card":"summary_large_image","twitter_misc":{"Tiempo de lectura":"3 minutos"},"schema":{"@context":"https:\/\/schema.org","@graph":[{"@type":"WebPage","@id":"https:\/\/demoweb.info\/sexshop001\/producto\/rimming-petite-turquesa\/","url":"https:\/\/demoweb.info\/sexshop001\/producto\/rimming-petite-turquesa\/","name":"RIMMING PETITE - TURQUESA - Tienda Er\u00f3tica","isPartOf":{"@id":"https:\/\/demoweb.info\/sexshop001\/#website"},"datePublished":"2022-01-22T19:49:50+00:00","dateModified":"2022-01-22T19:49:57+00:00","breadcrumb":{"@id":"https:\/\/demoweb.info\/sexshop001\/producto\/rimming-petite-turquesa\/#breadcrumb"},"inLanguage":"es","potentialAction":[{"@type":"ReadAction","target":["https:\/\/demoweb.info\/sexshop001\/producto\/rimming-petite-turquesa\/"]}]},{"@type":"BreadcrumbList","@id":"https:\/\/demoweb.info\/sexshop001\/producto\/rimming-petite-turquesa\/#breadcrumb","itemListElement":[{"@type":"ListItem","position":1,"name":"Portada","item":"https:\/\/demoweb.info\/sexshop001\/"},{"@type":"ListItem","position":2,"name":"Tienda","item":"https:\/\/demoweb.info\/sexshop001\/tienda\/"},{"@type":"ListItem","position":3,"name":"RIMMING PETITE &#8211; TURQUESA"}]},{"@type":"WebSite","@id":"https:\/\/demoweb.info\/sexshop001\/#website","url":"https:\/\/demoweb.info\/sexshop001\/","name":"Tienda Er\u00f3tica","description":"DEMOWEB SL","potentialAction":[{"@type":"SearchAction","target":{"@type":"EntryPoint","urlTemplate":"https:\/\/demoweb.info\/sexshop001\/?s={search_term_string}"},"query-input":"required name=search_term_string"}],"inLanguage":"es"}]}},"_links":{"self":[{"href":"https:\/\/demoweb.info\/sexshop001\/wp-json\/wp\/v3\/product\/71761","targetHints":{"allow":["GET"]}}],"collection":[{"href":"https:\/\/demoweb.info\/sexshop001\/wp-json\/wp\/v3\/product"}],"about":[{"href":"https:\/\/demoweb.info\/sexshop001\/wp-json\/wp\/v2\/types\/product"}],"replies":[{"embeddable":true,"href":"https:\/\/demoweb.info\/sexshop001\/wp-json\/wp\/v2\/comments?post=71761"}],"wp:featuredmedia":[{"embeddable":true,"href":"https:\/\/demoweb.info\/sexshop001\/wp-json\/wp\/v2\/media\/71762"}],"wp:attachment":[{"href":"https:\/\/demoweb.info\/sexshop001\/wp-json\/wp\/v2\/media?parent=71761"}],"wp:term":[{"taxonomy":"product_cat","embeddable":true,"href":"https:\/\/demoweb.info\/sexshop001\/wp-json\/wp\/v2\/product_cat?post=71761"},{"taxonomy":"product_tag","embeddable":true,"href":"https:\/\/demoweb.info\/sexshop001\/wp-json\/wp\/v2\/product_tag?post=71761"}],"curies":[{"name":"wp","href":"https:\/\/api.w.org\/{rel}","templated":true}]}}