{"id":71670,"date":"2022-01-22T20:48:48","date_gmt":"2022-01-22T19:48:48","guid":{"rendered":"https:\/\/demoweb.info\/sexshop001\/producto\/pene-realistico-con-testiculos-18cm\/"},"modified":"2022-01-22T20:48:48","modified_gmt":"2022-01-22T19:48:48","slug":"pene-realistico-con-testiculos-18cm","status":"publish","type":"product","link":"https:\/\/demoweb.info\/sexshop001\/producto\/pene-realistico-con-testiculos-18cm\/","title":{"rendered":"PENE REAL\u00cdSTICO CON TEST\u00cdCULOS 18CM"},"content":{"rendered":"<p><strong>7 INCH REALISTIC COCK WITH BALLS <\/strong><\/p>\n<p>El pene realista con test\u00edculos Crystal Jellies presenta una forma f\u00e1lica realista con venas realistas y textura de la piel.<\/p>\n<p>Desde la cabeza firme hasta los test\u00edculos de felpa y exprimibles, el material transparente para el cuerpo brilla en una variedad de hermosos tonos cristalinos. La amplia base de este producto garantiza la seguridad durante cualquier tipo de juego, mientras que una base de ventosa incorporada permite la diversi\u00f3n sin manos.<\/p>\n<p>Caracter\u00edsticas:<\/p>\n<ul>\n<li>Dimensiones del producto: 17,8 x 4,4 x 8,1 cm<\/li>\n<li>Peso del producto: 370 gr<\/li>\n<li>Di\u00e1metro del producto:  4,4 cm<\/li>\n<li>Longitud insertable:16,5 cm<\/li>\n<li>Libre de ftalato:  S\u00ed<\/li>\n<li>Materiales: PVC<\/li>\n<\/ul>\n","protected":false},"excerpt":{"rendered":"<p>7 INCH REALISTIC COCK WITH BALLS El pene realista con test\u00edculos Crystal Jellies presenta una forma f\u00e1lica realista con venas<\/p>\n","protected":false},"featured_media":71671,"comment_status":"open","ping_status":"open","template":"","meta":[],"product_cat":[757],"product_tag":[845,460],"class_list":["post-71670","product","type-product","status-publish","has-post-thumbnail","hentry","product_cat-gelatina","product_tag-crystal-jellies","product_tag-doc-johnson"],"bundled_by":[],"bundle_stock_status":"instock","bundle_stock_quantity":1,"bundle_virtual":false,"bundle_layout":"","bundle_add_to_cart_form_location":"","bundle_editable_in_cart":false,"bundle_sold_individually_context":"","bundle_item_grouping":"","bundle_min_size":"","bundle_max_size":"","bundled_items":[],"yoast_head":"<!-- This site is optimized with the Yoast SEO plugin v20.6 - https:\/\/yoast.com\/wordpress\/plugins\/seo\/ -->\n<title>PENE REAL\u00cdSTICO CON TEST\u00cdCULOS 18CM - Tienda Er\u00f3tica<\/title>\n<meta name=\"robots\" content=\"noindex, follow, max-snippet:-1, max-image-preview:large, max-video-preview:-1\" \/>\n<meta property=\"og:locale\" content=\"es_ES\" \/>\n<meta property=\"og:type\" content=\"article\" \/>\n<meta property=\"og:title\" content=\"PENE REAL\u00cdSTICO CON TEST\u00cdCULOS 18CM - Tienda Er\u00f3tica\" \/>\n<meta property=\"og:description\" content=\"7 INCH REALISTIC COCK WITH BALLS El pene realista con test\u00edculos Crystal Jellies presenta una forma f\u00e1lica realista con venas\" \/>\n<meta property=\"og:url\" content=\"https:\/\/demoweb.info\/sexshop001\/producto\/pene-realistico-con-testiculos-18cm\/\" \/>\n<meta property=\"og:site_name\" content=\"Tienda Er\u00f3tica\" \/>\n<meta property=\"og:image\" content=\"https:\/\/demoweb.info\/sexshop001\/wp-content\/uploads\/2022\/01\/PENE-REALISTICO-CON-TESTICULOS-18CM.jpg\" \/>\n\t<meta property=\"og:image:width\" content=\"550\" \/>\n\t<meta property=\"og:image:height\" content=\"550\" \/>\n\t<meta property=\"og:image:type\" content=\"image\/jpeg\" \/>\n<meta name=\"twitter:card\" content=\"summary_large_image\" \/>\n<meta name=\"twitter:label1\" content=\"Tiempo de lectura\" \/>\n\t<meta name=\"twitter:data1\" content=\"1 minuto\" \/>\n<script type=\"application\/ld+json\" class=\"yoast-schema-graph\">{\"@context\":\"https:\/\/schema.org\",\"@graph\":[{\"@type\":\"WebPage\",\"@id\":\"https:\/\/demoweb.info\/sexshop001\/producto\/pene-realistico-con-testiculos-18cm\/\",\"url\":\"https:\/\/demoweb.info\/sexshop001\/producto\/pene-realistico-con-testiculos-18cm\/\",\"name\":\"PENE REAL\u00cdSTICO CON TEST\u00cdCULOS 18CM - Tienda Er\u00f3tica\",\"isPartOf\":{\"@id\":\"https:\/\/demoweb.info\/sexshop001\/#website\"},\"datePublished\":\"2022-01-22T19:48:48+00:00\",\"dateModified\":\"2022-01-22T19:48:48+00:00\",\"breadcrumb\":{\"@id\":\"https:\/\/demoweb.info\/sexshop001\/producto\/pene-realistico-con-testiculos-18cm\/#breadcrumb\"},\"inLanguage\":\"es\",\"potentialAction\":[{\"@type\":\"ReadAction\",\"target\":[\"https:\/\/demoweb.info\/sexshop001\/producto\/pene-realistico-con-testiculos-18cm\/\"]}]},{\"@type\":\"BreadcrumbList\",\"@id\":\"https:\/\/demoweb.info\/sexshop001\/producto\/pene-realistico-con-testiculos-18cm\/#breadcrumb\",\"itemListElement\":[{\"@type\":\"ListItem\",\"position\":1,\"name\":\"Portada\",\"item\":\"https:\/\/demoweb.info\/sexshop001\/\"},{\"@type\":\"ListItem\",\"position\":2,\"name\":\"Tienda\",\"item\":\"https:\/\/demoweb.info\/sexshop001\/tienda\/\"},{\"@type\":\"ListItem\",\"position\":3,\"name\":\"PENE REAL\u00cdSTICO CON TEST\u00cdCULOS 18CM\"}]},{\"@type\":\"WebSite\",\"@id\":\"https:\/\/demoweb.info\/sexshop001\/#website\",\"url\":\"https:\/\/demoweb.info\/sexshop001\/\",\"name\":\"Tienda Er\u00f3tica\",\"description\":\"DEMOWEB SL\",\"potentialAction\":[{\"@type\":\"SearchAction\",\"target\":{\"@type\":\"EntryPoint\",\"urlTemplate\":\"https:\/\/demoweb.info\/sexshop001\/?s={search_term_string}\"},\"query-input\":\"required name=search_term_string\"}],\"inLanguage\":\"es\"}]}<\/script>\n<!-- \/ Yoast SEO plugin. -->","yoast_head_json":{"title":"PENE REAL\u00cdSTICO CON TEST\u00cdCULOS 18CM - Tienda Er\u00f3tica","robots":{"index":"noindex","follow":"follow","max-snippet":"max-snippet:-1","max-image-preview":"max-image-preview:large","max-video-preview":"max-video-preview:-1"},"og_locale":"es_ES","og_type":"article","og_title":"PENE REAL\u00cdSTICO CON TEST\u00cdCULOS 18CM - Tienda Er\u00f3tica","og_description":"7 INCH REALISTIC COCK WITH BALLS El pene realista con test\u00edculos Crystal Jellies presenta una forma f\u00e1lica realista con venas","og_url":"https:\/\/demoweb.info\/sexshop001\/producto\/pene-realistico-con-testiculos-18cm\/","og_site_name":"Tienda Er\u00f3tica","og_image":[{"width":550,"height":550,"url":"https:\/\/demoweb.info\/sexshop001\/wp-content\/uploads\/2022\/01\/PENE-REALISTICO-CON-TESTICULOS-18CM.jpg","type":"image\/jpeg"}],"twitter_card":"summary_large_image","twitter_misc":{"Tiempo de lectura":"1 minuto"},"schema":{"@context":"https:\/\/schema.org","@graph":[{"@type":"WebPage","@id":"https:\/\/demoweb.info\/sexshop001\/producto\/pene-realistico-con-testiculos-18cm\/","url":"https:\/\/demoweb.info\/sexshop001\/producto\/pene-realistico-con-testiculos-18cm\/","name":"PENE REAL\u00cdSTICO CON TEST\u00cdCULOS 18CM - Tienda Er\u00f3tica","isPartOf":{"@id":"https:\/\/demoweb.info\/sexshop001\/#website"},"datePublished":"2022-01-22T19:48:48+00:00","dateModified":"2022-01-22T19:48:48+00:00","breadcrumb":{"@id":"https:\/\/demoweb.info\/sexshop001\/producto\/pene-realistico-con-testiculos-18cm\/#breadcrumb"},"inLanguage":"es","potentialAction":[{"@type":"ReadAction","target":["https:\/\/demoweb.info\/sexshop001\/producto\/pene-realistico-con-testiculos-18cm\/"]}]},{"@type":"BreadcrumbList","@id":"https:\/\/demoweb.info\/sexshop001\/producto\/pene-realistico-con-testiculos-18cm\/#breadcrumb","itemListElement":[{"@type":"ListItem","position":1,"name":"Portada","item":"https:\/\/demoweb.info\/sexshop001\/"},{"@type":"ListItem","position":2,"name":"Tienda","item":"https:\/\/demoweb.info\/sexshop001\/tienda\/"},{"@type":"ListItem","position":3,"name":"PENE REAL\u00cdSTICO CON TEST\u00cdCULOS 18CM"}]},{"@type":"WebSite","@id":"https:\/\/demoweb.info\/sexshop001\/#website","url":"https:\/\/demoweb.info\/sexshop001\/","name":"Tienda Er\u00f3tica","description":"DEMOWEB SL","potentialAction":[{"@type":"SearchAction","target":{"@type":"EntryPoint","urlTemplate":"https:\/\/demoweb.info\/sexshop001\/?s={search_term_string}"},"query-input":"required name=search_term_string"}],"inLanguage":"es"}]}},"_links":{"self":[{"href":"https:\/\/demoweb.info\/sexshop001\/wp-json\/wp\/v3\/product\/71670","targetHints":{"allow":["GET"]}}],"collection":[{"href":"https:\/\/demoweb.info\/sexshop001\/wp-json\/wp\/v3\/product"}],"about":[{"href":"https:\/\/demoweb.info\/sexshop001\/wp-json\/wp\/v2\/types\/product"}],"replies":[{"embeddable":true,"href":"https:\/\/demoweb.info\/sexshop001\/wp-json\/wp\/v2\/comments?post=71670"}],"wp:featuredmedia":[{"embeddable":true,"href":"https:\/\/demoweb.info\/sexshop001\/wp-json\/wp\/v2\/media\/71671"}],"wp:attachment":[{"href":"https:\/\/demoweb.info\/sexshop001\/wp-json\/wp\/v2\/media?parent=71670"}],"wp:term":[{"taxonomy":"product_cat","embeddable":true,"href":"https:\/\/demoweb.info\/sexshop001\/wp-json\/wp\/v2\/product_cat?post=71670"},{"taxonomy":"product_tag","embeddable":true,"href":"https:\/\/demoweb.info\/sexshop001\/wp-json\/wp\/v2\/product_tag?post=71670"}],"curies":[{"name":"wp","href":"https:\/\/api.w.org\/{rel}","templated":true}]}}