{"id":71563,"date":"2022-01-22T20:47:10","date_gmt":"2022-01-22T19:47:10","guid":{"rendered":"https:\/\/demoweb.info\/sexshop001\/producto\/luxury-barra-con-esposas\/"},"modified":"2022-01-22T20:47:23","modified_gmt":"2022-01-22T19:47:23","slug":"luxury-barra-con-esposas","status":"publish","type":"product","link":"https:\/\/demoweb.info\/sexshop001\/producto\/luxury-barra-con-esposas\/","title":{"rendered":"LUXURY BARRA CON ESPOSAS"},"content":{"rendered":"<p><strong>LUXURY SPREADER BAR BLACK<\/strong><\/p>\n<p>\u00a1Reparte algo de amor mientras separas las extremidades de tu amante para que tenga acceso ilimitado hasta las \u00e1reas m\u00e1s intimas durante el juego er\u00f3tico! Esta fuerte barra separadora de metal se combina con dos esposas para los tobillos para que est\u00e9s completamente expuesto y tengas una p\u00edcara diversi\u00f3n Las esposas negras est\u00e1n elaboradas de c\u00f3modo neopreno y vinilo patente con un estampado de diamantes ala moda.<\/p>\n<p>\u00a1Las barra met\u00e1lica OUCH! mide 40,3 (15,9\u201d) de longitud con un di\u00e1metro de 1,5 cm (0,6\u201d). Las esposas para los tobillos son de 39 cm (15,4\u201d) de longitud y 5,5 cm (2,2\u201d) de anchura con una hebilla y suficientes agujeros para lograr la talla correcta.<\/p>\n<ul>\n<li>Dimensiones del producto 72 x 10 x 5 cm<\/li>\n<li>Peso del producto 366,00 gramos<\/li>\n<li>Di\u00e1metro del producto 1,5 cm<\/li>\n<li>Libre de ftalato S\u00ed<\/li>\n<li>Los tobillos Presupuesto son ajustables con 9 agujeros que miden 47-57cm<\/li>\n<li>Materiales Barra de hierro, vinilo y neopreno<\/li>\n<\/ul>\n<p>\n <\/p>\n","protected":false},"excerpt":{"rendered":"<p>LUXURY SPREADER BAR BLACK \u00a1Reparte algo de amor mientras separas las extremidades de tu amante para que tenga acceso ilimitado<\/p>\n","protected":false},"featured_media":71564,"comment_status":"open","ping_status":"open","template":"","meta":[],"product_cat":[508],"product_tag":[307,302],"class_list":["post-71563","product","type-product","status-publish","has-post-thumbnail","hentry","product_cat-cuero","product_tag-ouch","product_tag-shots"],"bundled_by":[],"bundle_stock_status":"outofstock","bundle_stock_quantity":0,"bundle_virtual":false,"bundle_layout":"","bundle_add_to_cart_form_location":"","bundle_editable_in_cart":false,"bundle_sold_individually_context":"","bundle_item_grouping":"","bundle_min_size":"","bundle_max_size":"","bundled_items":[],"yoast_head":"<!-- This site is optimized with the Yoast SEO plugin v20.6 - https:\/\/yoast.com\/wordpress\/plugins\/seo\/ -->\n<title>LUXURY BARRA CON ESPOSAS - Tienda Er\u00f3tica<\/title>\n<meta name=\"robots\" content=\"noindex, follow, max-snippet:-1, max-image-preview:large, max-video-preview:-1\" \/>\n<meta property=\"og:locale\" content=\"es_ES\" \/>\n<meta property=\"og:type\" content=\"article\" \/>\n<meta property=\"og:title\" content=\"LUXURY BARRA CON ESPOSAS - Tienda Er\u00f3tica\" \/>\n<meta property=\"og:description\" content=\"LUXURY SPREADER BAR BLACK \u00a1Reparte algo de amor mientras separas las extremidades de tu amante para que tenga acceso ilimitado\" \/>\n<meta property=\"og:url\" content=\"https:\/\/demoweb.info\/sexshop001\/producto\/luxury-barra-con-esposas\/\" \/>\n<meta property=\"og:site_name\" content=\"Tienda Er\u00f3tica\" \/>\n<meta property=\"article:modified_time\" content=\"2022-01-22T19:47:23+00:00\" \/>\n<meta property=\"og:image\" content=\"https:\/\/demoweb.info\/sexshop001\/wp-content\/uploads\/2022\/01\/LUXURY-BARRA-CON-ESPOSAS.jpg\" \/>\n\t<meta property=\"og:image:width\" content=\"550\" \/>\n\t<meta property=\"og:image:height\" content=\"550\" \/>\n\t<meta property=\"og:image:type\" content=\"image\/jpeg\" \/>\n<meta name=\"twitter:card\" content=\"summary_large_image\" \/>\n<meta name=\"twitter:label1\" content=\"Tiempo de lectura\" \/>\n\t<meta name=\"twitter:data1\" content=\"1 minuto\" \/>\n<script type=\"application\/ld+json\" class=\"yoast-schema-graph\">{\"@context\":\"https:\/\/schema.org\",\"@graph\":[{\"@type\":\"WebPage\",\"@id\":\"https:\/\/demoweb.info\/sexshop001\/producto\/luxury-barra-con-esposas\/\",\"url\":\"https:\/\/demoweb.info\/sexshop001\/producto\/luxury-barra-con-esposas\/\",\"name\":\"LUXURY BARRA CON ESPOSAS - Tienda Er\u00f3tica\",\"isPartOf\":{\"@id\":\"https:\/\/demoweb.info\/sexshop001\/#website\"},\"datePublished\":\"2022-01-22T19:47:10+00:00\",\"dateModified\":\"2022-01-22T19:47:23+00:00\",\"breadcrumb\":{\"@id\":\"https:\/\/demoweb.info\/sexshop001\/producto\/luxury-barra-con-esposas\/#breadcrumb\"},\"inLanguage\":\"es\",\"potentialAction\":[{\"@type\":\"ReadAction\",\"target\":[\"https:\/\/demoweb.info\/sexshop001\/producto\/luxury-barra-con-esposas\/\"]}]},{\"@type\":\"BreadcrumbList\",\"@id\":\"https:\/\/demoweb.info\/sexshop001\/producto\/luxury-barra-con-esposas\/#breadcrumb\",\"itemListElement\":[{\"@type\":\"ListItem\",\"position\":1,\"name\":\"Portada\",\"item\":\"https:\/\/demoweb.info\/sexshop001\/\"},{\"@type\":\"ListItem\",\"position\":2,\"name\":\"Tienda\",\"item\":\"https:\/\/demoweb.info\/sexshop001\/tienda\/\"},{\"@type\":\"ListItem\",\"position\":3,\"name\":\"LUXURY BARRA CON ESPOSAS\"}]},{\"@type\":\"WebSite\",\"@id\":\"https:\/\/demoweb.info\/sexshop001\/#website\",\"url\":\"https:\/\/demoweb.info\/sexshop001\/\",\"name\":\"Tienda Er\u00f3tica\",\"description\":\"DEMOWEB SL\",\"potentialAction\":[{\"@type\":\"SearchAction\",\"target\":{\"@type\":\"EntryPoint\",\"urlTemplate\":\"https:\/\/demoweb.info\/sexshop001\/?s={search_term_string}\"},\"query-input\":\"required name=search_term_string\"}],\"inLanguage\":\"es\"}]}<\/script>\n<!-- \/ Yoast SEO plugin. -->","yoast_head_json":{"title":"LUXURY BARRA CON ESPOSAS - Tienda Er\u00f3tica","robots":{"index":"noindex","follow":"follow","max-snippet":"max-snippet:-1","max-image-preview":"max-image-preview:large","max-video-preview":"max-video-preview:-1"},"og_locale":"es_ES","og_type":"article","og_title":"LUXURY BARRA CON ESPOSAS - Tienda Er\u00f3tica","og_description":"LUXURY SPREADER BAR BLACK \u00a1Reparte algo de amor mientras separas las extremidades de tu amante para que tenga acceso ilimitado","og_url":"https:\/\/demoweb.info\/sexshop001\/producto\/luxury-barra-con-esposas\/","og_site_name":"Tienda Er\u00f3tica","article_modified_time":"2022-01-22T19:47:23+00:00","og_image":[{"width":550,"height":550,"url":"https:\/\/demoweb.info\/sexshop001\/wp-content\/uploads\/2022\/01\/LUXURY-BARRA-CON-ESPOSAS.jpg","type":"image\/jpeg"}],"twitter_card":"summary_large_image","twitter_misc":{"Tiempo de lectura":"1 minuto"},"schema":{"@context":"https:\/\/schema.org","@graph":[{"@type":"WebPage","@id":"https:\/\/demoweb.info\/sexshop001\/producto\/luxury-barra-con-esposas\/","url":"https:\/\/demoweb.info\/sexshop001\/producto\/luxury-barra-con-esposas\/","name":"LUXURY BARRA CON ESPOSAS - Tienda Er\u00f3tica","isPartOf":{"@id":"https:\/\/demoweb.info\/sexshop001\/#website"},"datePublished":"2022-01-22T19:47:10+00:00","dateModified":"2022-01-22T19:47:23+00:00","breadcrumb":{"@id":"https:\/\/demoweb.info\/sexshop001\/producto\/luxury-barra-con-esposas\/#breadcrumb"},"inLanguage":"es","potentialAction":[{"@type":"ReadAction","target":["https:\/\/demoweb.info\/sexshop001\/producto\/luxury-barra-con-esposas\/"]}]},{"@type":"BreadcrumbList","@id":"https:\/\/demoweb.info\/sexshop001\/producto\/luxury-barra-con-esposas\/#breadcrumb","itemListElement":[{"@type":"ListItem","position":1,"name":"Portada","item":"https:\/\/demoweb.info\/sexshop001\/"},{"@type":"ListItem","position":2,"name":"Tienda","item":"https:\/\/demoweb.info\/sexshop001\/tienda\/"},{"@type":"ListItem","position":3,"name":"LUXURY BARRA CON ESPOSAS"}]},{"@type":"WebSite","@id":"https:\/\/demoweb.info\/sexshop001\/#website","url":"https:\/\/demoweb.info\/sexshop001\/","name":"Tienda Er\u00f3tica","description":"DEMOWEB SL","potentialAction":[{"@type":"SearchAction","target":{"@type":"EntryPoint","urlTemplate":"https:\/\/demoweb.info\/sexshop001\/?s={search_term_string}"},"query-input":"required name=search_term_string"}],"inLanguage":"es"}]}},"_links":{"self":[{"href":"https:\/\/demoweb.info\/sexshop001\/wp-json\/wp\/v3\/product\/71563","targetHints":{"allow":["GET"]}}],"collection":[{"href":"https:\/\/demoweb.info\/sexshop001\/wp-json\/wp\/v3\/product"}],"about":[{"href":"https:\/\/demoweb.info\/sexshop001\/wp-json\/wp\/v2\/types\/product"}],"replies":[{"embeddable":true,"href":"https:\/\/demoweb.info\/sexshop001\/wp-json\/wp\/v2\/comments?post=71563"}],"wp:featuredmedia":[{"embeddable":true,"href":"https:\/\/demoweb.info\/sexshop001\/wp-json\/wp\/v2\/media\/71564"}],"wp:attachment":[{"href":"https:\/\/demoweb.info\/sexshop001\/wp-json\/wp\/v2\/media?parent=71563"}],"wp:term":[{"taxonomy":"product_cat","embeddable":true,"href":"https:\/\/demoweb.info\/sexshop001\/wp-json\/wp\/v2\/product_cat?post=71563"},{"taxonomy":"product_tag","embeddable":true,"href":"https:\/\/demoweb.info\/sexshop001\/wp-json\/wp\/v2\/product_tag?post=71563"}],"curies":[{"name":"wp","href":"https:\/\/api.w.org\/{rel}","templated":true}]}}