{"id":71546,"date":"2022-01-22T20:47:10","date_gmt":"2022-01-22T19:47:10","guid":{"rendered":"https:\/\/demoweb.info\/sexshop001\/producto\/luxury-esposas-de-cuero-para-pies\/"},"modified":"2022-01-22T20:47:10","modified_gmt":"2022-01-22T19:47:10","slug":"luxury-esposas-de-cuero-para-pies","status":"publish","type":"product","link":"https:\/\/demoweb.info\/sexshop001\/producto\/luxury-esposas-de-cuero-para-pies\/","title":{"rendered":"LUXURY ESPOSAS DE CUERO PARA PIES"},"content":{"rendered":"<p><strong>LUXURY ANKLE CUFFS BLACK<\/strong><\/p>\n<p>\u00bfBuscas unas esposas que puedan con todo y que resistan a los juegos m\u00e1s traviesos? No busques m\u00e1s.<\/p>\n<p>Lo que buscas son las esposas de <strong>Ouch!<\/strong>. Estas esposas tienen correas de cuero de calidad y cuentan con unas elegantes costuras a lo largo de las correas. Son c\u00f3modas, pero incre\u00edblemente seguras. Las correas tienen seis orificios para ajustar la longitud, adem\u00e1s de correas de ajuste de metal y conectores de anillo en D para conectarlas. Usa este juguete solo o en combinaci\u00f3n con otros productos <strong>Ouch!<\/strong>.<\/p>\n<p>\u00a1Enriquece tu juego sadomasoquista con este elegante juego de esposas para los tobillos s\u00faper fuertes! Con 7 agujeros ajustables que siempre garantizaran un ajuste seguro y apretado, miden desde 23 cm (9.1) hasta 36 cm (14.2). La fuerte cadena de conexi\u00f3n negra mide 18 cm (7.1), viene con un gancho tipo langosta Para que sean f\u00e1ciles de poner y quitar. \u00a1Con su estampado de diamantes a la moda, estas esposas de neopreno y semicuero se ver\u00e1n fant\u00e1sticas en tu colecci\u00f3n sadomasoquista!<\/p>\n<ul>\n<li>Dimensiones del producto    39 x 5,5 x 1 cm<\/li>\n<li>Peso del producto    211,00 gram<\/li>\n<li>Libre de ftalato    S\u00ed<\/li>\n<li>Presupuesto    Adjustable with 9 holes &#8211; 47-57cm<\/li>\n<li>Materiales    Vinilo, piel sint\u00e9tica y neopreno.<\/li>\n<\/ul>\n","protected":false},"excerpt":{"rendered":"<p>LUXURY ANKLE CUFFS BLACK \u00bfBuscas unas esposas que puedan con todo y que resistan a los juegos m\u00e1s traviesos? No<\/p>\n","protected":false},"featured_media":71547,"comment_status":"open","ping_status":"open","template":"","meta":[],"product_cat":[508],"product_tag":[307,302],"class_list":["post-71546","product","type-product","status-publish","has-post-thumbnail","hentry","product_cat-cuero","product_tag-ouch","product_tag-shots"],"bundled_by":[],"bundle_stock_status":"instock","bundle_stock_quantity":1,"bundle_virtual":false,"bundle_layout":"","bundle_add_to_cart_form_location":"","bundle_editable_in_cart":false,"bundle_sold_individually_context":"","bundle_item_grouping":"","bundle_min_size":"","bundle_max_size":"","bundled_items":[],"yoast_head":"<!-- This site is optimized with the Yoast SEO plugin v20.6 - https:\/\/yoast.com\/wordpress\/plugins\/seo\/ -->\n<title>LUXURY ESPOSAS DE CUERO PARA PIES - Tienda Er\u00f3tica<\/title>\n<meta name=\"robots\" content=\"noindex, follow, max-snippet:-1, max-image-preview:large, max-video-preview:-1\" \/>\n<meta property=\"og:locale\" content=\"es_ES\" \/>\n<meta property=\"og:type\" content=\"article\" \/>\n<meta property=\"og:title\" content=\"LUXURY ESPOSAS DE CUERO PARA PIES - Tienda Er\u00f3tica\" \/>\n<meta property=\"og:description\" content=\"LUXURY ANKLE CUFFS BLACK \u00bfBuscas unas esposas que puedan con todo y que resistan a los juegos m\u00e1s traviesos? No\" \/>\n<meta property=\"og:url\" content=\"https:\/\/demoweb.info\/sexshop001\/producto\/luxury-esposas-de-cuero-para-pies\/\" \/>\n<meta property=\"og:site_name\" content=\"Tienda Er\u00f3tica\" \/>\n<meta property=\"og:image\" content=\"https:\/\/demoweb.info\/sexshop001\/wp-content\/uploads\/2022\/01\/LUXURY-ESPOSAS-DE-CUERO-PARA-PIES.jpg\" \/>\n\t<meta property=\"og:image:width\" content=\"550\" \/>\n\t<meta property=\"og:image:height\" content=\"550\" \/>\n\t<meta property=\"og:image:type\" content=\"image\/jpeg\" \/>\n<meta name=\"twitter:card\" content=\"summary_large_image\" \/>\n<meta name=\"twitter:label1\" content=\"Tiempo de lectura\" \/>\n\t<meta name=\"twitter:data1\" content=\"1 minuto\" \/>\n<script type=\"application\/ld+json\" class=\"yoast-schema-graph\">{\"@context\":\"https:\/\/schema.org\",\"@graph\":[{\"@type\":\"WebPage\",\"@id\":\"https:\/\/demoweb.info\/sexshop001\/producto\/luxury-esposas-de-cuero-para-pies\/\",\"url\":\"https:\/\/demoweb.info\/sexshop001\/producto\/luxury-esposas-de-cuero-para-pies\/\",\"name\":\"LUXURY ESPOSAS DE CUERO PARA PIES - Tienda Er\u00f3tica\",\"isPartOf\":{\"@id\":\"https:\/\/demoweb.info\/sexshop001\/#website\"},\"datePublished\":\"2022-01-22T19:47:10+00:00\",\"dateModified\":\"2022-01-22T19:47:10+00:00\",\"breadcrumb\":{\"@id\":\"https:\/\/demoweb.info\/sexshop001\/producto\/luxury-esposas-de-cuero-para-pies\/#breadcrumb\"},\"inLanguage\":\"es\",\"potentialAction\":[{\"@type\":\"ReadAction\",\"target\":[\"https:\/\/demoweb.info\/sexshop001\/producto\/luxury-esposas-de-cuero-para-pies\/\"]}]},{\"@type\":\"BreadcrumbList\",\"@id\":\"https:\/\/demoweb.info\/sexshop001\/producto\/luxury-esposas-de-cuero-para-pies\/#breadcrumb\",\"itemListElement\":[{\"@type\":\"ListItem\",\"position\":1,\"name\":\"Portada\",\"item\":\"https:\/\/demoweb.info\/sexshop001\/\"},{\"@type\":\"ListItem\",\"position\":2,\"name\":\"Tienda\",\"item\":\"https:\/\/demoweb.info\/sexshop001\/tienda\/\"},{\"@type\":\"ListItem\",\"position\":3,\"name\":\"LUXURY ESPOSAS DE CUERO PARA PIES\"}]},{\"@type\":\"WebSite\",\"@id\":\"https:\/\/demoweb.info\/sexshop001\/#website\",\"url\":\"https:\/\/demoweb.info\/sexshop001\/\",\"name\":\"Tienda Er\u00f3tica\",\"description\":\"DEMOWEB SL\",\"potentialAction\":[{\"@type\":\"SearchAction\",\"target\":{\"@type\":\"EntryPoint\",\"urlTemplate\":\"https:\/\/demoweb.info\/sexshop001\/?s={search_term_string}\"},\"query-input\":\"required name=search_term_string\"}],\"inLanguage\":\"es\"}]}<\/script>\n<!-- \/ Yoast SEO plugin. -->","yoast_head_json":{"title":"LUXURY ESPOSAS DE CUERO PARA PIES - Tienda Er\u00f3tica","robots":{"index":"noindex","follow":"follow","max-snippet":"max-snippet:-1","max-image-preview":"max-image-preview:large","max-video-preview":"max-video-preview:-1"},"og_locale":"es_ES","og_type":"article","og_title":"LUXURY ESPOSAS DE CUERO PARA PIES - Tienda Er\u00f3tica","og_description":"LUXURY ANKLE CUFFS BLACK \u00bfBuscas unas esposas que puedan con todo y que resistan a los juegos m\u00e1s traviesos? No","og_url":"https:\/\/demoweb.info\/sexshop001\/producto\/luxury-esposas-de-cuero-para-pies\/","og_site_name":"Tienda Er\u00f3tica","og_image":[{"width":550,"height":550,"url":"https:\/\/demoweb.info\/sexshop001\/wp-content\/uploads\/2022\/01\/LUXURY-ESPOSAS-DE-CUERO-PARA-PIES.jpg","type":"image\/jpeg"}],"twitter_card":"summary_large_image","twitter_misc":{"Tiempo de lectura":"1 minuto"},"schema":{"@context":"https:\/\/schema.org","@graph":[{"@type":"WebPage","@id":"https:\/\/demoweb.info\/sexshop001\/producto\/luxury-esposas-de-cuero-para-pies\/","url":"https:\/\/demoweb.info\/sexshop001\/producto\/luxury-esposas-de-cuero-para-pies\/","name":"LUXURY ESPOSAS DE CUERO PARA PIES - Tienda Er\u00f3tica","isPartOf":{"@id":"https:\/\/demoweb.info\/sexshop001\/#website"},"datePublished":"2022-01-22T19:47:10+00:00","dateModified":"2022-01-22T19:47:10+00:00","breadcrumb":{"@id":"https:\/\/demoweb.info\/sexshop001\/producto\/luxury-esposas-de-cuero-para-pies\/#breadcrumb"},"inLanguage":"es","potentialAction":[{"@type":"ReadAction","target":["https:\/\/demoweb.info\/sexshop001\/producto\/luxury-esposas-de-cuero-para-pies\/"]}]},{"@type":"BreadcrumbList","@id":"https:\/\/demoweb.info\/sexshop001\/producto\/luxury-esposas-de-cuero-para-pies\/#breadcrumb","itemListElement":[{"@type":"ListItem","position":1,"name":"Portada","item":"https:\/\/demoweb.info\/sexshop001\/"},{"@type":"ListItem","position":2,"name":"Tienda","item":"https:\/\/demoweb.info\/sexshop001\/tienda\/"},{"@type":"ListItem","position":3,"name":"LUXURY ESPOSAS DE CUERO PARA PIES"}]},{"@type":"WebSite","@id":"https:\/\/demoweb.info\/sexshop001\/#website","url":"https:\/\/demoweb.info\/sexshop001\/","name":"Tienda Er\u00f3tica","description":"DEMOWEB SL","potentialAction":[{"@type":"SearchAction","target":{"@type":"EntryPoint","urlTemplate":"https:\/\/demoweb.info\/sexshop001\/?s={search_term_string}"},"query-input":"required name=search_term_string"}],"inLanguage":"es"}]}},"_links":{"self":[{"href":"https:\/\/demoweb.info\/sexshop001\/wp-json\/wp\/v3\/product\/71546","targetHints":{"allow":["GET"]}}],"collection":[{"href":"https:\/\/demoweb.info\/sexshop001\/wp-json\/wp\/v3\/product"}],"about":[{"href":"https:\/\/demoweb.info\/sexshop001\/wp-json\/wp\/v2\/types\/product"}],"replies":[{"embeddable":true,"href":"https:\/\/demoweb.info\/sexshop001\/wp-json\/wp\/v2\/comments?post=71546"}],"wp:featuredmedia":[{"embeddable":true,"href":"https:\/\/demoweb.info\/sexshop001\/wp-json\/wp\/v2\/media\/71547"}],"wp:attachment":[{"href":"https:\/\/demoweb.info\/sexshop001\/wp-json\/wp\/v2\/media?parent=71546"}],"wp:term":[{"taxonomy":"product_cat","embeddable":true,"href":"https:\/\/demoweb.info\/sexshop001\/wp-json\/wp\/v2\/product_cat?post=71546"},{"taxonomy":"product_tag","embeddable":true,"href":"https:\/\/demoweb.info\/sexshop001\/wp-json\/wp\/v2\/product_tag?post=71546"}],"curies":[{"name":"wp","href":"https:\/\/api.w.org\/{rel}","templated":true}]}}