{"id":71536,"date":"2022-01-22T20:46:36","date_gmt":"2022-01-22T19:46:36","guid":{"rendered":"https:\/\/demoweb.info\/sexshop001\/producto\/ouch-skulls-and-bones-mordaza-con-bola-de-silicona-negro-2\/"},"modified":"2022-01-22T20:47:01","modified_gmt":"2022-01-22T19:47:01","slug":"ouch-skulls-and-bones-mordaza-con-bola-de-silicona-negro-2","status":"publish","type":"product","link":"https:\/\/demoweb.info\/sexshop001\/producto\/ouch-skulls-and-bones-mordaza-con-bola-de-silicona-negro-2\/","title":{"rendered":"OUCH! SKULLS AND BONES MORDAZA CON BOLA DE SILICONA NEGRO"},"content":{"rendered":"<p><strong>OUCH! SKULLS AND BONES &#8211; SILICONE BALL GAG<\/strong><\/p>\n<p>Llena la boca de tu amante con esta BOLA DE SILICONA durante tu pr\u00f3xima sesi\u00f3n de BDSM.<\/p>\n<p>Silencia a tu compa\u00f1ero con este OUCH! Bola Gag, que es perfecta para jugadores de ataduras tanto para principiantes como experimentados Esta bola gag libre de aftalatos viene con aros met\u00e1licos y tiene una hebilla ajustable con 9 agujeros para que sea f\u00e1cil de ajustar. Mide 62 cm (24,4) de longitud y 2,5 cm (1,74) de anchura. La bola tiene un di\u00e1metro de 4,4 cm (1,74). Elaborado con neopreno, con un exquisito estampado de diamantes.<\/p>\n<ul>\n<li>Dimensiones del producto    62 x 4,4 x 2,5 cm<\/li>\n<li>Peso del producto    82,00 gram<\/li>\n<li>Di\u00e1metro del producto    4,4 cm<\/li>\n<li>Libre de ftalato    S\u00ed<\/li>\n<li>Presupuesto    Adjustable with 9 holes measuring 41-57cm<\/li>\n<li>Materiales    Vinyl, Faux-leather, ABS<\/li>\n<\/ul>\n","protected":false},"excerpt":{"rendered":"<p>OUCH! SKULLS AND BONES &#8211; SILICONE BALL GAG Llena la boca de tu amante con esta BOLA DE SILICONA durante<\/p>\n","protected":false},"featured_media":71537,"comment_status":"open","ping_status":"open","template":"","meta":[],"product_cat":[288],"product_tag":[307,302],"class_list":["post-71536","product","type-product","status-publish","has-post-thumbnail","hentry","product_cat-mordazas","product_tag-ouch","product_tag-shots"],"bundled_by":[],"bundle_stock_status":"instock","bundle_stock_quantity":2,"bundle_virtual":false,"bundle_layout":"","bundle_add_to_cart_form_location":"","bundle_editable_in_cart":false,"bundle_sold_individually_context":"","bundle_item_grouping":"","bundle_min_size":"","bundle_max_size":"","bundled_items":[],"yoast_head":"<!-- This site is optimized with the Yoast SEO plugin v20.6 - https:\/\/yoast.com\/wordpress\/plugins\/seo\/ -->\n<title>OUCH! SKULLS AND BONES MORDAZA CON BOLA DE SILICONA NEGRO - Tienda Er\u00f3tica<\/title>\n<meta name=\"robots\" content=\"noindex, follow, max-snippet:-1, max-image-preview:large, max-video-preview:-1\" \/>\n<meta property=\"og:locale\" content=\"es_ES\" \/>\n<meta property=\"og:type\" content=\"article\" \/>\n<meta property=\"og:title\" content=\"OUCH! SKULLS AND BONES MORDAZA CON BOLA DE SILICONA NEGRO - Tienda Er\u00f3tica\" \/>\n<meta property=\"og:description\" content=\"OUCH! SKULLS AND BONES &#8211; SILICONE BALL GAG Llena la boca de tu amante con esta BOLA DE SILICONA durante\" \/>\n<meta property=\"og:url\" content=\"https:\/\/demoweb.info\/sexshop001\/producto\/ouch-skulls-and-bones-mordaza-con-bola-de-silicona-negro-2\/\" \/>\n<meta property=\"og:site_name\" content=\"Tienda Er\u00f3tica\" \/>\n<meta property=\"article:modified_time\" content=\"2022-01-22T19:47:01+00:00\" \/>\n<meta property=\"og:image\" content=\"https:\/\/demoweb.info\/sexshop001\/wp-content\/uploads\/2022\/01\/OUCH-SKULLS-AND-BONES-MORDAZA-CON-BOLA-DE-SILICONA-NEGRO-3.jpg\" \/>\n\t<meta property=\"og:image:width\" content=\"550\" \/>\n\t<meta property=\"og:image:height\" content=\"550\" \/>\n\t<meta property=\"og:image:type\" content=\"image\/jpeg\" \/>\n<meta name=\"twitter:card\" content=\"summary_large_image\" \/>\n<meta name=\"twitter:label1\" content=\"Tiempo de lectura\" \/>\n\t<meta name=\"twitter:data1\" content=\"1 minuto\" \/>\n<script type=\"application\/ld+json\" class=\"yoast-schema-graph\">{\"@context\":\"https:\/\/schema.org\",\"@graph\":[{\"@type\":\"WebPage\",\"@id\":\"https:\/\/demoweb.info\/sexshop001\/producto\/ouch-skulls-and-bones-mordaza-con-bola-de-silicona-negro-2\/\",\"url\":\"https:\/\/demoweb.info\/sexshop001\/producto\/ouch-skulls-and-bones-mordaza-con-bola-de-silicona-negro-2\/\",\"name\":\"OUCH! SKULLS AND BONES MORDAZA CON BOLA DE SILICONA NEGRO - Tienda Er\u00f3tica\",\"isPartOf\":{\"@id\":\"https:\/\/demoweb.info\/sexshop001\/#website\"},\"datePublished\":\"2022-01-22T19:46:36+00:00\",\"dateModified\":\"2022-01-22T19:47:01+00:00\",\"breadcrumb\":{\"@id\":\"https:\/\/demoweb.info\/sexshop001\/producto\/ouch-skulls-and-bones-mordaza-con-bola-de-silicona-negro-2\/#breadcrumb\"},\"inLanguage\":\"es\",\"potentialAction\":[{\"@type\":\"ReadAction\",\"target\":[\"https:\/\/demoweb.info\/sexshop001\/producto\/ouch-skulls-and-bones-mordaza-con-bola-de-silicona-negro-2\/\"]}]},{\"@type\":\"BreadcrumbList\",\"@id\":\"https:\/\/demoweb.info\/sexshop001\/producto\/ouch-skulls-and-bones-mordaza-con-bola-de-silicona-negro-2\/#breadcrumb\",\"itemListElement\":[{\"@type\":\"ListItem\",\"position\":1,\"name\":\"Portada\",\"item\":\"https:\/\/demoweb.info\/sexshop001\/\"},{\"@type\":\"ListItem\",\"position\":2,\"name\":\"Tienda\",\"item\":\"https:\/\/demoweb.info\/sexshop001\/tienda\/\"},{\"@type\":\"ListItem\",\"position\":3,\"name\":\"OUCH! SKULLS AND BONES MORDAZA CON BOLA DE SILICONA NEGRO\"}]},{\"@type\":\"WebSite\",\"@id\":\"https:\/\/demoweb.info\/sexshop001\/#website\",\"url\":\"https:\/\/demoweb.info\/sexshop001\/\",\"name\":\"Tienda Er\u00f3tica\",\"description\":\"DEMOWEB SL\",\"potentialAction\":[{\"@type\":\"SearchAction\",\"target\":{\"@type\":\"EntryPoint\",\"urlTemplate\":\"https:\/\/demoweb.info\/sexshop001\/?s={search_term_string}\"},\"query-input\":\"required name=search_term_string\"}],\"inLanguage\":\"es\"}]}<\/script>\n<!-- \/ Yoast SEO plugin. -->","yoast_head_json":{"title":"OUCH! SKULLS AND BONES MORDAZA CON BOLA DE SILICONA NEGRO - Tienda Er\u00f3tica","robots":{"index":"noindex","follow":"follow","max-snippet":"max-snippet:-1","max-image-preview":"max-image-preview:large","max-video-preview":"max-video-preview:-1"},"og_locale":"es_ES","og_type":"article","og_title":"OUCH! SKULLS AND BONES MORDAZA CON BOLA DE SILICONA NEGRO - Tienda Er\u00f3tica","og_description":"OUCH! SKULLS AND BONES &#8211; SILICONE BALL GAG Llena la boca de tu amante con esta BOLA DE SILICONA durante","og_url":"https:\/\/demoweb.info\/sexshop001\/producto\/ouch-skulls-and-bones-mordaza-con-bola-de-silicona-negro-2\/","og_site_name":"Tienda Er\u00f3tica","article_modified_time":"2022-01-22T19:47:01+00:00","og_image":[{"width":550,"height":550,"url":"https:\/\/demoweb.info\/sexshop001\/wp-content\/uploads\/2022\/01\/OUCH-SKULLS-AND-BONES-MORDAZA-CON-BOLA-DE-SILICONA-NEGRO-3.jpg","type":"image\/jpeg"}],"twitter_card":"summary_large_image","twitter_misc":{"Tiempo de lectura":"1 minuto"},"schema":{"@context":"https:\/\/schema.org","@graph":[{"@type":"WebPage","@id":"https:\/\/demoweb.info\/sexshop001\/producto\/ouch-skulls-and-bones-mordaza-con-bola-de-silicona-negro-2\/","url":"https:\/\/demoweb.info\/sexshop001\/producto\/ouch-skulls-and-bones-mordaza-con-bola-de-silicona-negro-2\/","name":"OUCH! SKULLS AND BONES MORDAZA CON BOLA DE SILICONA NEGRO - Tienda Er\u00f3tica","isPartOf":{"@id":"https:\/\/demoweb.info\/sexshop001\/#website"},"datePublished":"2022-01-22T19:46:36+00:00","dateModified":"2022-01-22T19:47:01+00:00","breadcrumb":{"@id":"https:\/\/demoweb.info\/sexshop001\/producto\/ouch-skulls-and-bones-mordaza-con-bola-de-silicona-negro-2\/#breadcrumb"},"inLanguage":"es","potentialAction":[{"@type":"ReadAction","target":["https:\/\/demoweb.info\/sexshop001\/producto\/ouch-skulls-and-bones-mordaza-con-bola-de-silicona-negro-2\/"]}]},{"@type":"BreadcrumbList","@id":"https:\/\/demoweb.info\/sexshop001\/producto\/ouch-skulls-and-bones-mordaza-con-bola-de-silicona-negro-2\/#breadcrumb","itemListElement":[{"@type":"ListItem","position":1,"name":"Portada","item":"https:\/\/demoweb.info\/sexshop001\/"},{"@type":"ListItem","position":2,"name":"Tienda","item":"https:\/\/demoweb.info\/sexshop001\/tienda\/"},{"@type":"ListItem","position":3,"name":"OUCH! SKULLS AND BONES MORDAZA CON BOLA DE SILICONA NEGRO"}]},{"@type":"WebSite","@id":"https:\/\/demoweb.info\/sexshop001\/#website","url":"https:\/\/demoweb.info\/sexshop001\/","name":"Tienda Er\u00f3tica","description":"DEMOWEB SL","potentialAction":[{"@type":"SearchAction","target":{"@type":"EntryPoint","urlTemplate":"https:\/\/demoweb.info\/sexshop001\/?s={search_term_string}"},"query-input":"required name=search_term_string"}],"inLanguage":"es"}]}},"_links":{"self":[{"href":"https:\/\/demoweb.info\/sexshop001\/wp-json\/wp\/v3\/product\/71536","targetHints":{"allow":["GET"]}}],"collection":[{"href":"https:\/\/demoweb.info\/sexshop001\/wp-json\/wp\/v3\/product"}],"about":[{"href":"https:\/\/demoweb.info\/sexshop001\/wp-json\/wp\/v2\/types\/product"}],"replies":[{"embeddable":true,"href":"https:\/\/demoweb.info\/sexshop001\/wp-json\/wp\/v2\/comments?post=71536"}],"wp:featuredmedia":[{"embeddable":true,"href":"https:\/\/demoweb.info\/sexshop001\/wp-json\/wp\/v2\/media\/71537"}],"wp:attachment":[{"href":"https:\/\/demoweb.info\/sexshop001\/wp-json\/wp\/v2\/media?parent=71536"}],"wp:term":[{"taxonomy":"product_cat","embeddable":true,"href":"https:\/\/demoweb.info\/sexshop001\/wp-json\/wp\/v2\/product_cat?post=71536"},{"taxonomy":"product_tag","embeddable":true,"href":"https:\/\/demoweb.info\/sexshop001\/wp-json\/wp\/v2\/product_tag?post=71536"}],"curies":[{"name":"wp","href":"https:\/\/api.w.org\/{rel}","templated":true}]}}