{"id":71463,"date":"2022-01-22T20:46:03","date_gmt":"2022-01-22T19:46:03","guid":{"rendered":"https:\/\/demoweb.info\/sexshop001\/producto\/vibrador-conejito-con-rotacion-rojo\/"},"modified":"2022-01-22T20:46:03","modified_gmt":"2022-01-22T19:46:03","slug":"vibrador-conejito-con-rotacion-rojo","status":"publish","type":"product","link":"https:\/\/demoweb.info\/sexshop001\/producto\/vibrador-conejito-con-rotacion-rojo\/","title":{"rendered":"VIBRADOR CONEJITO CON ROTACI\u00d3N &#8211; ROJO"},"content":{"rendered":"<p><strong>ROTATING RABBIT <\/strong><\/p>\n<p>Combina la estimulaci\u00f3n del cl\u00edtoris con la estimulaci\u00f3n de la penetraci\u00f3n, el placer intenso y una gran dosis de felicidad con este ROTATING BEADED RABBIT VIBRATOR.<\/p>\n<p>Cuenta con dos motores ultra fuertes que se revolucionan por separado hasta 15.500 rpm y cuentan con 8 modos diferentes de placer para acelerarte a tope y llevarte a los orgasmos m\u00e1s desenfrenados. El eje con cuentas de este emocionante juguete tiene un glande giratorio con forma natural que te dar\u00e1 una estimulaci\u00f3n adicional a toda tu experiencia.<\/p>\n<p>Este estimulador para el cl\u00edtoris viene con dos orejas de conejo y se puede activar de forma independiente desde el eje. Su estructura sin costuras de TPE tiene una sensaci\u00f3n sedosa y suave y se desliza de forma f\u00e1cil contra la piel, especialmente cuando se usa con el lubricante a base de agua de calidad SHOTS.<\/p>\n<p>De pie, de 22,9 cm de altura, el ROTATING BEADED RABBIT VIBRATOR tiene una longitud de inserci\u00f3n de 11,8 cm y 3,3 cm de grosor. Este juguete ultrasilencioso (menos de 50 db) es impermeable (IPX7) y funciona con 4 pilas AAA (no incluidas) para darte un mont\u00f3n de tiempo de placer y es resistente al agua.<\/p>\n","protected":false},"excerpt":{"rendered":"<p>ROTATING RABBIT Combina la estimulaci\u00f3n del cl\u00edtoris con la estimulaci\u00f3n de la penetraci\u00f3n, el placer intenso y una gran dosis<\/p>\n","protected":false},"featured_media":71464,"comment_status":"open","ping_status":"open","template":"","meta":[],"product_cat":[434],"product_tag":[302,547],"class_list":["post-71463","product","type-product","status-publish","has-post-thumbnail","hentry","product_cat-doble-estimulacion-vibradores-juguetes-xxx","product_tag-shots","product_tag-shots-toys"],"bundled_by":[],"bundle_stock_status":"instock","bundle_stock_quantity":2,"bundle_virtual":false,"bundle_layout":"","bundle_add_to_cart_form_location":"","bundle_editable_in_cart":false,"bundle_sold_individually_context":"","bundle_item_grouping":"","bundle_min_size":"","bundle_max_size":"","bundled_items":[],"yoast_head":"<!-- This site is optimized with the Yoast SEO plugin v20.6 - https:\/\/yoast.com\/wordpress\/plugins\/seo\/ -->\n<title>VIBRADOR CONEJITO CON ROTACI\u00d3N - ROJO - Tienda Er\u00f3tica<\/title>\n<meta name=\"robots\" content=\"noindex, follow, max-snippet:-1, max-image-preview:large, max-video-preview:-1\" \/>\n<meta property=\"og:locale\" content=\"es_ES\" \/>\n<meta property=\"og:type\" content=\"article\" \/>\n<meta property=\"og:title\" content=\"VIBRADOR CONEJITO CON ROTACI\u00d3N - ROJO - Tienda Er\u00f3tica\" \/>\n<meta property=\"og:description\" content=\"ROTATING RABBIT Combina la estimulaci\u00f3n del cl\u00edtoris con la estimulaci\u00f3n de la penetraci\u00f3n, el placer intenso y una gran dosis\" \/>\n<meta property=\"og:url\" content=\"https:\/\/demoweb.info\/sexshop001\/producto\/vibrador-conejito-con-rotacion-rojo\/\" \/>\n<meta property=\"og:site_name\" content=\"Tienda Er\u00f3tica\" \/>\n<meta property=\"og:image\" content=\"https:\/\/demoweb.info\/sexshop001\/wp-content\/uploads\/2022\/01\/VIBRADOR-CONEJITO-CON-ROTACION-ROJO.jpg\" \/>\n\t<meta property=\"og:image:width\" content=\"550\" \/>\n\t<meta property=\"og:image:height\" content=\"550\" \/>\n\t<meta property=\"og:image:type\" content=\"image\/jpeg\" \/>\n<meta name=\"twitter:card\" content=\"summary_large_image\" \/>\n<meta name=\"twitter:label1\" content=\"Tiempo de lectura\" \/>\n\t<meta name=\"twitter:data1\" content=\"1 minuto\" \/>\n<script type=\"application\/ld+json\" class=\"yoast-schema-graph\">{\"@context\":\"https:\/\/schema.org\",\"@graph\":[{\"@type\":\"WebPage\",\"@id\":\"https:\/\/demoweb.info\/sexshop001\/producto\/vibrador-conejito-con-rotacion-rojo\/\",\"url\":\"https:\/\/demoweb.info\/sexshop001\/producto\/vibrador-conejito-con-rotacion-rojo\/\",\"name\":\"VIBRADOR CONEJITO CON ROTACI\u00d3N - ROJO - Tienda Er\u00f3tica\",\"isPartOf\":{\"@id\":\"https:\/\/demoweb.info\/sexshop001\/#website\"},\"datePublished\":\"2022-01-22T19:46:03+00:00\",\"dateModified\":\"2022-01-22T19:46:03+00:00\",\"breadcrumb\":{\"@id\":\"https:\/\/demoweb.info\/sexshop001\/producto\/vibrador-conejito-con-rotacion-rojo\/#breadcrumb\"},\"inLanguage\":\"es\",\"potentialAction\":[{\"@type\":\"ReadAction\",\"target\":[\"https:\/\/demoweb.info\/sexshop001\/producto\/vibrador-conejito-con-rotacion-rojo\/\"]}]},{\"@type\":\"BreadcrumbList\",\"@id\":\"https:\/\/demoweb.info\/sexshop001\/producto\/vibrador-conejito-con-rotacion-rojo\/#breadcrumb\",\"itemListElement\":[{\"@type\":\"ListItem\",\"position\":1,\"name\":\"Portada\",\"item\":\"https:\/\/demoweb.info\/sexshop001\/\"},{\"@type\":\"ListItem\",\"position\":2,\"name\":\"Tienda\",\"item\":\"https:\/\/demoweb.info\/sexshop001\/tienda\/\"},{\"@type\":\"ListItem\",\"position\":3,\"name\":\"VIBRADOR CONEJITO CON ROTACI\u00d3N &#8211; ROJO\"}]},{\"@type\":\"WebSite\",\"@id\":\"https:\/\/demoweb.info\/sexshop001\/#website\",\"url\":\"https:\/\/demoweb.info\/sexshop001\/\",\"name\":\"Tienda Er\u00f3tica\",\"description\":\"DEMOWEB SL\",\"potentialAction\":[{\"@type\":\"SearchAction\",\"target\":{\"@type\":\"EntryPoint\",\"urlTemplate\":\"https:\/\/demoweb.info\/sexshop001\/?s={search_term_string}\"},\"query-input\":\"required name=search_term_string\"}],\"inLanguage\":\"es\"}]}<\/script>\n<!-- \/ Yoast SEO plugin. -->","yoast_head_json":{"title":"VIBRADOR CONEJITO CON ROTACI\u00d3N - ROJO - Tienda Er\u00f3tica","robots":{"index":"noindex","follow":"follow","max-snippet":"max-snippet:-1","max-image-preview":"max-image-preview:large","max-video-preview":"max-video-preview:-1"},"og_locale":"es_ES","og_type":"article","og_title":"VIBRADOR CONEJITO CON ROTACI\u00d3N - ROJO - Tienda Er\u00f3tica","og_description":"ROTATING RABBIT Combina la estimulaci\u00f3n del cl\u00edtoris con la estimulaci\u00f3n de la penetraci\u00f3n, el placer intenso y una gran dosis","og_url":"https:\/\/demoweb.info\/sexshop001\/producto\/vibrador-conejito-con-rotacion-rojo\/","og_site_name":"Tienda Er\u00f3tica","og_image":[{"width":550,"height":550,"url":"https:\/\/demoweb.info\/sexshop001\/wp-content\/uploads\/2022\/01\/VIBRADOR-CONEJITO-CON-ROTACION-ROJO.jpg","type":"image\/jpeg"}],"twitter_card":"summary_large_image","twitter_misc":{"Tiempo de lectura":"1 minuto"},"schema":{"@context":"https:\/\/schema.org","@graph":[{"@type":"WebPage","@id":"https:\/\/demoweb.info\/sexshop001\/producto\/vibrador-conejito-con-rotacion-rojo\/","url":"https:\/\/demoweb.info\/sexshop001\/producto\/vibrador-conejito-con-rotacion-rojo\/","name":"VIBRADOR CONEJITO CON ROTACI\u00d3N - ROJO - Tienda Er\u00f3tica","isPartOf":{"@id":"https:\/\/demoweb.info\/sexshop001\/#website"},"datePublished":"2022-01-22T19:46:03+00:00","dateModified":"2022-01-22T19:46:03+00:00","breadcrumb":{"@id":"https:\/\/demoweb.info\/sexshop001\/producto\/vibrador-conejito-con-rotacion-rojo\/#breadcrumb"},"inLanguage":"es","potentialAction":[{"@type":"ReadAction","target":["https:\/\/demoweb.info\/sexshop001\/producto\/vibrador-conejito-con-rotacion-rojo\/"]}]},{"@type":"BreadcrumbList","@id":"https:\/\/demoweb.info\/sexshop001\/producto\/vibrador-conejito-con-rotacion-rojo\/#breadcrumb","itemListElement":[{"@type":"ListItem","position":1,"name":"Portada","item":"https:\/\/demoweb.info\/sexshop001\/"},{"@type":"ListItem","position":2,"name":"Tienda","item":"https:\/\/demoweb.info\/sexshop001\/tienda\/"},{"@type":"ListItem","position":3,"name":"VIBRADOR CONEJITO CON ROTACI\u00d3N &#8211; ROJO"}]},{"@type":"WebSite","@id":"https:\/\/demoweb.info\/sexshop001\/#website","url":"https:\/\/demoweb.info\/sexshop001\/","name":"Tienda Er\u00f3tica","description":"DEMOWEB SL","potentialAction":[{"@type":"SearchAction","target":{"@type":"EntryPoint","urlTemplate":"https:\/\/demoweb.info\/sexshop001\/?s={search_term_string}"},"query-input":"required name=search_term_string"}],"inLanguage":"es"}]}},"_links":{"self":[{"href":"https:\/\/demoweb.info\/sexshop001\/wp-json\/wp\/v3\/product\/71463","targetHints":{"allow":["GET"]}}],"collection":[{"href":"https:\/\/demoweb.info\/sexshop001\/wp-json\/wp\/v3\/product"}],"about":[{"href":"https:\/\/demoweb.info\/sexshop001\/wp-json\/wp\/v2\/types\/product"}],"replies":[{"embeddable":true,"href":"https:\/\/demoweb.info\/sexshop001\/wp-json\/wp\/v2\/comments?post=71463"}],"wp:featuredmedia":[{"embeddable":true,"href":"https:\/\/demoweb.info\/sexshop001\/wp-json\/wp\/v2\/media\/71464"}],"wp:attachment":[{"href":"https:\/\/demoweb.info\/sexshop001\/wp-json\/wp\/v2\/media?parent=71463"}],"wp:term":[{"taxonomy":"product_cat","embeddable":true,"href":"https:\/\/demoweb.info\/sexshop001\/wp-json\/wp\/v2\/product_cat?post=71463"},{"taxonomy":"product_tag","embeddable":true,"href":"https:\/\/demoweb.info\/sexshop001\/wp-json\/wp\/v2\/product_tag?post=71463"}],"curies":[{"name":"wp","href":"https:\/\/api.w.org\/{rel}","templated":true}]}}