{"id":71016,"date":"2022-01-22T20:39:40","date_gmt":"2022-01-22T19:39:40","guid":{"rendered":"https:\/\/demoweb.info\/sexshop001\/producto\/satisfyer-endless-fun-negro\/"},"modified":"2022-01-22T20:40:08","modified_gmt":"2022-01-22T19:40:08","slug":"satisfyer-endless-fun-negro","status":"publish","type":"product","link":"https:\/\/demoweb.info\/sexshop001\/producto\/satisfyer-endless-fun-negro\/","title":{"rendered":"SATISFYER ENDLESS FUN NEGRO"},"content":{"rendered":"<p><strong>SATISFYER ENDLESS FUN <\/strong><\/p>\n<p><strong>Nueva edici\u00f3n 2020<\/strong><\/p>\n<p>Endless Fun<br \/>\nOrgasmos simult\u00e1neos con m\u00e1s de 29 posibilidades.<\/p>\n<p>Vibraciones de felicidad<br \/>\n\u00bfNo quieres caminar hasta el final del arco iris para encontrar la felicidad? \u00a1No tienes por qu\u00e9 hacerlo, ya que se encuentra a tan solo un clic de rat\u00f3n de distancia!<br \/>\nEl vers\u00e1til Endless Fun te proporciona aut\u00e9ntica alegr\u00eda entre las s\u00e1banas con sus 29 orgullosas posibilidades de uso.<br \/>\nAdem\u00e1s de por su variedad, este excitante juguete del amor te conquistar\u00e1 por sus valores intr\u00ednsecos: \u00a1el sinuoso cuerpo del Endless Fun esconde nada menos que 3 potentes motores!<br \/>\nEstos se encuentran en el extremo inferior del voluminoso tallo de penetraci\u00f3n y en los brazos m\u00f3viles del juguete.<br \/>\nAdem\u00e1s, los 10 programas de vibraci\u00f3n de los dos extremos se pueden controlar de forma independiente, lo que te ofrece 100 impresionantes combinaciones vibratorias capaces de satisfacer todos y cada uno de tus deseos.<br \/>\nPor otro lado, la suave superficie de silicona m\u00e9dica acaricia tu piel con un tacto sedoso.<\/p>\n<p>Even more Ways to come!<br \/>\nEl cabezal m\u00f3vil del Endless Fun tiene un giro de 180 grados, que te permite incorporar este vers\u00e1til juguete sexual a todos los juegos y posturas.<br \/>\nDurante los juegos en solitario, este estandarte de la felicidad estimula con habilidad cl\u00edtoris, pezones y labios, aunque tambi\u00e9n permite disfrutar de excitantes vibraciones en la base del pene o el glande.<br \/>\nDurante el acto en pareja, puede contribuir estimulando vaginal o analmente a tu pareja con uno de los dos extremos.<br \/>\nPor supuesto, este juguete tambi\u00e9n llevar\u00e1 al 7.&ordm; cielo a las parejas homosexuales: por ejemplo, puedes introducirte uno de los brazos m\u00f3viles mientras penetras a tu pareja con el voluminoso tallo.<br \/>\nEl Endless Fun tambi\u00e9n puede colocarse f\u00e1cilmente en el tallo del pene, para que ambos disfruten de una placentera estimulaci\u00f3n.<\/p>\n<p>Incluso las sirenas y los tritones podr\u00e1n seguir disfrutando en el agua: Endless Fun tiene un acabado impermeable, por lo que estar\u00e1 encantado de acompa\u00f1aros a vuestras h\u00famedas aventuras en la ba\u00f1era o la ducha.<\/p>\n<p>Caracter\u00edsticas:<\/p>\n<ul>\n<li>Cabezal con un \u00e1ngulo de giro de 180 grados<\/li>\n<li>100 combinaciones vibratorias<\/li>\n<li>Estanco ipx7<\/li>\n<li>Bater\u00eda de iones de litio<\/li>\n<li>M\u00e1s de 29 opciones de uso<\/li>\n<li>Resisitente al agua<\/li>\n<li>3 potentes motores<\/li>\n<li>F\u00e1cil limpieza<\/li>\n<li>Cable de carga magn\u00e9tico por USB<\/li>\n<li><strong>Nueva edici\u00f3n 2020<\/strong><\/li>\n<li><strong>Tecnolog\u00eda mejorada.<\/strong><\/li>\n<li><strong>Nuevo embalaje acorde con la nueva imagen de la marca<\/strong><\/li>\n<li><strong>GARANT\u00cdA DE HIGIENE: Tendr\u00e1s 100% asegurado que eres la primera persona en abrir tu nuevo juguete.<\/strong><\/li>\n<\/ul>\n","protected":false},"excerpt":{"rendered":"<p>SATISFYER ENDLESS FUN Nueva edici\u00f3n 2020 Endless Fun Orgasmos simult\u00e1neos con m\u00e1s de 29 posibilidades. Vibraciones de felicidad \u00bfNo quieres<\/p>\n","protected":false},"featured_media":71017,"comment_status":"open","ping_status":"open","template":"","meta":[],"product_cat":[1083],"product_tag":[1466,442],"class_list":["post-71016","product","type-product","status-publish","has-post-thumbnail","hentry","product_cat-lesbianas","product_tag-partner","product_tag-satisfyer"],"bundled_by":[],"bundle_stock_status":"outofstock","bundle_stock_quantity":0,"bundle_virtual":false,"bundle_layout":"","bundle_add_to_cart_form_location":"","bundle_editable_in_cart":false,"bundle_sold_individually_context":"","bundle_item_grouping":"","bundle_min_size":"","bundle_max_size":"","bundled_items":[],"yoast_head":"<!-- This site is optimized with the Yoast SEO plugin v20.6 - https:\/\/yoast.com\/wordpress\/plugins\/seo\/ -->\n<title>SATISFYER ENDLESS FUN NEGRO - Tienda Er\u00f3tica<\/title>\n<meta name=\"robots\" content=\"noindex, follow, max-snippet:-1, max-image-preview:large, max-video-preview:-1\" \/>\n<meta property=\"og:locale\" content=\"es_ES\" \/>\n<meta property=\"og:type\" content=\"article\" \/>\n<meta property=\"og:title\" content=\"SATISFYER ENDLESS FUN NEGRO - Tienda Er\u00f3tica\" \/>\n<meta property=\"og:description\" content=\"SATISFYER ENDLESS FUN Nueva edici\u00f3n 2020 Endless Fun Orgasmos simult\u00e1neos con m\u00e1s de 29 posibilidades. Vibraciones de felicidad \u00bfNo quieres\" \/>\n<meta property=\"og:url\" content=\"https:\/\/demoweb.info\/sexshop001\/producto\/satisfyer-endless-fun-negro\/\" \/>\n<meta property=\"og:site_name\" content=\"Tienda Er\u00f3tica\" \/>\n<meta property=\"article:modified_time\" content=\"2022-01-22T19:40:08+00:00\" \/>\n<meta property=\"og:image\" content=\"https:\/\/demoweb.info\/sexshop001\/wp-content\/uploads\/2022\/01\/SATISFYER-ENDLESS-FUN-NEGRO.jpg\" \/>\n\t<meta property=\"og:image:width\" content=\"550\" \/>\n\t<meta property=\"og:image:height\" content=\"550\" \/>\n\t<meta property=\"og:image:type\" content=\"image\/jpeg\" \/>\n<meta name=\"twitter:card\" content=\"summary_large_image\" \/>\n<meta name=\"twitter:label1\" content=\"Tiempo de lectura\" \/>\n\t<meta name=\"twitter:data1\" content=\"2 minutos\" \/>\n<script type=\"application\/ld+json\" class=\"yoast-schema-graph\">{\"@context\":\"https:\/\/schema.org\",\"@graph\":[{\"@type\":\"WebPage\",\"@id\":\"https:\/\/demoweb.info\/sexshop001\/producto\/satisfyer-endless-fun-negro\/\",\"url\":\"https:\/\/demoweb.info\/sexshop001\/producto\/satisfyer-endless-fun-negro\/\",\"name\":\"SATISFYER ENDLESS FUN NEGRO - Tienda Er\u00f3tica\",\"isPartOf\":{\"@id\":\"https:\/\/demoweb.info\/sexshop001\/#website\"},\"datePublished\":\"2022-01-22T19:39:40+00:00\",\"dateModified\":\"2022-01-22T19:40:08+00:00\",\"breadcrumb\":{\"@id\":\"https:\/\/demoweb.info\/sexshop001\/producto\/satisfyer-endless-fun-negro\/#breadcrumb\"},\"inLanguage\":\"es\",\"potentialAction\":[{\"@type\":\"ReadAction\",\"target\":[\"https:\/\/demoweb.info\/sexshop001\/producto\/satisfyer-endless-fun-negro\/\"]}]},{\"@type\":\"BreadcrumbList\",\"@id\":\"https:\/\/demoweb.info\/sexshop001\/producto\/satisfyer-endless-fun-negro\/#breadcrumb\",\"itemListElement\":[{\"@type\":\"ListItem\",\"position\":1,\"name\":\"Portada\",\"item\":\"https:\/\/demoweb.info\/sexshop001\/\"},{\"@type\":\"ListItem\",\"position\":2,\"name\":\"Tienda\",\"item\":\"https:\/\/demoweb.info\/sexshop001\/tienda\/\"},{\"@type\":\"ListItem\",\"position\":3,\"name\":\"SATISFYER ENDLESS FUN NEGRO\"}]},{\"@type\":\"WebSite\",\"@id\":\"https:\/\/demoweb.info\/sexshop001\/#website\",\"url\":\"https:\/\/demoweb.info\/sexshop001\/\",\"name\":\"Tienda Er\u00f3tica\",\"description\":\"DEMOWEB SL\",\"potentialAction\":[{\"@type\":\"SearchAction\",\"target\":{\"@type\":\"EntryPoint\",\"urlTemplate\":\"https:\/\/demoweb.info\/sexshop001\/?s={search_term_string}\"},\"query-input\":\"required name=search_term_string\"}],\"inLanguage\":\"es\"}]}<\/script>\n<!-- \/ Yoast SEO plugin. -->","yoast_head_json":{"title":"SATISFYER ENDLESS FUN NEGRO - Tienda Er\u00f3tica","robots":{"index":"noindex","follow":"follow","max-snippet":"max-snippet:-1","max-image-preview":"max-image-preview:large","max-video-preview":"max-video-preview:-1"},"og_locale":"es_ES","og_type":"article","og_title":"SATISFYER ENDLESS FUN NEGRO - Tienda Er\u00f3tica","og_description":"SATISFYER ENDLESS FUN Nueva edici\u00f3n 2020 Endless Fun Orgasmos simult\u00e1neos con m\u00e1s de 29 posibilidades. Vibraciones de felicidad \u00bfNo quieres","og_url":"https:\/\/demoweb.info\/sexshop001\/producto\/satisfyer-endless-fun-negro\/","og_site_name":"Tienda Er\u00f3tica","article_modified_time":"2022-01-22T19:40:08+00:00","og_image":[{"width":550,"height":550,"url":"https:\/\/demoweb.info\/sexshop001\/wp-content\/uploads\/2022\/01\/SATISFYER-ENDLESS-FUN-NEGRO.jpg","type":"image\/jpeg"}],"twitter_card":"summary_large_image","twitter_misc":{"Tiempo de lectura":"2 minutos"},"schema":{"@context":"https:\/\/schema.org","@graph":[{"@type":"WebPage","@id":"https:\/\/demoweb.info\/sexshop001\/producto\/satisfyer-endless-fun-negro\/","url":"https:\/\/demoweb.info\/sexshop001\/producto\/satisfyer-endless-fun-negro\/","name":"SATISFYER ENDLESS FUN NEGRO - Tienda Er\u00f3tica","isPartOf":{"@id":"https:\/\/demoweb.info\/sexshop001\/#website"},"datePublished":"2022-01-22T19:39:40+00:00","dateModified":"2022-01-22T19:40:08+00:00","breadcrumb":{"@id":"https:\/\/demoweb.info\/sexshop001\/producto\/satisfyer-endless-fun-negro\/#breadcrumb"},"inLanguage":"es","potentialAction":[{"@type":"ReadAction","target":["https:\/\/demoweb.info\/sexshop001\/producto\/satisfyer-endless-fun-negro\/"]}]},{"@type":"BreadcrumbList","@id":"https:\/\/demoweb.info\/sexshop001\/producto\/satisfyer-endless-fun-negro\/#breadcrumb","itemListElement":[{"@type":"ListItem","position":1,"name":"Portada","item":"https:\/\/demoweb.info\/sexshop001\/"},{"@type":"ListItem","position":2,"name":"Tienda","item":"https:\/\/demoweb.info\/sexshop001\/tienda\/"},{"@type":"ListItem","position":3,"name":"SATISFYER ENDLESS FUN NEGRO"}]},{"@type":"WebSite","@id":"https:\/\/demoweb.info\/sexshop001\/#website","url":"https:\/\/demoweb.info\/sexshop001\/","name":"Tienda Er\u00f3tica","description":"DEMOWEB SL","potentialAction":[{"@type":"SearchAction","target":{"@type":"EntryPoint","urlTemplate":"https:\/\/demoweb.info\/sexshop001\/?s={search_term_string}"},"query-input":"required name=search_term_string"}],"inLanguage":"es"}]}},"_links":{"self":[{"href":"https:\/\/demoweb.info\/sexshop001\/wp-json\/wp\/v3\/product\/71016","targetHints":{"allow":["GET"]}}],"collection":[{"href":"https:\/\/demoweb.info\/sexshop001\/wp-json\/wp\/v3\/product"}],"about":[{"href":"https:\/\/demoweb.info\/sexshop001\/wp-json\/wp\/v2\/types\/product"}],"replies":[{"embeddable":true,"href":"https:\/\/demoweb.info\/sexshop001\/wp-json\/wp\/v2\/comments?post=71016"}],"wp:featuredmedia":[{"embeddable":true,"href":"https:\/\/demoweb.info\/sexshop001\/wp-json\/wp\/v2\/media\/71017"}],"wp:attachment":[{"href":"https:\/\/demoweb.info\/sexshop001\/wp-json\/wp\/v2\/media?parent=71016"}],"wp:term":[{"taxonomy":"product_cat","embeddable":true,"href":"https:\/\/demoweb.info\/sexshop001\/wp-json\/wp\/v2\/product_cat?post=71016"},{"taxonomy":"product_tag","embeddable":true,"href":"https:\/\/demoweb.info\/sexshop001\/wp-json\/wp\/v2\/product_tag?post=71016"}],"curies":[{"name":"wp","href":"https:\/\/api.w.org\/{rel}","templated":true}]}}