{"id":70901,"date":"2022-01-22T20:38:35","date_gmt":"2022-01-22T19:38:35","guid":{"rendered":"https:\/\/demoweb.info\/sexshop001\/producto\/gel-hidroalcoholico-1-litro\/"},"modified":"2022-01-22T20:38:35","modified_gmt":"2022-01-22T19:38:35","slug":"gel-hidroalcoholico-1-litro","status":"publish","type":"product","link":"https:\/\/demoweb.info\/sexshop001\/producto\/gel-hidroalcoholico-1-litro\/","title":{"rendered":"GEL HIDROALCOH\u00d3LICO 1 LITRO"},"content":{"rendered":"<p>Gel hidroalcoh\u00f3lico autosecante con propiedades higienizantes. Limpia a fondo e higieniza las manos y cualquier superficie, sin necesidad de aclarar con agua, gracias al alcohol y a los tensoactivos que contiene en su composici\u00f3n.<\/p>\n<p>Para el tratamiento higi\u00e9nico de las manos y todo tipo de superficies en: Escuelas, Guarder\u00edas, Instalaciones deportivas, Gimnasios, Salas de masajes, Oficinas, Aeropuertos, Cl\u00ednicas, etc. Utilizar el producto puro.<\/p>\n<p>Aplicar 1-3 ml de producto puro sobre las manos. Restregar y dejar secar hasta su total evaporaci\u00f3n. No es preciso aclarar con agua tras su utilizaci\u00f3n.<\/p>\n","protected":false},"excerpt":{"rendered":"<p>Gel hidroalcoh\u00f3lico autosecante con propiedades higienizantes. Limpia a fondo e higieniza las manos y cualquier superficie, sin necesidad de aclarar<\/p>\n","protected":false},"featured_media":70902,"comment_status":"open","ping_status":"open","template":"","meta":[],"product_cat":[745],"product_tag":[747,748],"class_list":["post-70901","product","type-product","status-publish","has-post-thumbnail","hentry","product_cat-gel-hidroalcoholico","product_tag-ladyaroma","product_tag-verita-farma"],"bundled_by":[],"bundle_stock_status":"instock","bundle_stock_quantity":25,"bundle_virtual":false,"bundle_layout":"","bundle_add_to_cart_form_location":"","bundle_editable_in_cart":false,"bundle_sold_individually_context":"","bundle_item_grouping":"","bundle_min_size":"","bundle_max_size":"","bundled_items":[],"yoast_head":"<!-- This site is optimized with the Yoast SEO plugin v20.6 - https:\/\/yoast.com\/wordpress\/plugins\/seo\/ -->\n<title>GEL HIDROALCOH\u00d3LICO 1 LITRO - Tienda Er\u00f3tica<\/title>\n<meta name=\"robots\" content=\"noindex, follow, max-snippet:-1, max-image-preview:large, max-video-preview:-1\" \/>\n<meta property=\"og:locale\" content=\"es_ES\" \/>\n<meta property=\"og:type\" content=\"article\" \/>\n<meta property=\"og:title\" content=\"GEL HIDROALCOH\u00d3LICO 1 LITRO - Tienda Er\u00f3tica\" \/>\n<meta property=\"og:description\" content=\"Gel hidroalcoh\u00f3lico autosecante con propiedades higienizantes. Limpia a fondo e higieniza las manos y cualquier superficie, sin necesidad de aclarar\" \/>\n<meta property=\"og:url\" content=\"https:\/\/demoweb.info\/sexshop001\/producto\/gel-hidroalcoholico-1-litro\/\" \/>\n<meta property=\"og:site_name\" content=\"Tienda Er\u00f3tica\" \/>\n<meta property=\"og:image\" content=\"https:\/\/demoweb.info\/sexshop001\/wp-content\/uploads\/2022\/01\/GEL-HIDROALCOHOLICO-1-LITRO.jpg\" \/>\n\t<meta property=\"og:image:width\" content=\"550\" \/>\n\t<meta property=\"og:image:height\" content=\"550\" \/>\n\t<meta property=\"og:image:type\" content=\"image\/jpeg\" \/>\n<meta name=\"twitter:card\" content=\"summary_large_image\" \/>\n<script type=\"application\/ld+json\" class=\"yoast-schema-graph\">{\"@context\":\"https:\/\/schema.org\",\"@graph\":[{\"@type\":\"WebPage\",\"@id\":\"https:\/\/demoweb.info\/sexshop001\/producto\/gel-hidroalcoholico-1-litro\/\",\"url\":\"https:\/\/demoweb.info\/sexshop001\/producto\/gel-hidroalcoholico-1-litro\/\",\"name\":\"GEL HIDROALCOH\u00d3LICO 1 LITRO - Tienda Er\u00f3tica\",\"isPartOf\":{\"@id\":\"https:\/\/demoweb.info\/sexshop001\/#website\"},\"datePublished\":\"2022-01-22T19:38:35+00:00\",\"dateModified\":\"2022-01-22T19:38:35+00:00\",\"breadcrumb\":{\"@id\":\"https:\/\/demoweb.info\/sexshop001\/producto\/gel-hidroalcoholico-1-litro\/#breadcrumb\"},\"inLanguage\":\"es\",\"potentialAction\":[{\"@type\":\"ReadAction\",\"target\":[\"https:\/\/demoweb.info\/sexshop001\/producto\/gel-hidroalcoholico-1-litro\/\"]}]},{\"@type\":\"BreadcrumbList\",\"@id\":\"https:\/\/demoweb.info\/sexshop001\/producto\/gel-hidroalcoholico-1-litro\/#breadcrumb\",\"itemListElement\":[{\"@type\":\"ListItem\",\"position\":1,\"name\":\"Portada\",\"item\":\"https:\/\/demoweb.info\/sexshop001\/\"},{\"@type\":\"ListItem\",\"position\":2,\"name\":\"Tienda\",\"item\":\"https:\/\/demoweb.info\/sexshop001\/tienda\/\"},{\"@type\":\"ListItem\",\"position\":3,\"name\":\"GEL HIDROALCOH\u00d3LICO 1 LITRO\"}]},{\"@type\":\"WebSite\",\"@id\":\"https:\/\/demoweb.info\/sexshop001\/#website\",\"url\":\"https:\/\/demoweb.info\/sexshop001\/\",\"name\":\"Tienda Er\u00f3tica\",\"description\":\"DEMOWEB SL\",\"potentialAction\":[{\"@type\":\"SearchAction\",\"target\":{\"@type\":\"EntryPoint\",\"urlTemplate\":\"https:\/\/demoweb.info\/sexshop001\/?s={search_term_string}\"},\"query-input\":\"required name=search_term_string\"}],\"inLanguage\":\"es\"}]}<\/script>\n<!-- \/ Yoast SEO plugin. -->","yoast_head_json":{"title":"GEL HIDROALCOH\u00d3LICO 1 LITRO - Tienda Er\u00f3tica","robots":{"index":"noindex","follow":"follow","max-snippet":"max-snippet:-1","max-image-preview":"max-image-preview:large","max-video-preview":"max-video-preview:-1"},"og_locale":"es_ES","og_type":"article","og_title":"GEL HIDROALCOH\u00d3LICO 1 LITRO - Tienda Er\u00f3tica","og_description":"Gel hidroalcoh\u00f3lico autosecante con propiedades higienizantes. Limpia a fondo e higieniza las manos y cualquier superficie, sin necesidad de aclarar","og_url":"https:\/\/demoweb.info\/sexshop001\/producto\/gel-hidroalcoholico-1-litro\/","og_site_name":"Tienda Er\u00f3tica","og_image":[{"width":550,"height":550,"url":"https:\/\/demoweb.info\/sexshop001\/wp-content\/uploads\/2022\/01\/GEL-HIDROALCOHOLICO-1-LITRO.jpg","type":"image\/jpeg"}],"twitter_card":"summary_large_image","schema":{"@context":"https:\/\/schema.org","@graph":[{"@type":"WebPage","@id":"https:\/\/demoweb.info\/sexshop001\/producto\/gel-hidroalcoholico-1-litro\/","url":"https:\/\/demoweb.info\/sexshop001\/producto\/gel-hidroalcoholico-1-litro\/","name":"GEL HIDROALCOH\u00d3LICO 1 LITRO - Tienda Er\u00f3tica","isPartOf":{"@id":"https:\/\/demoweb.info\/sexshop001\/#website"},"datePublished":"2022-01-22T19:38:35+00:00","dateModified":"2022-01-22T19:38:35+00:00","breadcrumb":{"@id":"https:\/\/demoweb.info\/sexshop001\/producto\/gel-hidroalcoholico-1-litro\/#breadcrumb"},"inLanguage":"es","potentialAction":[{"@type":"ReadAction","target":["https:\/\/demoweb.info\/sexshop001\/producto\/gel-hidroalcoholico-1-litro\/"]}]},{"@type":"BreadcrumbList","@id":"https:\/\/demoweb.info\/sexshop001\/producto\/gel-hidroalcoholico-1-litro\/#breadcrumb","itemListElement":[{"@type":"ListItem","position":1,"name":"Portada","item":"https:\/\/demoweb.info\/sexshop001\/"},{"@type":"ListItem","position":2,"name":"Tienda","item":"https:\/\/demoweb.info\/sexshop001\/tienda\/"},{"@type":"ListItem","position":3,"name":"GEL HIDROALCOH\u00d3LICO 1 LITRO"}]},{"@type":"WebSite","@id":"https:\/\/demoweb.info\/sexshop001\/#website","url":"https:\/\/demoweb.info\/sexshop001\/","name":"Tienda Er\u00f3tica","description":"DEMOWEB SL","potentialAction":[{"@type":"SearchAction","target":{"@type":"EntryPoint","urlTemplate":"https:\/\/demoweb.info\/sexshop001\/?s={search_term_string}"},"query-input":"required name=search_term_string"}],"inLanguage":"es"}]}},"_links":{"self":[{"href":"https:\/\/demoweb.info\/sexshop001\/wp-json\/wp\/v3\/product\/70901","targetHints":{"allow":["GET"]}}],"collection":[{"href":"https:\/\/demoweb.info\/sexshop001\/wp-json\/wp\/v3\/product"}],"about":[{"href":"https:\/\/demoweb.info\/sexshop001\/wp-json\/wp\/v2\/types\/product"}],"replies":[{"embeddable":true,"href":"https:\/\/demoweb.info\/sexshop001\/wp-json\/wp\/v2\/comments?post=70901"}],"wp:featuredmedia":[{"embeddable":true,"href":"https:\/\/demoweb.info\/sexshop001\/wp-json\/wp\/v2\/media\/70902"}],"wp:attachment":[{"href":"https:\/\/demoweb.info\/sexshop001\/wp-json\/wp\/v2\/media?parent=70901"}],"wp:term":[{"taxonomy":"product_cat","embeddable":true,"href":"https:\/\/demoweb.info\/sexshop001\/wp-json\/wp\/v2\/product_cat?post=70901"},{"taxonomy":"product_tag","embeddable":true,"href":"https:\/\/demoweb.info\/sexshop001\/wp-json\/wp\/v2\/product_tag?post=70901"}],"curies":[{"name":"wp","href":"https:\/\/api.w.org\/{rel}","templated":true}]}}