{"id":70781,"date":"2022-01-22T20:37:03","date_gmt":"2022-01-22T19:37:03","guid":{"rendered":"https:\/\/demoweb.info\/sexshop001\/producto\/secreto-inconfesable-trilogia-pecado-1\/"},"modified":"2022-01-22T20:37:05","modified_gmt":"2022-01-22T19:37:05","slug":"secreto-inconfesable-trilogia-pecado-1","status":"publish","type":"product","link":"https:\/\/demoweb.info\/sexshop001\/producto\/secreto-inconfesable-trilogia-pecado-1\/","title":{"rendered":"SECRETO INCONFESABLE (TRILOG\u00cdA PECADO 1)"},"content":{"rendered":"<p><strong>SECRETO INCONFESABLE (TRILOG\u00cdA PECADO 1) <\/strong><\/p>\n<p><strong>J. Kenner<\/strong><\/p>\n<p>La nueva trilog\u00eda de J. Kenner, autorabest seller de The New York Times y ganadora del premio RITA, el m\u00e1s prestigioso del g\u00e9nero de romance er\u00f3tico.\u00abUna excitante historia de amor, peligro y deseo prohibido.\u00bbLibrary JournalJ.<\/p>\n<p>Kenner, una de las grandes maestras del romance er\u00f3tico, nos ofrece la primera entrega de su trilog\u00eda m\u00e1s excitante y pecaminosa, ambientada en un mundo marcado por el lujo, el misterio y las pasiones m\u00e1s prohibidas.<\/p>\n<p>Cuando entre un hombre y una mujer existe una intensa tensi\u00f3n er\u00f3tica y un amor imposible, los deseos deben mantenerse ocultos, en el m\u00e1s absoluto secreto.Todo el mundo cree que el atractivo y millonario Dallas Sykes es un conquistador impenitente. Siempre rodeado de las mujeres m\u00e1s bellas y liberadas, frecuenta fiestas esplendorosas donde el sexo se bebe como si fuera champ\u00e1n.<\/p>\n<p>Lo que casi nadie sabe es que el talante provocador de Dallas esconde una doble vida&#8230; y una relaci\u00f3n intensamente plat\u00f3nica con su hermana adoptiva, Jane, con quien vivi\u00f3 una experiencia traum\u00e1tica que ninguno de los dos ha podido olvidar. Por su lado, tambi\u00e9n Jane intenta resistirse a esa atracci\u00f3n por \u00e9l y busca a un hombre que le haga olvidar lo que siente cuando sus miradas se cruzan.<\/p>\n<ul>\n<li>Formato, p\u00e1ginas: BOLSILLO, 336<\/li>\n<li>Tapa blanda<\/li>\n<\/ul>\n","protected":false},"excerpt":{"rendered":"<p>SECRETO INCONFESABLE (TRILOG\u00cdA PECADO 1) J. Kenner La nueva trilog\u00eda de J. Kenner, autorabest seller de The New York Times<\/p>\n","protected":false},"featured_media":70782,"comment_status":"open","ping_status":"open","template":"","meta":[],"product_cat":[414],"product_tag":[722,415],"class_list":["post-70781","product","type-product","status-publish","has-post-thumbnail","hentry","product_cat-libros","product_tag-debolsillo","product_tag-random-house"],"bundled_by":[],"bundle_stock_status":"instock","bundle_stock_quantity":2,"bundle_virtual":false,"bundle_layout":"","bundle_add_to_cart_form_location":"","bundle_editable_in_cart":false,"bundle_sold_individually_context":"","bundle_item_grouping":"","bundle_min_size":"","bundle_max_size":"","bundled_items":[],"yoast_head":"<!-- This site is optimized with the Yoast SEO plugin v20.6 - https:\/\/yoast.com\/wordpress\/plugins\/seo\/ -->\n<title>SECRETO INCONFESABLE (TRILOG\u00cdA PECADO 1) - Tienda Er\u00f3tica<\/title>\n<meta name=\"robots\" content=\"noindex, follow, max-snippet:-1, max-image-preview:large, max-video-preview:-1\" \/>\n<meta property=\"og:locale\" content=\"es_ES\" \/>\n<meta property=\"og:type\" content=\"article\" \/>\n<meta property=\"og:title\" content=\"SECRETO INCONFESABLE (TRILOG\u00cdA PECADO 1) - Tienda Er\u00f3tica\" \/>\n<meta property=\"og:description\" content=\"SECRETO INCONFESABLE (TRILOG\u00cdA PECADO 1) J. Kenner La nueva trilog\u00eda de J. Kenner, autorabest seller de The New York Times\" \/>\n<meta property=\"og:url\" content=\"https:\/\/demoweb.info\/sexshop001\/producto\/secreto-inconfesable-trilogia-pecado-1\/\" \/>\n<meta property=\"og:site_name\" content=\"Tienda Er\u00f3tica\" \/>\n<meta property=\"article:modified_time\" content=\"2022-01-22T19:37:05+00:00\" \/>\n<meta property=\"og:image\" content=\"https:\/\/demoweb.info\/sexshop001\/wp-content\/uploads\/2022\/01\/SECRETO-INCONFESABLE-TRILOGIA-PECADO-1.jpg\" \/>\n\t<meta property=\"og:image:width\" content=\"550\" \/>\n\t<meta property=\"og:image:height\" content=\"550\" \/>\n\t<meta property=\"og:image:type\" content=\"image\/jpeg\" \/>\n<meta name=\"twitter:card\" content=\"summary_large_image\" \/>\n<meta name=\"twitter:label1\" content=\"Tiempo de lectura\" \/>\n\t<meta name=\"twitter:data1\" content=\"1 minuto\" \/>\n<script type=\"application\/ld+json\" class=\"yoast-schema-graph\">{\"@context\":\"https:\/\/schema.org\",\"@graph\":[{\"@type\":\"WebPage\",\"@id\":\"https:\/\/demoweb.info\/sexshop001\/producto\/secreto-inconfesable-trilogia-pecado-1\/\",\"url\":\"https:\/\/demoweb.info\/sexshop001\/producto\/secreto-inconfesable-trilogia-pecado-1\/\",\"name\":\"SECRETO INCONFESABLE (TRILOG\u00cdA PECADO 1) - Tienda Er\u00f3tica\",\"isPartOf\":{\"@id\":\"https:\/\/demoweb.info\/sexshop001\/#website\"},\"datePublished\":\"2022-01-22T19:37:03+00:00\",\"dateModified\":\"2022-01-22T19:37:05+00:00\",\"breadcrumb\":{\"@id\":\"https:\/\/demoweb.info\/sexshop001\/producto\/secreto-inconfesable-trilogia-pecado-1\/#breadcrumb\"},\"inLanguage\":\"es\",\"potentialAction\":[{\"@type\":\"ReadAction\",\"target\":[\"https:\/\/demoweb.info\/sexshop001\/producto\/secreto-inconfesable-trilogia-pecado-1\/\"]}]},{\"@type\":\"BreadcrumbList\",\"@id\":\"https:\/\/demoweb.info\/sexshop001\/producto\/secreto-inconfesable-trilogia-pecado-1\/#breadcrumb\",\"itemListElement\":[{\"@type\":\"ListItem\",\"position\":1,\"name\":\"Portada\",\"item\":\"https:\/\/demoweb.info\/sexshop001\/\"},{\"@type\":\"ListItem\",\"position\":2,\"name\":\"Tienda\",\"item\":\"https:\/\/demoweb.info\/sexshop001\/tienda\/\"},{\"@type\":\"ListItem\",\"position\":3,\"name\":\"SECRETO INCONFESABLE (TRILOG\u00cdA PECADO 1)\"}]},{\"@type\":\"WebSite\",\"@id\":\"https:\/\/demoweb.info\/sexshop001\/#website\",\"url\":\"https:\/\/demoweb.info\/sexshop001\/\",\"name\":\"Tienda Er\u00f3tica\",\"description\":\"DEMOWEB SL\",\"potentialAction\":[{\"@type\":\"SearchAction\",\"target\":{\"@type\":\"EntryPoint\",\"urlTemplate\":\"https:\/\/demoweb.info\/sexshop001\/?s={search_term_string}\"},\"query-input\":\"required name=search_term_string\"}],\"inLanguage\":\"es\"}]}<\/script>\n<!-- \/ Yoast SEO plugin. -->","yoast_head_json":{"title":"SECRETO INCONFESABLE (TRILOG\u00cdA PECADO 1) - Tienda Er\u00f3tica","robots":{"index":"noindex","follow":"follow","max-snippet":"max-snippet:-1","max-image-preview":"max-image-preview:large","max-video-preview":"max-video-preview:-1"},"og_locale":"es_ES","og_type":"article","og_title":"SECRETO INCONFESABLE (TRILOG\u00cdA PECADO 1) - Tienda Er\u00f3tica","og_description":"SECRETO INCONFESABLE (TRILOG\u00cdA PECADO 1) J. Kenner La nueva trilog\u00eda de J. Kenner, autorabest seller de The New York Times","og_url":"https:\/\/demoweb.info\/sexshop001\/producto\/secreto-inconfesable-trilogia-pecado-1\/","og_site_name":"Tienda Er\u00f3tica","article_modified_time":"2022-01-22T19:37:05+00:00","og_image":[{"width":550,"height":550,"url":"https:\/\/demoweb.info\/sexshop001\/wp-content\/uploads\/2022\/01\/SECRETO-INCONFESABLE-TRILOGIA-PECADO-1.jpg","type":"image\/jpeg"}],"twitter_card":"summary_large_image","twitter_misc":{"Tiempo de lectura":"1 minuto"},"schema":{"@context":"https:\/\/schema.org","@graph":[{"@type":"WebPage","@id":"https:\/\/demoweb.info\/sexshop001\/producto\/secreto-inconfesable-trilogia-pecado-1\/","url":"https:\/\/demoweb.info\/sexshop001\/producto\/secreto-inconfesable-trilogia-pecado-1\/","name":"SECRETO INCONFESABLE (TRILOG\u00cdA PECADO 1) - Tienda Er\u00f3tica","isPartOf":{"@id":"https:\/\/demoweb.info\/sexshop001\/#website"},"datePublished":"2022-01-22T19:37:03+00:00","dateModified":"2022-01-22T19:37:05+00:00","breadcrumb":{"@id":"https:\/\/demoweb.info\/sexshop001\/producto\/secreto-inconfesable-trilogia-pecado-1\/#breadcrumb"},"inLanguage":"es","potentialAction":[{"@type":"ReadAction","target":["https:\/\/demoweb.info\/sexshop001\/producto\/secreto-inconfesable-trilogia-pecado-1\/"]}]},{"@type":"BreadcrumbList","@id":"https:\/\/demoweb.info\/sexshop001\/producto\/secreto-inconfesable-trilogia-pecado-1\/#breadcrumb","itemListElement":[{"@type":"ListItem","position":1,"name":"Portada","item":"https:\/\/demoweb.info\/sexshop001\/"},{"@type":"ListItem","position":2,"name":"Tienda","item":"https:\/\/demoweb.info\/sexshop001\/tienda\/"},{"@type":"ListItem","position":3,"name":"SECRETO INCONFESABLE (TRILOG\u00cdA PECADO 1)"}]},{"@type":"WebSite","@id":"https:\/\/demoweb.info\/sexshop001\/#website","url":"https:\/\/demoweb.info\/sexshop001\/","name":"Tienda Er\u00f3tica","description":"DEMOWEB SL","potentialAction":[{"@type":"SearchAction","target":{"@type":"EntryPoint","urlTemplate":"https:\/\/demoweb.info\/sexshop001\/?s={search_term_string}"},"query-input":"required name=search_term_string"}],"inLanguage":"es"}]}},"_links":{"self":[{"href":"https:\/\/demoweb.info\/sexshop001\/wp-json\/wp\/v3\/product\/70781","targetHints":{"allow":["GET"]}}],"collection":[{"href":"https:\/\/demoweb.info\/sexshop001\/wp-json\/wp\/v3\/product"}],"about":[{"href":"https:\/\/demoweb.info\/sexshop001\/wp-json\/wp\/v2\/types\/product"}],"replies":[{"embeddable":true,"href":"https:\/\/demoweb.info\/sexshop001\/wp-json\/wp\/v2\/comments?post=70781"}],"wp:featuredmedia":[{"embeddable":true,"href":"https:\/\/demoweb.info\/sexshop001\/wp-json\/wp\/v2\/media\/70782"}],"wp:attachment":[{"href":"https:\/\/demoweb.info\/sexshop001\/wp-json\/wp\/v2\/media?parent=70781"}],"wp:term":[{"taxonomy":"product_cat","embeddable":true,"href":"https:\/\/demoweb.info\/sexshop001\/wp-json\/wp\/v2\/product_cat?post=70781"},{"taxonomy":"product_tag","embeddable":true,"href":"https:\/\/demoweb.info\/sexshop001\/wp-json\/wp\/v2\/product_tag?post=70781"}],"curies":[{"name":"wp","href":"https:\/\/api.w.org\/{rel}","templated":true}]}}