{"id":70777,"date":"2022-01-22T20:37:03","date_gmt":"2022-01-22T19:37:03","guid":{"rendered":"https:\/\/demoweb.info\/sexshop001\/producto\/delicioso-tabu-trilogia-pecado-3\/"},"modified":"2022-01-22T20:37:03","modified_gmt":"2022-01-22T19:37:03","slug":"delicioso-tabu-trilogia-pecado-3","status":"publish","type":"product","link":"https:\/\/demoweb.info\/sexshop001\/producto\/delicioso-tabu-trilogia-pecado-3\/","title":{"rendered":"DELICIOSO TAB\u00da (TRILOG\u00cdA PECADO 3)"},"content":{"rendered":"<p><strong>DELICIOSO TAB\u00da (TRILOG\u00cdA PECADO 3) <\/strong><\/p>\n<p><strong>J. Kenner<\/strong><\/p>\n<p>Olvida tus prejuicios. L\u00e1nzate al inesperado y apasionante desenlace de la trilog\u00eda \u00abPecado\u00bb.J. Kenner, una de las grandes maestras del romance er\u00f3tico, nos ofrece el esperado desenlace de su nueva trilog\u00eda, \u00abPecado\u00bb, ambientada en un mundo marcado por el lujo, el misterio y las pasiones m\u00e1s prohibidas.<\/p>\n<p>Hay momentos en que solo la fuerza del amor puede salvarnos de nuestros enemigos. Y por \u00e9l hay que luchar sin dudarlo, con la misma fuerza que nos da el sabernos amados.La amenaza sigue acechando el tormentoso romance de Jane y Dallas.<\/p>\n<p>Y no se trata ya solo de la incomprensi\u00f3n de sus seres queridos sino de alguien que desea hacerles da\u00f1o y est\u00e1 poniendo todos los medios a su alcance para conseguirlo.<\/p>\n<p>Dallas ignora qui\u00e9n est\u00e1 detr\u00e1s de todas las sombr\u00edas amenazas, pero s\u00ed sabe una cosa: sin Jane a su lado, en la cama y en la vida, ya nada ser\u00eda lo mismo. Por eso, cuando la joven desaparece, la angustia de su amante no tiene l\u00edmites. Debe encontrarla y rescatarla de esa persona que los odia y que desea verter sobre ellos todo el resentimiento macerado durante a\u00f1os de envidia.<\/p>\n<ul>\n<li>Formato, p\u00e1ginas: BOLSILLO, 272<\/li>\n<li>Tapa blanda<\/li>\n<\/ul>\n","protected":false},"excerpt":{"rendered":"<p>DELICIOSO TAB\u00da (TRILOG\u00cdA PECADO 3) J. Kenner Olvida tus prejuicios. L\u00e1nzate al inesperado y apasionante desenlace de la trilog\u00eda \u00abPecado\u00bb.J.<\/p>\n","protected":false},"featured_media":70778,"comment_status":"open","ping_status":"open","template":"","meta":[],"product_cat":[414],"product_tag":[722,415],"class_list":["post-70777","product","type-product","status-publish","has-post-thumbnail","hentry","product_cat-libros","product_tag-debolsillo","product_tag-random-house"],"bundled_by":[],"bundle_stock_status":"instock","bundle_stock_quantity":1,"bundle_virtual":false,"bundle_layout":"","bundle_add_to_cart_form_location":"","bundle_editable_in_cart":false,"bundle_sold_individually_context":"","bundle_item_grouping":"","bundle_min_size":"","bundle_max_size":"","bundled_items":[],"yoast_head":"<!-- This site is optimized with the Yoast SEO plugin v20.6 - https:\/\/yoast.com\/wordpress\/plugins\/seo\/ -->\n<title>DELICIOSO TAB\u00da (TRILOG\u00cdA PECADO 3) - Tienda Er\u00f3tica<\/title>\n<meta name=\"robots\" content=\"noindex, follow, max-snippet:-1, max-image-preview:large, max-video-preview:-1\" \/>\n<meta property=\"og:locale\" content=\"es_ES\" \/>\n<meta property=\"og:type\" content=\"article\" \/>\n<meta property=\"og:title\" content=\"DELICIOSO TAB\u00da (TRILOG\u00cdA PECADO 3) - Tienda Er\u00f3tica\" \/>\n<meta property=\"og:description\" content=\"DELICIOSO TAB\u00da (TRILOG\u00cdA PECADO 3) J. Kenner Olvida tus prejuicios. L\u00e1nzate al inesperado y apasionante desenlace de la trilog\u00eda \u00abPecado\u00bb.J.\" \/>\n<meta property=\"og:url\" content=\"https:\/\/demoweb.info\/sexshop001\/producto\/delicioso-tabu-trilogia-pecado-3\/\" \/>\n<meta property=\"og:site_name\" content=\"Tienda Er\u00f3tica\" \/>\n<meta property=\"og:image\" content=\"https:\/\/demoweb.info\/sexshop001\/wp-content\/uploads\/2022\/01\/DELICIOSO-TABU-TRILOGIA-PECADO-3.jpg\" \/>\n\t<meta property=\"og:image:width\" content=\"550\" \/>\n\t<meta property=\"og:image:height\" content=\"550\" \/>\n\t<meta property=\"og:image:type\" content=\"image\/jpeg\" \/>\n<meta name=\"twitter:card\" content=\"summary_large_image\" \/>\n<meta name=\"twitter:label1\" content=\"Tiempo de lectura\" \/>\n\t<meta name=\"twitter:data1\" content=\"1 minuto\" \/>\n<script type=\"application\/ld+json\" class=\"yoast-schema-graph\">{\"@context\":\"https:\/\/schema.org\",\"@graph\":[{\"@type\":\"WebPage\",\"@id\":\"https:\/\/demoweb.info\/sexshop001\/producto\/delicioso-tabu-trilogia-pecado-3\/\",\"url\":\"https:\/\/demoweb.info\/sexshop001\/producto\/delicioso-tabu-trilogia-pecado-3\/\",\"name\":\"DELICIOSO TAB\u00da (TRILOG\u00cdA PECADO 3) - Tienda Er\u00f3tica\",\"isPartOf\":{\"@id\":\"https:\/\/demoweb.info\/sexshop001\/#website\"},\"datePublished\":\"2022-01-22T19:37:03+00:00\",\"dateModified\":\"2022-01-22T19:37:03+00:00\",\"breadcrumb\":{\"@id\":\"https:\/\/demoweb.info\/sexshop001\/producto\/delicioso-tabu-trilogia-pecado-3\/#breadcrumb\"},\"inLanguage\":\"es\",\"potentialAction\":[{\"@type\":\"ReadAction\",\"target\":[\"https:\/\/demoweb.info\/sexshop001\/producto\/delicioso-tabu-trilogia-pecado-3\/\"]}]},{\"@type\":\"BreadcrumbList\",\"@id\":\"https:\/\/demoweb.info\/sexshop001\/producto\/delicioso-tabu-trilogia-pecado-3\/#breadcrumb\",\"itemListElement\":[{\"@type\":\"ListItem\",\"position\":1,\"name\":\"Portada\",\"item\":\"https:\/\/demoweb.info\/sexshop001\/\"},{\"@type\":\"ListItem\",\"position\":2,\"name\":\"Tienda\",\"item\":\"https:\/\/demoweb.info\/sexshop001\/tienda\/\"},{\"@type\":\"ListItem\",\"position\":3,\"name\":\"DELICIOSO TAB\u00da (TRILOG\u00cdA PECADO 3)\"}]},{\"@type\":\"WebSite\",\"@id\":\"https:\/\/demoweb.info\/sexshop001\/#website\",\"url\":\"https:\/\/demoweb.info\/sexshop001\/\",\"name\":\"Tienda Er\u00f3tica\",\"description\":\"DEMOWEB SL\",\"potentialAction\":[{\"@type\":\"SearchAction\",\"target\":{\"@type\":\"EntryPoint\",\"urlTemplate\":\"https:\/\/demoweb.info\/sexshop001\/?s={search_term_string}\"},\"query-input\":\"required name=search_term_string\"}],\"inLanguage\":\"es\"}]}<\/script>\n<!-- \/ Yoast SEO plugin. -->","yoast_head_json":{"title":"DELICIOSO TAB\u00da (TRILOG\u00cdA PECADO 3) - Tienda Er\u00f3tica","robots":{"index":"noindex","follow":"follow","max-snippet":"max-snippet:-1","max-image-preview":"max-image-preview:large","max-video-preview":"max-video-preview:-1"},"og_locale":"es_ES","og_type":"article","og_title":"DELICIOSO TAB\u00da (TRILOG\u00cdA PECADO 3) - Tienda Er\u00f3tica","og_description":"DELICIOSO TAB\u00da (TRILOG\u00cdA PECADO 3) J. Kenner Olvida tus prejuicios. L\u00e1nzate al inesperado y apasionante desenlace de la trilog\u00eda \u00abPecado\u00bb.J.","og_url":"https:\/\/demoweb.info\/sexshop001\/producto\/delicioso-tabu-trilogia-pecado-3\/","og_site_name":"Tienda Er\u00f3tica","og_image":[{"width":550,"height":550,"url":"https:\/\/demoweb.info\/sexshop001\/wp-content\/uploads\/2022\/01\/DELICIOSO-TABU-TRILOGIA-PECADO-3.jpg","type":"image\/jpeg"}],"twitter_card":"summary_large_image","twitter_misc":{"Tiempo de lectura":"1 minuto"},"schema":{"@context":"https:\/\/schema.org","@graph":[{"@type":"WebPage","@id":"https:\/\/demoweb.info\/sexshop001\/producto\/delicioso-tabu-trilogia-pecado-3\/","url":"https:\/\/demoweb.info\/sexshop001\/producto\/delicioso-tabu-trilogia-pecado-3\/","name":"DELICIOSO TAB\u00da (TRILOG\u00cdA PECADO 3) - Tienda Er\u00f3tica","isPartOf":{"@id":"https:\/\/demoweb.info\/sexshop001\/#website"},"datePublished":"2022-01-22T19:37:03+00:00","dateModified":"2022-01-22T19:37:03+00:00","breadcrumb":{"@id":"https:\/\/demoweb.info\/sexshop001\/producto\/delicioso-tabu-trilogia-pecado-3\/#breadcrumb"},"inLanguage":"es","potentialAction":[{"@type":"ReadAction","target":["https:\/\/demoweb.info\/sexshop001\/producto\/delicioso-tabu-trilogia-pecado-3\/"]}]},{"@type":"BreadcrumbList","@id":"https:\/\/demoweb.info\/sexshop001\/producto\/delicioso-tabu-trilogia-pecado-3\/#breadcrumb","itemListElement":[{"@type":"ListItem","position":1,"name":"Portada","item":"https:\/\/demoweb.info\/sexshop001\/"},{"@type":"ListItem","position":2,"name":"Tienda","item":"https:\/\/demoweb.info\/sexshop001\/tienda\/"},{"@type":"ListItem","position":3,"name":"DELICIOSO TAB\u00da (TRILOG\u00cdA PECADO 3)"}]},{"@type":"WebSite","@id":"https:\/\/demoweb.info\/sexshop001\/#website","url":"https:\/\/demoweb.info\/sexshop001\/","name":"Tienda Er\u00f3tica","description":"DEMOWEB SL","potentialAction":[{"@type":"SearchAction","target":{"@type":"EntryPoint","urlTemplate":"https:\/\/demoweb.info\/sexshop001\/?s={search_term_string}"},"query-input":"required name=search_term_string"}],"inLanguage":"es"}]}},"_links":{"self":[{"href":"https:\/\/demoweb.info\/sexshop001\/wp-json\/wp\/v3\/product\/70777","targetHints":{"allow":["GET"]}}],"collection":[{"href":"https:\/\/demoweb.info\/sexshop001\/wp-json\/wp\/v3\/product"}],"about":[{"href":"https:\/\/demoweb.info\/sexshop001\/wp-json\/wp\/v2\/types\/product"}],"replies":[{"embeddable":true,"href":"https:\/\/demoweb.info\/sexshop001\/wp-json\/wp\/v2\/comments?post=70777"}],"wp:featuredmedia":[{"embeddable":true,"href":"https:\/\/demoweb.info\/sexshop001\/wp-json\/wp\/v2\/media\/70778"}],"wp:attachment":[{"href":"https:\/\/demoweb.info\/sexshop001\/wp-json\/wp\/v2\/media?parent=70777"}],"wp:term":[{"taxonomy":"product_cat","embeddable":true,"href":"https:\/\/demoweb.info\/sexshop001\/wp-json\/wp\/v2\/product_cat?post=70777"},{"taxonomy":"product_tag","embeddable":true,"href":"https:\/\/demoweb.info\/sexshop001\/wp-json\/wp\/v2\/product_tag?post=70777"}],"curies":[{"name":"wp","href":"https:\/\/api.w.org\/{rel}","templated":true}]}}