{"id":70695,"date":"2022-01-22T20:36:06","date_gmt":"2022-01-22T19:36:06","guid":{"rendered":"https:\/\/demoweb.info\/sexshop001\/producto\/saninex-concentration-anillo-elastico-de-caucho\/"},"modified":"2022-01-22T20:36:07","modified_gmt":"2022-01-22T19:36:07","slug":"saninex-concentration-anillo-elastico-de-caucho","status":"publish","type":"product","link":"https:\/\/demoweb.info\/sexshop001\/producto\/saninex-concentration-anillo-elastico-de-caucho\/","title":{"rendered":"SANINEX CONCENTRATION &#8211; ANILLO EL\u00c1STICO DE CAUCHO"},"content":{"rendered":"<p><strong>SANINEX CONCENTRATION &#8211; ELASTIC RUBBER &#8211; RINGS<\/strong><\/p>\n<p>La nueva goma el\u00e1stica con bolas ajustables SANINEX CONCENTRATION, ha sido dise\u00f1ada para obtener, alcanzar y mantener una erecci\u00f3n total, mucho m\u00e1s firme durante mucho m\u00e1s tiempo. Generando as\u00ed, alta intensidad en los orgasmos propios y los de tu pareja.<\/p>\n<p>Alcanza siempre tu verdadera potencia y extrema dureza del pene, con SANINEX CONCENTRATION.<\/p>\n<p>Presentada con m\u00e1ximo glamour y elegancia, en un atractivo bolso de exclusivo dise\u00f1o Saninex.<\/p>\n<p>Fabricado con silicona brillo material m\u00e9dico sanitario de muy alta calidad, brillo, gruesa. Hipoalerg\u00e9nicos.<br \/>\nMedidas: 195 mm x 2. En l\u00ednea 390 mm.<\/p>\n<p>La m\u00e1xima calidad y precios m\u00ednimos, siempre est\u00e1n presentes en toda la gama de productos salud y placer Saninex.<\/p>\n<p>Indicaciones:<\/p>\n<ul>\n<li>Especialmente dise\u00f1ado para maximizar la erecci\u00f3n y prolongar durante mucho m\u00e1s tiempo.<\/li>\n<li>Erecciones muy potentes y aseguradas.<\/li>\n<li>Genera el incremento de placer org\u00e1smico en ambos.<\/li>\n<li>Muy el\u00e1stico y suave.<\/li>\n<li>Limita el uso de SANINEX CONCENTRATION a no m\u00e1s de 90 minutos por uso.<\/li>\n<li>Fabricado con silicona material m\u00e9dico sanitario de muy alta calidad, brillo, gruesa. Hipoalerg\u00e9nicos.<\/li>\n<li>100% resistente al agua.<\/li>\n<li>100% libre de ftalatos.<\/li>\n<li>Saninex, poseedora de Licencia productos sanitarios, emitidas por el Ministerio de Sanidad Espa\u00f1ol y la Agencia Espa\u00f1ola del Medicamento.<\/li>\n<\/ul>\n","protected":false},"excerpt":{"rendered":"<p>SANINEX CONCENTRATION &#8211; ELASTIC RUBBER &#8211; RINGS La nueva goma el\u00e1stica con bolas ajustables SANINEX CONCENTRATION, ha sido dise\u00f1ada para<\/p>\n","protected":false},"featured_media":70696,"comment_status":"open","ping_status":"open","template":"","meta":[],"product_cat":[323],"product_tag":[673],"class_list":["post-70695","product","type-product","status-publish","has-post-thumbnail","hentry","product_cat-silicona-anillos","product_tag-saninex"],"bundled_by":[],"bundle_stock_status":"instock","bundle_stock_quantity":3,"bundle_virtual":false,"bundle_layout":"","bundle_add_to_cart_form_location":"","bundle_editable_in_cart":false,"bundle_sold_individually_context":"","bundle_item_grouping":"","bundle_min_size":"","bundle_max_size":"","bundled_items":[],"yoast_head":"<!-- This site is optimized with the Yoast SEO plugin v20.6 - https:\/\/yoast.com\/wordpress\/plugins\/seo\/ -->\n<title>SANINEX CONCENTRATION - ANILLO EL\u00c1STICO DE CAUCHO - Tienda Er\u00f3tica<\/title>\n<meta name=\"robots\" content=\"noindex, follow, max-snippet:-1, max-image-preview:large, max-video-preview:-1\" \/>\n<meta property=\"og:locale\" content=\"es_ES\" \/>\n<meta property=\"og:type\" content=\"article\" \/>\n<meta property=\"og:title\" content=\"SANINEX CONCENTRATION - ANILLO EL\u00c1STICO DE CAUCHO - Tienda Er\u00f3tica\" \/>\n<meta property=\"og:description\" content=\"SANINEX CONCENTRATION &#8211; ELASTIC RUBBER &#8211; RINGS La nueva goma el\u00e1stica con bolas ajustables SANINEX CONCENTRATION, ha sido dise\u00f1ada para\" \/>\n<meta property=\"og:url\" content=\"https:\/\/demoweb.info\/sexshop001\/producto\/saninex-concentration-anillo-elastico-de-caucho\/\" \/>\n<meta property=\"og:site_name\" content=\"Tienda Er\u00f3tica\" \/>\n<meta property=\"article:modified_time\" content=\"2022-01-22T19:36:07+00:00\" \/>\n<meta property=\"og:image\" content=\"https:\/\/demoweb.info\/sexshop001\/wp-content\/uploads\/2022\/01\/SANINEX-CONCENTRATION-ANILLO-ELASTICO-DE-CAUCHO.jpg\" \/>\n\t<meta property=\"og:image:width\" content=\"550\" \/>\n\t<meta property=\"og:image:height\" content=\"550\" \/>\n\t<meta property=\"og:image:type\" content=\"image\/jpeg\" \/>\n<meta name=\"twitter:card\" content=\"summary_large_image\" \/>\n<meta name=\"twitter:label1\" content=\"Tiempo de lectura\" \/>\n\t<meta name=\"twitter:data1\" content=\"1 minuto\" \/>\n<script type=\"application\/ld+json\" class=\"yoast-schema-graph\">{\"@context\":\"https:\/\/schema.org\",\"@graph\":[{\"@type\":\"WebPage\",\"@id\":\"https:\/\/demoweb.info\/sexshop001\/producto\/saninex-concentration-anillo-elastico-de-caucho\/\",\"url\":\"https:\/\/demoweb.info\/sexshop001\/producto\/saninex-concentration-anillo-elastico-de-caucho\/\",\"name\":\"SANINEX CONCENTRATION - ANILLO EL\u00c1STICO DE CAUCHO - Tienda Er\u00f3tica\",\"isPartOf\":{\"@id\":\"https:\/\/demoweb.info\/sexshop001\/#website\"},\"datePublished\":\"2022-01-22T19:36:06+00:00\",\"dateModified\":\"2022-01-22T19:36:07+00:00\",\"breadcrumb\":{\"@id\":\"https:\/\/demoweb.info\/sexshop001\/producto\/saninex-concentration-anillo-elastico-de-caucho\/#breadcrumb\"},\"inLanguage\":\"es\",\"potentialAction\":[{\"@type\":\"ReadAction\",\"target\":[\"https:\/\/demoweb.info\/sexshop001\/producto\/saninex-concentration-anillo-elastico-de-caucho\/\"]}]},{\"@type\":\"BreadcrumbList\",\"@id\":\"https:\/\/demoweb.info\/sexshop001\/producto\/saninex-concentration-anillo-elastico-de-caucho\/#breadcrumb\",\"itemListElement\":[{\"@type\":\"ListItem\",\"position\":1,\"name\":\"Portada\",\"item\":\"https:\/\/demoweb.info\/sexshop001\/\"},{\"@type\":\"ListItem\",\"position\":2,\"name\":\"Tienda\",\"item\":\"https:\/\/demoweb.info\/sexshop001\/tienda\/\"},{\"@type\":\"ListItem\",\"position\":3,\"name\":\"SANINEX CONCENTRATION &#8211; ANILLO EL\u00c1STICO DE CAUCHO\"}]},{\"@type\":\"WebSite\",\"@id\":\"https:\/\/demoweb.info\/sexshop001\/#website\",\"url\":\"https:\/\/demoweb.info\/sexshop001\/\",\"name\":\"Tienda Er\u00f3tica\",\"description\":\"DEMOWEB SL\",\"potentialAction\":[{\"@type\":\"SearchAction\",\"target\":{\"@type\":\"EntryPoint\",\"urlTemplate\":\"https:\/\/demoweb.info\/sexshop001\/?s={search_term_string}\"},\"query-input\":\"required name=search_term_string\"}],\"inLanguage\":\"es\"}]}<\/script>\n<!-- \/ Yoast SEO plugin. -->","yoast_head_json":{"title":"SANINEX CONCENTRATION - ANILLO EL\u00c1STICO DE CAUCHO - Tienda Er\u00f3tica","robots":{"index":"noindex","follow":"follow","max-snippet":"max-snippet:-1","max-image-preview":"max-image-preview:large","max-video-preview":"max-video-preview:-1"},"og_locale":"es_ES","og_type":"article","og_title":"SANINEX CONCENTRATION - ANILLO EL\u00c1STICO DE CAUCHO - Tienda Er\u00f3tica","og_description":"SANINEX CONCENTRATION &#8211; ELASTIC RUBBER &#8211; RINGS La nueva goma el\u00e1stica con bolas ajustables SANINEX CONCENTRATION, ha sido dise\u00f1ada para","og_url":"https:\/\/demoweb.info\/sexshop001\/producto\/saninex-concentration-anillo-elastico-de-caucho\/","og_site_name":"Tienda Er\u00f3tica","article_modified_time":"2022-01-22T19:36:07+00:00","og_image":[{"width":550,"height":550,"url":"https:\/\/demoweb.info\/sexshop001\/wp-content\/uploads\/2022\/01\/SANINEX-CONCENTRATION-ANILLO-ELASTICO-DE-CAUCHO.jpg","type":"image\/jpeg"}],"twitter_card":"summary_large_image","twitter_misc":{"Tiempo de lectura":"1 minuto"},"schema":{"@context":"https:\/\/schema.org","@graph":[{"@type":"WebPage","@id":"https:\/\/demoweb.info\/sexshop001\/producto\/saninex-concentration-anillo-elastico-de-caucho\/","url":"https:\/\/demoweb.info\/sexshop001\/producto\/saninex-concentration-anillo-elastico-de-caucho\/","name":"SANINEX CONCENTRATION - ANILLO EL\u00c1STICO DE CAUCHO - Tienda Er\u00f3tica","isPartOf":{"@id":"https:\/\/demoweb.info\/sexshop001\/#website"},"datePublished":"2022-01-22T19:36:06+00:00","dateModified":"2022-01-22T19:36:07+00:00","breadcrumb":{"@id":"https:\/\/demoweb.info\/sexshop001\/producto\/saninex-concentration-anillo-elastico-de-caucho\/#breadcrumb"},"inLanguage":"es","potentialAction":[{"@type":"ReadAction","target":["https:\/\/demoweb.info\/sexshop001\/producto\/saninex-concentration-anillo-elastico-de-caucho\/"]}]},{"@type":"BreadcrumbList","@id":"https:\/\/demoweb.info\/sexshop001\/producto\/saninex-concentration-anillo-elastico-de-caucho\/#breadcrumb","itemListElement":[{"@type":"ListItem","position":1,"name":"Portada","item":"https:\/\/demoweb.info\/sexshop001\/"},{"@type":"ListItem","position":2,"name":"Tienda","item":"https:\/\/demoweb.info\/sexshop001\/tienda\/"},{"@type":"ListItem","position":3,"name":"SANINEX CONCENTRATION &#8211; ANILLO EL\u00c1STICO DE CAUCHO"}]},{"@type":"WebSite","@id":"https:\/\/demoweb.info\/sexshop001\/#website","url":"https:\/\/demoweb.info\/sexshop001\/","name":"Tienda Er\u00f3tica","description":"DEMOWEB SL","potentialAction":[{"@type":"SearchAction","target":{"@type":"EntryPoint","urlTemplate":"https:\/\/demoweb.info\/sexshop001\/?s={search_term_string}"},"query-input":"required name=search_term_string"}],"inLanguage":"es"}]}},"_links":{"self":[{"href":"https:\/\/demoweb.info\/sexshop001\/wp-json\/wp\/v3\/product\/70695","targetHints":{"allow":["GET"]}}],"collection":[{"href":"https:\/\/demoweb.info\/sexshop001\/wp-json\/wp\/v3\/product"}],"about":[{"href":"https:\/\/demoweb.info\/sexshop001\/wp-json\/wp\/v2\/types\/product"}],"replies":[{"embeddable":true,"href":"https:\/\/demoweb.info\/sexshop001\/wp-json\/wp\/v2\/comments?post=70695"}],"wp:featuredmedia":[{"embeddable":true,"href":"https:\/\/demoweb.info\/sexshop001\/wp-json\/wp\/v2\/media\/70696"}],"wp:attachment":[{"href":"https:\/\/demoweb.info\/sexshop001\/wp-json\/wp\/v2\/media?parent=70695"}],"wp:term":[{"taxonomy":"product_cat","embeddable":true,"href":"https:\/\/demoweb.info\/sexshop001\/wp-json\/wp\/v2\/product_cat?post=70695"},{"taxonomy":"product_tag","embeddable":true,"href":"https:\/\/demoweb.info\/sexshop001\/wp-json\/wp\/v2\/product_tag?post=70695"}],"curies":[{"name":"wp","href":"https:\/\/api.w.org\/{rel}","templated":true}]}}