{"id":66317,"date":"2022-01-22T19:37:50","date_gmt":"2022-01-22T18:37:50","guid":{"rendered":"https:\/\/demoweb.info\/sexshop001\/producto\/leg-avenue-bustier-de-encaje-en-color-negro-y-blanco-2\/"},"modified":"2022-01-22T19:37:53","modified_gmt":"2022-01-22T18:37:53","slug":"leg-avenue-bustier-de-encaje-en-color-negro-y-blanco-2","status":"publish","type":"product","link":"https:\/\/demoweb.info\/sexshop001\/producto\/leg-avenue-bustier-de-encaje-en-color-negro-y-blanco-2\/","title":{"rendered":"LEG AVENUE BUSTIER DE ENCAJE EN COLOR NEGRO Y BLANCO"},"content":{"rendered":"<p><font size=&quot;1&quot;><br \/>\n<b>LEG AVENUE UNDERWIRE PADDED LACE BUSTIER WITH RIBBON WOVEN STRAPS<\/b>.<\/p>\n<p>Fant\u00e1stico bustier de encaje combinado en blanco y negro. Adem\u00e1s la parte trasera es completamente transparente, para cubrir con un fino velo la piel, pareciendo que ven tu piel desnuda sin dejarla del todo al descubierto. No incluye tanga ni medias. <\/p>\n<p>No te lo querr\u00e1s quitar ni para dormir! Este bustier potenciar\u00e1 la bomba sexual que llevas dentro, sacando tu lado m\u00e1s sexy, m\u00e1s salvaje y m\u00e1s sensual&#8230;<\/p>\n<p>Este maravilloso bustier pertenece a la colecci\u00f3n <b>Lingerie, de Leg Avenue.<\/b><\/p>\n<p><b>Leg Avenue<\/b> tiene los productos que estabas buscando comprometi\u00e9ndose a ofrecer a los clientes productos innovadores, precios competitivos y una gran satisfacci\u00f3n,<br \/>\nreci\u00e9n llegados desde el distrito m\u00e1s fashion de Los \u00c1ngeles.<\/p>\n<p>Nadie lo hace m\u00e1s sexy!!<\/font><\/p>\n","protected":false},"excerpt":{"rendered":"<p>LEG AVENUE UNDERWIRE PADDED LACE BUSTIER WITH RIBBON WOVEN STRAPS. Fant\u00e1stico bustier de encaje combinado en blanco y negro. Adem\u00e1s<\/p>\n","protected":false},"featured_media":66318,"comment_status":"open","ping_status":"open","template":"","meta":[],"product_cat":[571],"product_tag":[1013,1017],"class_list":["post-66317","product","type-product","status-publish","has-post-thumbnail","hentry","product_cat-con-corpino","product_tag-leg-avenue","product_tag-lingerie"],"bundled_by":[],"bundle_stock_status":"instock","bundle_stock_quantity":2,"bundle_virtual":false,"bundle_layout":"","bundle_add_to_cart_form_location":"","bundle_editable_in_cart":false,"bundle_sold_individually_context":"","bundle_item_grouping":"","bundle_min_size":"","bundle_max_size":"","bundled_items":[],"yoast_head":"<!-- This site is optimized with the Yoast SEO plugin v20.6 - https:\/\/yoast.com\/wordpress\/plugins\/seo\/ -->\n<title>LEG AVENUE BUSTIER DE ENCAJE EN COLOR NEGRO Y BLANCO - Tienda Er\u00f3tica<\/title>\n<meta name=\"robots\" content=\"noindex, follow, max-snippet:-1, max-image-preview:large, max-video-preview:-1\" \/>\n<meta property=\"og:locale\" content=\"es_ES\" \/>\n<meta property=\"og:type\" content=\"article\" \/>\n<meta property=\"og:title\" content=\"LEG AVENUE BUSTIER DE ENCAJE EN COLOR NEGRO Y BLANCO - Tienda Er\u00f3tica\" \/>\n<meta property=\"og:description\" content=\"LEG AVENUE UNDERWIRE PADDED LACE BUSTIER WITH RIBBON WOVEN STRAPS. Fant\u00e1stico bustier de encaje combinado en blanco y negro. Adem\u00e1s\" \/>\n<meta property=\"og:url\" content=\"https:\/\/demoweb.info\/sexshop001\/producto\/leg-avenue-bustier-de-encaje-en-color-negro-y-blanco-2\/\" \/>\n<meta property=\"og:site_name\" content=\"Tienda Er\u00f3tica\" \/>\n<meta property=\"article:modified_time\" content=\"2022-01-22T18:37:53+00:00\" \/>\n<meta property=\"og:image\" content=\"https:\/\/demoweb.info\/sexshop001\/wp-content\/uploads\/2022\/01\/LEG-AVENUE-BUSTIER-DE-ENCAJE-EN-COLOR-NEGRO-Y-BLANCO-2.jpg\" \/>\n\t<meta property=\"og:image:width\" content=\"550\" \/>\n\t<meta property=\"og:image:height\" content=\"550\" \/>\n\t<meta property=\"og:image:type\" content=\"image\/jpeg\" \/>\n<meta name=\"twitter:card\" content=\"summary_large_image\" \/>\n<meta name=\"twitter:label1\" content=\"Tiempo de lectura\" \/>\n\t<meta name=\"twitter:data1\" content=\"1 minuto\" \/>\n<script type=\"application\/ld+json\" class=\"yoast-schema-graph\">{\"@context\":\"https:\/\/schema.org\",\"@graph\":[{\"@type\":\"WebPage\",\"@id\":\"https:\/\/demoweb.info\/sexshop001\/producto\/leg-avenue-bustier-de-encaje-en-color-negro-y-blanco-2\/\",\"url\":\"https:\/\/demoweb.info\/sexshop001\/producto\/leg-avenue-bustier-de-encaje-en-color-negro-y-blanco-2\/\",\"name\":\"LEG AVENUE BUSTIER DE ENCAJE EN COLOR NEGRO Y BLANCO - Tienda Er\u00f3tica\",\"isPartOf\":{\"@id\":\"https:\/\/demoweb.info\/sexshop001\/#website\"},\"datePublished\":\"2022-01-22T18:37:50+00:00\",\"dateModified\":\"2022-01-22T18:37:53+00:00\",\"breadcrumb\":{\"@id\":\"https:\/\/demoweb.info\/sexshop001\/producto\/leg-avenue-bustier-de-encaje-en-color-negro-y-blanco-2\/#breadcrumb\"},\"inLanguage\":\"es\",\"potentialAction\":[{\"@type\":\"ReadAction\",\"target\":[\"https:\/\/demoweb.info\/sexshop001\/producto\/leg-avenue-bustier-de-encaje-en-color-negro-y-blanco-2\/\"]}]},{\"@type\":\"BreadcrumbList\",\"@id\":\"https:\/\/demoweb.info\/sexshop001\/producto\/leg-avenue-bustier-de-encaje-en-color-negro-y-blanco-2\/#breadcrumb\",\"itemListElement\":[{\"@type\":\"ListItem\",\"position\":1,\"name\":\"Portada\",\"item\":\"https:\/\/demoweb.info\/sexshop001\/\"},{\"@type\":\"ListItem\",\"position\":2,\"name\":\"Tienda\",\"item\":\"https:\/\/demoweb.info\/sexshop001\/tienda\/\"},{\"@type\":\"ListItem\",\"position\":3,\"name\":\"LEG AVENUE BUSTIER DE ENCAJE EN COLOR NEGRO Y BLANCO\"}]},{\"@type\":\"WebSite\",\"@id\":\"https:\/\/demoweb.info\/sexshop001\/#website\",\"url\":\"https:\/\/demoweb.info\/sexshop001\/\",\"name\":\"Tienda Er\u00f3tica\",\"description\":\"DEMOWEB SL\",\"potentialAction\":[{\"@type\":\"SearchAction\",\"target\":{\"@type\":\"EntryPoint\",\"urlTemplate\":\"https:\/\/demoweb.info\/sexshop001\/?s={search_term_string}\"},\"query-input\":\"required name=search_term_string\"}],\"inLanguage\":\"es\"}]}<\/script>\n<!-- \/ Yoast SEO plugin. -->","yoast_head_json":{"title":"LEG AVENUE BUSTIER DE ENCAJE EN COLOR NEGRO Y BLANCO - Tienda Er\u00f3tica","robots":{"index":"noindex","follow":"follow","max-snippet":"max-snippet:-1","max-image-preview":"max-image-preview:large","max-video-preview":"max-video-preview:-1"},"og_locale":"es_ES","og_type":"article","og_title":"LEG AVENUE BUSTIER DE ENCAJE EN COLOR NEGRO Y BLANCO - Tienda Er\u00f3tica","og_description":"LEG AVENUE UNDERWIRE PADDED LACE BUSTIER WITH RIBBON WOVEN STRAPS. Fant\u00e1stico bustier de encaje combinado en blanco y negro. Adem\u00e1s","og_url":"https:\/\/demoweb.info\/sexshop001\/producto\/leg-avenue-bustier-de-encaje-en-color-negro-y-blanco-2\/","og_site_name":"Tienda Er\u00f3tica","article_modified_time":"2022-01-22T18:37:53+00:00","og_image":[{"width":550,"height":550,"url":"https:\/\/demoweb.info\/sexshop001\/wp-content\/uploads\/2022\/01\/LEG-AVENUE-BUSTIER-DE-ENCAJE-EN-COLOR-NEGRO-Y-BLANCO-2.jpg","type":"image\/jpeg"}],"twitter_card":"summary_large_image","twitter_misc":{"Tiempo de lectura":"1 minuto"},"schema":{"@context":"https:\/\/schema.org","@graph":[{"@type":"WebPage","@id":"https:\/\/demoweb.info\/sexshop001\/producto\/leg-avenue-bustier-de-encaje-en-color-negro-y-blanco-2\/","url":"https:\/\/demoweb.info\/sexshop001\/producto\/leg-avenue-bustier-de-encaje-en-color-negro-y-blanco-2\/","name":"LEG AVENUE BUSTIER DE ENCAJE EN COLOR NEGRO Y BLANCO - Tienda Er\u00f3tica","isPartOf":{"@id":"https:\/\/demoweb.info\/sexshop001\/#website"},"datePublished":"2022-01-22T18:37:50+00:00","dateModified":"2022-01-22T18:37:53+00:00","breadcrumb":{"@id":"https:\/\/demoweb.info\/sexshop001\/producto\/leg-avenue-bustier-de-encaje-en-color-negro-y-blanco-2\/#breadcrumb"},"inLanguage":"es","potentialAction":[{"@type":"ReadAction","target":["https:\/\/demoweb.info\/sexshop001\/producto\/leg-avenue-bustier-de-encaje-en-color-negro-y-blanco-2\/"]}]},{"@type":"BreadcrumbList","@id":"https:\/\/demoweb.info\/sexshop001\/producto\/leg-avenue-bustier-de-encaje-en-color-negro-y-blanco-2\/#breadcrumb","itemListElement":[{"@type":"ListItem","position":1,"name":"Portada","item":"https:\/\/demoweb.info\/sexshop001\/"},{"@type":"ListItem","position":2,"name":"Tienda","item":"https:\/\/demoweb.info\/sexshop001\/tienda\/"},{"@type":"ListItem","position":3,"name":"LEG AVENUE BUSTIER DE ENCAJE EN COLOR NEGRO Y BLANCO"}]},{"@type":"WebSite","@id":"https:\/\/demoweb.info\/sexshop001\/#website","url":"https:\/\/demoweb.info\/sexshop001\/","name":"Tienda Er\u00f3tica","description":"DEMOWEB SL","potentialAction":[{"@type":"SearchAction","target":{"@type":"EntryPoint","urlTemplate":"https:\/\/demoweb.info\/sexshop001\/?s={search_term_string}"},"query-input":"required name=search_term_string"}],"inLanguage":"es"}]}},"_links":{"self":[{"href":"https:\/\/demoweb.info\/sexshop001\/wp-json\/wp\/v3\/product\/66317","targetHints":{"allow":["GET"]}}],"collection":[{"href":"https:\/\/demoweb.info\/sexshop001\/wp-json\/wp\/v3\/product"}],"about":[{"href":"https:\/\/demoweb.info\/sexshop001\/wp-json\/wp\/v2\/types\/product"}],"replies":[{"embeddable":true,"href":"https:\/\/demoweb.info\/sexshop001\/wp-json\/wp\/v2\/comments?post=66317"}],"wp:featuredmedia":[{"embeddable":true,"href":"https:\/\/demoweb.info\/sexshop001\/wp-json\/wp\/v2\/media\/66318"}],"wp:attachment":[{"href":"https:\/\/demoweb.info\/sexshop001\/wp-json\/wp\/v2\/media?parent=66317"}],"wp:term":[{"taxonomy":"product_cat","embeddable":true,"href":"https:\/\/demoweb.info\/sexshop001\/wp-json\/wp\/v2\/product_cat?post=66317"},{"taxonomy":"product_tag","embeddable":true,"href":"https:\/\/demoweb.info\/sexshop001\/wp-json\/wp\/v2\/product_tag?post=66317"}],"curies":[{"name":"wp","href":"https:\/\/api.w.org\/{rel}","templated":true}]}}