{"id":65225,"date":"2022-01-22T19:25:43","date_gmt":"2022-01-22T18:25:43","guid":{"rendered":"https:\/\/demoweb.info\/sexshop001\/producto\/tom-of-finland-bolas-anales-con-pesos-de-acero-negro\/"},"modified":"2022-01-22T19:25:50","modified_gmt":"2022-01-22T18:25:50","slug":"tom-of-finland-bolas-anales-con-pesos-de-acero-negro","status":"publish","type":"product","link":"https:\/\/demoweb.info\/sexshop001\/producto\/tom-of-finland-bolas-anales-con-pesos-de-acero-negro\/","title":{"rendered":"TOM OF FINLAND BOLAS ANALES CON PESOS DE ACERO &#8211; NEGRO"},"content":{"rendered":"<p><strong>TOM OF FINLAND WEIGHTED ANAL BALL BEADS <\/strong><\/p>\n<p>\u00a1Explora un nuevo nivel de placer anal con estas bolas anales \u00fanicas que no solo son enormes, sino pesadas!<\/p>\n<p>Estas bolas anales masivas tienen un peso interno, con una piel de silicona y un conveniente cord\u00f3n de recuperaci\u00f3n. Las bolas de acero en el interior proporcionan peso y resistencia, mientras que el exterior de silicona proporciona una sensaci\u00f3n suave como la seda.<\/p>\n<p>La primera bombilla presenta una punta c\u00f3nica para que la inserci\u00f3n sea m\u00e1s c\u00f3moda. El cable de f\u00e1cil extracci\u00f3n tiene un gran lazo para el dedo, tambi\u00e9n hecho de silicona resistente, para tirar de estas fuertes esferas en el momento justo. Todo el exterior es no poroso, libre de ftalatos y seguro para el cuerpo. Limpiar despu\u00e9s de su uso con jab\u00f3n suave o limpiador de juguetes y evita usar con lubricantes de silicona.<\/p>\n<ul>\n<li>Medidas: 36,8 x 5,7 cm<\/li>\n<li>Peso: 1607 gramos<\/li>\n<li>Longitud insertable: 31,8 cm<\/li>\n<li>Di\u00e1metro: 5,7 cm<\/li>\n<li>Material: Silicona y acero<\/li>\n<\/ul>\n","protected":false},"excerpt":{"rendered":"<p>TOM OF FINLAND WEIGHTED ANAL BALL BEADS \u00a1Explora un nuevo nivel de placer anal con estas bolas anales \u00fanicas que<\/p>\n","protected":false},"featured_media":65226,"comment_status":"open","ping_status":"open","template":"","meta":[],"product_cat":[440],"product_tag":[501,274],"class_list":["post-65225","product","type-product","status-publish","has-post-thumbnail","hentry","product_cat-anales","product_tag-tom-of-finland","product_tag-xr-brands"],"bundled_by":[],"bundle_stock_status":"outofstock","bundle_stock_quantity":0,"bundle_virtual":false,"bundle_layout":"","bundle_add_to_cart_form_location":"","bundle_editable_in_cart":false,"bundle_sold_individually_context":"","bundle_item_grouping":"","bundle_min_size":"","bundle_max_size":"","bundled_items":[],"yoast_head":"<!-- This site is optimized with the Yoast SEO plugin v20.6 - https:\/\/yoast.com\/wordpress\/plugins\/seo\/ -->\n<title>TOM OF FINLAND BOLAS ANALES CON PESOS DE ACERO - NEGRO - Tienda Er\u00f3tica<\/title>\n<meta name=\"robots\" content=\"noindex, follow, max-snippet:-1, max-image-preview:large, max-video-preview:-1\" \/>\n<meta property=\"og:locale\" content=\"es_ES\" \/>\n<meta property=\"og:type\" content=\"article\" \/>\n<meta property=\"og:title\" content=\"TOM OF FINLAND BOLAS ANALES CON PESOS DE ACERO - NEGRO - Tienda Er\u00f3tica\" \/>\n<meta property=\"og:description\" content=\"TOM OF FINLAND WEIGHTED ANAL BALL BEADS \u00a1Explora un nuevo nivel de placer anal con estas bolas anales \u00fanicas que\" \/>\n<meta property=\"og:url\" content=\"https:\/\/demoweb.info\/sexshop001\/producto\/tom-of-finland-bolas-anales-con-pesos-de-acero-negro\/\" \/>\n<meta property=\"og:site_name\" content=\"Tienda Er\u00f3tica\" \/>\n<meta property=\"article:modified_time\" content=\"2022-01-22T18:25:50+00:00\" \/>\n<meta property=\"og:image\" content=\"https:\/\/demoweb.info\/sexshop001\/wp-content\/uploads\/2022\/01\/TOM-OF-FINLAND-BOLAS-ANALES-CON-PESOS-DE-ACERO-NEGRO.jpg\" \/>\n\t<meta property=\"og:image:width\" content=\"550\" \/>\n\t<meta property=\"og:image:height\" content=\"550\" \/>\n\t<meta property=\"og:image:type\" content=\"image\/jpeg\" \/>\n<meta name=\"twitter:card\" content=\"summary_large_image\" \/>\n<meta name=\"twitter:label1\" content=\"Tiempo de lectura\" \/>\n\t<meta name=\"twitter:data1\" content=\"1 minuto\" \/>\n<script type=\"application\/ld+json\" class=\"yoast-schema-graph\">{\"@context\":\"https:\/\/schema.org\",\"@graph\":[{\"@type\":\"WebPage\",\"@id\":\"https:\/\/demoweb.info\/sexshop001\/producto\/tom-of-finland-bolas-anales-con-pesos-de-acero-negro\/\",\"url\":\"https:\/\/demoweb.info\/sexshop001\/producto\/tom-of-finland-bolas-anales-con-pesos-de-acero-negro\/\",\"name\":\"TOM OF FINLAND BOLAS ANALES CON PESOS DE ACERO - NEGRO - Tienda Er\u00f3tica\",\"isPartOf\":{\"@id\":\"https:\/\/demoweb.info\/sexshop001\/#website\"},\"datePublished\":\"2022-01-22T18:25:43+00:00\",\"dateModified\":\"2022-01-22T18:25:50+00:00\",\"breadcrumb\":{\"@id\":\"https:\/\/demoweb.info\/sexshop001\/producto\/tom-of-finland-bolas-anales-con-pesos-de-acero-negro\/#breadcrumb\"},\"inLanguage\":\"es\",\"potentialAction\":[{\"@type\":\"ReadAction\",\"target\":[\"https:\/\/demoweb.info\/sexshop001\/producto\/tom-of-finland-bolas-anales-con-pesos-de-acero-negro\/\"]}]},{\"@type\":\"BreadcrumbList\",\"@id\":\"https:\/\/demoweb.info\/sexshop001\/producto\/tom-of-finland-bolas-anales-con-pesos-de-acero-negro\/#breadcrumb\",\"itemListElement\":[{\"@type\":\"ListItem\",\"position\":1,\"name\":\"Portada\",\"item\":\"https:\/\/demoweb.info\/sexshop001\/\"},{\"@type\":\"ListItem\",\"position\":2,\"name\":\"Tienda\",\"item\":\"https:\/\/demoweb.info\/sexshop001\/tienda\/\"},{\"@type\":\"ListItem\",\"position\":3,\"name\":\"TOM OF FINLAND BOLAS ANALES CON PESOS DE ACERO &#8211; NEGRO\"}]},{\"@type\":\"WebSite\",\"@id\":\"https:\/\/demoweb.info\/sexshop001\/#website\",\"url\":\"https:\/\/demoweb.info\/sexshop001\/\",\"name\":\"Tienda Er\u00f3tica\",\"description\":\"DEMOWEB SL\",\"potentialAction\":[{\"@type\":\"SearchAction\",\"target\":{\"@type\":\"EntryPoint\",\"urlTemplate\":\"https:\/\/demoweb.info\/sexshop001\/?s={search_term_string}\"},\"query-input\":\"required name=search_term_string\"}],\"inLanguage\":\"es\"}]}<\/script>\n<!-- \/ Yoast SEO plugin. -->","yoast_head_json":{"title":"TOM OF FINLAND BOLAS ANALES CON PESOS DE ACERO - NEGRO - Tienda Er\u00f3tica","robots":{"index":"noindex","follow":"follow","max-snippet":"max-snippet:-1","max-image-preview":"max-image-preview:large","max-video-preview":"max-video-preview:-1"},"og_locale":"es_ES","og_type":"article","og_title":"TOM OF FINLAND BOLAS ANALES CON PESOS DE ACERO - NEGRO - Tienda Er\u00f3tica","og_description":"TOM OF FINLAND WEIGHTED ANAL BALL BEADS \u00a1Explora un nuevo nivel de placer anal con estas bolas anales \u00fanicas que","og_url":"https:\/\/demoweb.info\/sexshop001\/producto\/tom-of-finland-bolas-anales-con-pesos-de-acero-negro\/","og_site_name":"Tienda Er\u00f3tica","article_modified_time":"2022-01-22T18:25:50+00:00","og_image":[{"width":550,"height":550,"url":"https:\/\/demoweb.info\/sexshop001\/wp-content\/uploads\/2022\/01\/TOM-OF-FINLAND-BOLAS-ANALES-CON-PESOS-DE-ACERO-NEGRO.jpg","type":"image\/jpeg"}],"twitter_card":"summary_large_image","twitter_misc":{"Tiempo de lectura":"1 minuto"},"schema":{"@context":"https:\/\/schema.org","@graph":[{"@type":"WebPage","@id":"https:\/\/demoweb.info\/sexshop001\/producto\/tom-of-finland-bolas-anales-con-pesos-de-acero-negro\/","url":"https:\/\/demoweb.info\/sexshop001\/producto\/tom-of-finland-bolas-anales-con-pesos-de-acero-negro\/","name":"TOM OF FINLAND BOLAS ANALES CON PESOS DE ACERO - NEGRO - Tienda Er\u00f3tica","isPartOf":{"@id":"https:\/\/demoweb.info\/sexshop001\/#website"},"datePublished":"2022-01-22T18:25:43+00:00","dateModified":"2022-01-22T18:25:50+00:00","breadcrumb":{"@id":"https:\/\/demoweb.info\/sexshop001\/producto\/tom-of-finland-bolas-anales-con-pesos-de-acero-negro\/#breadcrumb"},"inLanguage":"es","potentialAction":[{"@type":"ReadAction","target":["https:\/\/demoweb.info\/sexshop001\/producto\/tom-of-finland-bolas-anales-con-pesos-de-acero-negro\/"]}]},{"@type":"BreadcrumbList","@id":"https:\/\/demoweb.info\/sexshop001\/producto\/tom-of-finland-bolas-anales-con-pesos-de-acero-negro\/#breadcrumb","itemListElement":[{"@type":"ListItem","position":1,"name":"Portada","item":"https:\/\/demoweb.info\/sexshop001\/"},{"@type":"ListItem","position":2,"name":"Tienda","item":"https:\/\/demoweb.info\/sexshop001\/tienda\/"},{"@type":"ListItem","position":3,"name":"TOM OF FINLAND BOLAS ANALES CON PESOS DE ACERO &#8211; NEGRO"}]},{"@type":"WebSite","@id":"https:\/\/demoweb.info\/sexshop001\/#website","url":"https:\/\/demoweb.info\/sexshop001\/","name":"Tienda Er\u00f3tica","description":"DEMOWEB SL","potentialAction":[{"@type":"SearchAction","target":{"@type":"EntryPoint","urlTemplate":"https:\/\/demoweb.info\/sexshop001\/?s={search_term_string}"},"query-input":"required name=search_term_string"}],"inLanguage":"es"}]}},"_links":{"self":[{"href":"https:\/\/demoweb.info\/sexshop001\/wp-json\/wp\/v3\/product\/65225","targetHints":{"allow":["GET"]}}],"collection":[{"href":"https:\/\/demoweb.info\/sexshop001\/wp-json\/wp\/v3\/product"}],"about":[{"href":"https:\/\/demoweb.info\/sexshop001\/wp-json\/wp\/v2\/types\/product"}],"replies":[{"embeddable":true,"href":"https:\/\/demoweb.info\/sexshop001\/wp-json\/wp\/v2\/comments?post=65225"}],"wp:featuredmedia":[{"embeddable":true,"href":"https:\/\/demoweb.info\/sexshop001\/wp-json\/wp\/v2\/media\/65226"}],"wp:attachment":[{"href":"https:\/\/demoweb.info\/sexshop001\/wp-json\/wp\/v2\/media?parent=65225"}],"wp:term":[{"taxonomy":"product_cat","embeddable":true,"href":"https:\/\/demoweb.info\/sexshop001\/wp-json\/wp\/v2\/product_cat?post=65225"},{"taxonomy":"product_tag","embeddable":true,"href":"https:\/\/demoweb.info\/sexshop001\/wp-json\/wp\/v2\/product_tag?post=65225"}],"curies":[{"name":"wp","href":"https:\/\/api.w.org\/{rel}","templated":true}]}}