{"id":65150,"date":"2022-01-22T19:24:49","date_gmt":"2022-01-22T18:24:49","guid":{"rendered":"https:\/\/demoweb.info\/sexshop001\/producto\/copa-succion-vaginal-pequeno-transparente\/"},"modified":"2022-01-22T19:24:53","modified_gmt":"2022-01-22T18:24:53","slug":"copa-succion-vaginal-pequeno-transparente","status":"publish","type":"product","link":"https:\/\/demoweb.info\/sexshop001\/producto\/copa-succion-vaginal-pequeno-transparente\/","title":{"rendered":"COPA SUCCI\u00d3N VAGINAL PEQUE\u00d1O &#8211; TRANSPARENTE"},"content":{"rendered":"<p><strong>SMALL VAGINAL 3.8 INCH PUMPING CUP ATTACHMENT <\/strong><\/p>\n<p>Este accesorio de bombeo le permite al usuario bombear su vagina, aumentando la sensibilidad alrededor de los labios y la abertura vaginal. Esta puede ser una experiencia muy er\u00f3tica.<\/p>\n<p>Este accesorio est\u00e1 hecho del acr\u00edlico transparente m\u00e1s fino de resistencia industrial. El cilindro se estrecha hacia la parte superior para que coincida con la curva natural de la anatom\u00eda femenina. Cada cilindro contiene una v\u00e1lvula de aire de \u00faltima generaci\u00f3n que permite una desconexi\u00f3n r\u00e1pida y f\u00e1cil de la bomba mientras mantiene la presi\u00f3n dentro del cilindro. No se requieren juntas.<\/p>\n<ul>\n<li>Medidas: 7,1 x 9,7 cm<\/li>\n<li>Di\u00e1metro: 5,1 cm<\/li>\n<li>Material: Policarbonato<\/li>\n<\/ul>\n","protected":false},"excerpt":{"rendered":"<p>SMALL VAGINAL 3.8 INCH PUMPING CUP ATTACHMENT Este accesorio de bombeo le permite al usuario bombear su vagina, aumentando la<\/p>\n","protected":false},"featured_media":65151,"comment_status":"open","ping_status":"open","template":"","meta":[],"product_cat":[405],"product_tag":[789,274],"class_list":["post-65150","product","type-product","status-publish","has-post-thumbnail","hentry","product_cat-succionadores","product_tag-size-matters","product_tag-xr-brands"],"bundled_by":[],"bundle_stock_status":"outofstock","bundle_stock_quantity":0,"bundle_virtual":false,"bundle_layout":"","bundle_add_to_cart_form_location":"","bundle_editable_in_cart":false,"bundle_sold_individually_context":"","bundle_item_grouping":"","bundle_min_size":"","bundle_max_size":"","bundled_items":[],"yoast_head":"<!-- This site is optimized with the Yoast SEO plugin v20.6 - https:\/\/yoast.com\/wordpress\/plugins\/seo\/ -->\n<title>COPA SUCCI\u00d3N VAGINAL PEQUE\u00d1O - TRANSPARENTE - Tienda Er\u00f3tica<\/title>\n<meta name=\"robots\" content=\"noindex, follow, max-snippet:-1, max-image-preview:large, max-video-preview:-1\" \/>\n<meta property=\"og:locale\" content=\"es_ES\" \/>\n<meta property=\"og:type\" content=\"article\" \/>\n<meta property=\"og:title\" content=\"COPA SUCCI\u00d3N VAGINAL PEQUE\u00d1O - TRANSPARENTE - Tienda Er\u00f3tica\" \/>\n<meta property=\"og:description\" content=\"SMALL VAGINAL 3.8 INCH PUMPING CUP ATTACHMENT Este accesorio de bombeo le permite al usuario bombear su vagina, aumentando la\" \/>\n<meta property=\"og:url\" content=\"https:\/\/demoweb.info\/sexshop001\/producto\/copa-succion-vaginal-pequeno-transparente\/\" \/>\n<meta property=\"og:site_name\" content=\"Tienda Er\u00f3tica\" \/>\n<meta property=\"article:modified_time\" content=\"2022-01-22T18:24:53+00:00\" \/>\n<meta property=\"og:image\" content=\"https:\/\/demoweb.info\/sexshop001\/wp-content\/uploads\/2022\/01\/COPA-SUCCION-VAGINAL-PEQUENO-TRANSPARENTE.jpg\" \/>\n\t<meta property=\"og:image:width\" content=\"550\" \/>\n\t<meta property=\"og:image:height\" content=\"550\" \/>\n\t<meta property=\"og:image:type\" content=\"image\/jpeg\" \/>\n<meta name=\"twitter:card\" content=\"summary_large_image\" \/>\n<meta name=\"twitter:label1\" content=\"Tiempo de lectura\" \/>\n\t<meta name=\"twitter:data1\" content=\"1 minuto\" \/>\n<script type=\"application\/ld+json\" class=\"yoast-schema-graph\">{\"@context\":\"https:\/\/schema.org\",\"@graph\":[{\"@type\":\"WebPage\",\"@id\":\"https:\/\/demoweb.info\/sexshop001\/producto\/copa-succion-vaginal-pequeno-transparente\/\",\"url\":\"https:\/\/demoweb.info\/sexshop001\/producto\/copa-succion-vaginal-pequeno-transparente\/\",\"name\":\"COPA SUCCI\u00d3N VAGINAL PEQUE\u00d1O - TRANSPARENTE - Tienda Er\u00f3tica\",\"isPartOf\":{\"@id\":\"https:\/\/demoweb.info\/sexshop001\/#website\"},\"datePublished\":\"2022-01-22T18:24:49+00:00\",\"dateModified\":\"2022-01-22T18:24:53+00:00\",\"breadcrumb\":{\"@id\":\"https:\/\/demoweb.info\/sexshop001\/producto\/copa-succion-vaginal-pequeno-transparente\/#breadcrumb\"},\"inLanguage\":\"es\",\"potentialAction\":[{\"@type\":\"ReadAction\",\"target\":[\"https:\/\/demoweb.info\/sexshop001\/producto\/copa-succion-vaginal-pequeno-transparente\/\"]}]},{\"@type\":\"BreadcrumbList\",\"@id\":\"https:\/\/demoweb.info\/sexshop001\/producto\/copa-succion-vaginal-pequeno-transparente\/#breadcrumb\",\"itemListElement\":[{\"@type\":\"ListItem\",\"position\":1,\"name\":\"Portada\",\"item\":\"https:\/\/demoweb.info\/sexshop001\/\"},{\"@type\":\"ListItem\",\"position\":2,\"name\":\"Tienda\",\"item\":\"https:\/\/demoweb.info\/sexshop001\/tienda\/\"},{\"@type\":\"ListItem\",\"position\":3,\"name\":\"COPA SUCCI\u00d3N VAGINAL PEQUE\u00d1O &#8211; TRANSPARENTE\"}]},{\"@type\":\"WebSite\",\"@id\":\"https:\/\/demoweb.info\/sexshop001\/#website\",\"url\":\"https:\/\/demoweb.info\/sexshop001\/\",\"name\":\"Tienda Er\u00f3tica\",\"description\":\"DEMOWEB SL\",\"potentialAction\":[{\"@type\":\"SearchAction\",\"target\":{\"@type\":\"EntryPoint\",\"urlTemplate\":\"https:\/\/demoweb.info\/sexshop001\/?s={search_term_string}\"},\"query-input\":\"required name=search_term_string\"}],\"inLanguage\":\"es\"}]}<\/script>\n<!-- \/ Yoast SEO plugin. -->","yoast_head_json":{"title":"COPA SUCCI\u00d3N VAGINAL PEQUE\u00d1O - TRANSPARENTE - Tienda Er\u00f3tica","robots":{"index":"noindex","follow":"follow","max-snippet":"max-snippet:-1","max-image-preview":"max-image-preview:large","max-video-preview":"max-video-preview:-1"},"og_locale":"es_ES","og_type":"article","og_title":"COPA SUCCI\u00d3N VAGINAL PEQUE\u00d1O - TRANSPARENTE - Tienda Er\u00f3tica","og_description":"SMALL VAGINAL 3.8 INCH PUMPING CUP ATTACHMENT Este accesorio de bombeo le permite al usuario bombear su vagina, aumentando la","og_url":"https:\/\/demoweb.info\/sexshop001\/producto\/copa-succion-vaginal-pequeno-transparente\/","og_site_name":"Tienda Er\u00f3tica","article_modified_time":"2022-01-22T18:24:53+00:00","og_image":[{"width":550,"height":550,"url":"https:\/\/demoweb.info\/sexshop001\/wp-content\/uploads\/2022\/01\/COPA-SUCCION-VAGINAL-PEQUENO-TRANSPARENTE.jpg","type":"image\/jpeg"}],"twitter_card":"summary_large_image","twitter_misc":{"Tiempo de lectura":"1 minuto"},"schema":{"@context":"https:\/\/schema.org","@graph":[{"@type":"WebPage","@id":"https:\/\/demoweb.info\/sexshop001\/producto\/copa-succion-vaginal-pequeno-transparente\/","url":"https:\/\/demoweb.info\/sexshop001\/producto\/copa-succion-vaginal-pequeno-transparente\/","name":"COPA SUCCI\u00d3N VAGINAL PEQUE\u00d1O - TRANSPARENTE - Tienda Er\u00f3tica","isPartOf":{"@id":"https:\/\/demoweb.info\/sexshop001\/#website"},"datePublished":"2022-01-22T18:24:49+00:00","dateModified":"2022-01-22T18:24:53+00:00","breadcrumb":{"@id":"https:\/\/demoweb.info\/sexshop001\/producto\/copa-succion-vaginal-pequeno-transparente\/#breadcrumb"},"inLanguage":"es","potentialAction":[{"@type":"ReadAction","target":["https:\/\/demoweb.info\/sexshop001\/producto\/copa-succion-vaginal-pequeno-transparente\/"]}]},{"@type":"BreadcrumbList","@id":"https:\/\/demoweb.info\/sexshop001\/producto\/copa-succion-vaginal-pequeno-transparente\/#breadcrumb","itemListElement":[{"@type":"ListItem","position":1,"name":"Portada","item":"https:\/\/demoweb.info\/sexshop001\/"},{"@type":"ListItem","position":2,"name":"Tienda","item":"https:\/\/demoweb.info\/sexshop001\/tienda\/"},{"@type":"ListItem","position":3,"name":"COPA SUCCI\u00d3N VAGINAL PEQUE\u00d1O &#8211; TRANSPARENTE"}]},{"@type":"WebSite","@id":"https:\/\/demoweb.info\/sexshop001\/#website","url":"https:\/\/demoweb.info\/sexshop001\/","name":"Tienda Er\u00f3tica","description":"DEMOWEB SL","potentialAction":[{"@type":"SearchAction","target":{"@type":"EntryPoint","urlTemplate":"https:\/\/demoweb.info\/sexshop001\/?s={search_term_string}"},"query-input":"required name=search_term_string"}],"inLanguage":"es"}]}},"_links":{"self":[{"href":"https:\/\/demoweb.info\/sexshop001\/wp-json\/wp\/v3\/product\/65150","targetHints":{"allow":["GET"]}}],"collection":[{"href":"https:\/\/demoweb.info\/sexshop001\/wp-json\/wp\/v3\/product"}],"about":[{"href":"https:\/\/demoweb.info\/sexshop001\/wp-json\/wp\/v2\/types\/product"}],"replies":[{"embeddable":true,"href":"https:\/\/demoweb.info\/sexshop001\/wp-json\/wp\/v2\/comments?post=65150"}],"wp:featuredmedia":[{"embeddable":true,"href":"https:\/\/demoweb.info\/sexshop001\/wp-json\/wp\/v2\/media\/65151"}],"wp:attachment":[{"href":"https:\/\/demoweb.info\/sexshop001\/wp-json\/wp\/v2\/media?parent=65150"}],"wp:term":[{"taxonomy":"product_cat","embeddable":true,"href":"https:\/\/demoweb.info\/sexshop001\/wp-json\/wp\/v2\/product_cat?post=65150"},{"taxonomy":"product_tag","embeddable":true,"href":"https:\/\/demoweb.info\/sexshop001\/wp-json\/wp\/v2\/product_tag?post=65150"}],"curies":[{"name":"wp","href":"https:\/\/api.w.org\/{rel}","templated":true}]}}