{"id":65076,"date":"2022-01-22T19:23:54","date_gmt":"2022-01-22T18:23:54","guid":{"rendered":"https:\/\/demoweb.info\/sexshop001\/producto\/mascara-de-cuero-con-forma-de-gato-negro\/"},"modified":"2022-01-22T19:23:58","modified_gmt":"2022-01-22T18:23:58","slug":"mascara-de-cuero-con-forma-de-gato-negro","status":"publish","type":"product","link":"https:\/\/demoweb.info\/sexshop001\/producto\/mascara-de-cuero-con-forma-de-gato-negro\/","title":{"rendered":"M\u00c1SCARA DE CUERO CON FORMA DE GATO &#8211; NEGRO"},"content":{"rendered":"<p><strong>BAD KITTEN LEATHER CAT MASK<\/strong><\/p>\n<p>\u00a1Miau! Los antiguos egipcios los adoraban, pero hoy los tenemos como mascotas. Cuando te pones esta m\u00e1scara de cuero sexy y resbaladiza, \u00a1decides c\u00f3mo quieres que te traten! \u00bfEres un buen gatito o un mal gatito?<\/p>\n<p>Las orejas alegres crean una atm\u00f3sfera l\u00fadica, mientras que los remaches con detalles de diamantes de imitaci\u00f3n a\u00f1aden un toque de elegancia. Ajusta la banda alrededor de la parte posterior de la cabeza al tama\u00f1o perfecto para un uso seguro incluso en los encuentros m\u00e1s en\u00e9rgicos.<\/p>\n<p>El cuero genuino es un accesorio duradero y todo el hardware est\u00e1 libre de n\u00edquel para evitar irritaciones.<\/p>\n","protected":false},"excerpt":{"rendered":"<p>BAD KITTEN LEATHER CAT MASK \u00a1Miau! Los antiguos egipcios los adoraban, pero hoy los tenemos como mascotas. Cuando te pones<\/p>\n","protected":false},"featured_media":65077,"comment_status":"open","ping_status":"open","template":"","meta":[],"product_cat":[874],"product_tag":[463,274],"class_list":["post-65076","product","type-product","status-publish","has-post-thumbnail","hentry","product_cat-cuero-mascaras","product_tag-master-series","product_tag-xr-brands"],"bundled_by":[],"bundle_stock_status":"instock","bundle_stock_quantity":1,"bundle_virtual":false,"bundle_layout":"","bundle_add_to_cart_form_location":"","bundle_editable_in_cart":false,"bundle_sold_individually_context":"","bundle_item_grouping":"","bundle_min_size":"","bundle_max_size":"","bundled_items":[],"yoast_head":"<!-- This site is optimized with the Yoast SEO plugin v20.6 - https:\/\/yoast.com\/wordpress\/plugins\/seo\/ -->\n<title>M\u00c1SCARA DE CUERO CON FORMA DE GATO - NEGRO - Tienda Er\u00f3tica<\/title>\n<meta name=\"robots\" content=\"noindex, follow, max-snippet:-1, max-image-preview:large, max-video-preview:-1\" \/>\n<meta property=\"og:locale\" content=\"es_ES\" \/>\n<meta property=\"og:type\" content=\"article\" \/>\n<meta property=\"og:title\" content=\"M\u00c1SCARA DE CUERO CON FORMA DE GATO - NEGRO - Tienda Er\u00f3tica\" \/>\n<meta property=\"og:description\" content=\"BAD KITTEN LEATHER CAT MASK \u00a1Miau! Los antiguos egipcios los adoraban, pero hoy los tenemos como mascotas. Cuando te pones\" \/>\n<meta property=\"og:url\" content=\"https:\/\/demoweb.info\/sexshop001\/producto\/mascara-de-cuero-con-forma-de-gato-negro\/\" \/>\n<meta property=\"og:site_name\" content=\"Tienda Er\u00f3tica\" \/>\n<meta property=\"article:modified_time\" content=\"2022-01-22T18:23:58+00:00\" \/>\n<meta property=\"og:image\" content=\"https:\/\/demoweb.info\/sexshop001\/wp-content\/uploads\/2022\/01\/MASCARA-DE-CUERO-CON-FORMA-DE-GATO-NEGRO.jpg\" \/>\n\t<meta property=\"og:image:width\" content=\"550\" \/>\n\t<meta property=\"og:image:height\" content=\"550\" \/>\n\t<meta property=\"og:image:type\" content=\"image\/jpeg\" \/>\n<meta name=\"twitter:card\" content=\"summary_large_image\" \/>\n<meta name=\"twitter:label1\" content=\"Tiempo de lectura\" \/>\n\t<meta name=\"twitter:data1\" content=\"1 minuto\" \/>\n<script type=\"application\/ld+json\" class=\"yoast-schema-graph\">{\"@context\":\"https:\/\/schema.org\",\"@graph\":[{\"@type\":\"WebPage\",\"@id\":\"https:\/\/demoweb.info\/sexshop001\/producto\/mascara-de-cuero-con-forma-de-gato-negro\/\",\"url\":\"https:\/\/demoweb.info\/sexshop001\/producto\/mascara-de-cuero-con-forma-de-gato-negro\/\",\"name\":\"M\u00c1SCARA DE CUERO CON FORMA DE GATO - NEGRO - Tienda Er\u00f3tica\",\"isPartOf\":{\"@id\":\"https:\/\/demoweb.info\/sexshop001\/#website\"},\"datePublished\":\"2022-01-22T18:23:54+00:00\",\"dateModified\":\"2022-01-22T18:23:58+00:00\",\"breadcrumb\":{\"@id\":\"https:\/\/demoweb.info\/sexshop001\/producto\/mascara-de-cuero-con-forma-de-gato-negro\/#breadcrumb\"},\"inLanguage\":\"es\",\"potentialAction\":[{\"@type\":\"ReadAction\",\"target\":[\"https:\/\/demoweb.info\/sexshop001\/producto\/mascara-de-cuero-con-forma-de-gato-negro\/\"]}]},{\"@type\":\"BreadcrumbList\",\"@id\":\"https:\/\/demoweb.info\/sexshop001\/producto\/mascara-de-cuero-con-forma-de-gato-negro\/#breadcrumb\",\"itemListElement\":[{\"@type\":\"ListItem\",\"position\":1,\"name\":\"Portada\",\"item\":\"https:\/\/demoweb.info\/sexshop001\/\"},{\"@type\":\"ListItem\",\"position\":2,\"name\":\"Tienda\",\"item\":\"https:\/\/demoweb.info\/sexshop001\/tienda\/\"},{\"@type\":\"ListItem\",\"position\":3,\"name\":\"M\u00c1SCARA DE CUERO CON FORMA DE GATO &#8211; NEGRO\"}]},{\"@type\":\"WebSite\",\"@id\":\"https:\/\/demoweb.info\/sexshop001\/#website\",\"url\":\"https:\/\/demoweb.info\/sexshop001\/\",\"name\":\"Tienda Er\u00f3tica\",\"description\":\"DEMOWEB SL\",\"potentialAction\":[{\"@type\":\"SearchAction\",\"target\":{\"@type\":\"EntryPoint\",\"urlTemplate\":\"https:\/\/demoweb.info\/sexshop001\/?s={search_term_string}\"},\"query-input\":\"required name=search_term_string\"}],\"inLanguage\":\"es\"}]}<\/script>\n<!-- \/ Yoast SEO plugin. -->","yoast_head_json":{"title":"M\u00c1SCARA DE CUERO CON FORMA DE GATO - NEGRO - Tienda Er\u00f3tica","robots":{"index":"noindex","follow":"follow","max-snippet":"max-snippet:-1","max-image-preview":"max-image-preview:large","max-video-preview":"max-video-preview:-1"},"og_locale":"es_ES","og_type":"article","og_title":"M\u00c1SCARA DE CUERO CON FORMA DE GATO - NEGRO - Tienda Er\u00f3tica","og_description":"BAD KITTEN LEATHER CAT MASK \u00a1Miau! Los antiguos egipcios los adoraban, pero hoy los tenemos como mascotas. Cuando te pones","og_url":"https:\/\/demoweb.info\/sexshop001\/producto\/mascara-de-cuero-con-forma-de-gato-negro\/","og_site_name":"Tienda Er\u00f3tica","article_modified_time":"2022-01-22T18:23:58+00:00","og_image":[{"width":550,"height":550,"url":"https:\/\/demoweb.info\/sexshop001\/wp-content\/uploads\/2022\/01\/MASCARA-DE-CUERO-CON-FORMA-DE-GATO-NEGRO.jpg","type":"image\/jpeg"}],"twitter_card":"summary_large_image","twitter_misc":{"Tiempo de lectura":"1 minuto"},"schema":{"@context":"https:\/\/schema.org","@graph":[{"@type":"WebPage","@id":"https:\/\/demoweb.info\/sexshop001\/producto\/mascara-de-cuero-con-forma-de-gato-negro\/","url":"https:\/\/demoweb.info\/sexshop001\/producto\/mascara-de-cuero-con-forma-de-gato-negro\/","name":"M\u00c1SCARA DE CUERO CON FORMA DE GATO - NEGRO - Tienda Er\u00f3tica","isPartOf":{"@id":"https:\/\/demoweb.info\/sexshop001\/#website"},"datePublished":"2022-01-22T18:23:54+00:00","dateModified":"2022-01-22T18:23:58+00:00","breadcrumb":{"@id":"https:\/\/demoweb.info\/sexshop001\/producto\/mascara-de-cuero-con-forma-de-gato-negro\/#breadcrumb"},"inLanguage":"es","potentialAction":[{"@type":"ReadAction","target":["https:\/\/demoweb.info\/sexshop001\/producto\/mascara-de-cuero-con-forma-de-gato-negro\/"]}]},{"@type":"BreadcrumbList","@id":"https:\/\/demoweb.info\/sexshop001\/producto\/mascara-de-cuero-con-forma-de-gato-negro\/#breadcrumb","itemListElement":[{"@type":"ListItem","position":1,"name":"Portada","item":"https:\/\/demoweb.info\/sexshop001\/"},{"@type":"ListItem","position":2,"name":"Tienda","item":"https:\/\/demoweb.info\/sexshop001\/tienda\/"},{"@type":"ListItem","position":3,"name":"M\u00c1SCARA DE CUERO CON FORMA DE GATO &#8211; NEGRO"}]},{"@type":"WebSite","@id":"https:\/\/demoweb.info\/sexshop001\/#website","url":"https:\/\/demoweb.info\/sexshop001\/","name":"Tienda Er\u00f3tica","description":"DEMOWEB SL","potentialAction":[{"@type":"SearchAction","target":{"@type":"EntryPoint","urlTemplate":"https:\/\/demoweb.info\/sexshop001\/?s={search_term_string}"},"query-input":"required name=search_term_string"}],"inLanguage":"es"}]}},"_links":{"self":[{"href":"https:\/\/demoweb.info\/sexshop001\/wp-json\/wp\/v3\/product\/65076","targetHints":{"allow":["GET"]}}],"collection":[{"href":"https:\/\/demoweb.info\/sexshop001\/wp-json\/wp\/v3\/product"}],"about":[{"href":"https:\/\/demoweb.info\/sexshop001\/wp-json\/wp\/v2\/types\/product"}],"replies":[{"embeddable":true,"href":"https:\/\/demoweb.info\/sexshop001\/wp-json\/wp\/v2\/comments?post=65076"}],"wp:featuredmedia":[{"embeddable":true,"href":"https:\/\/demoweb.info\/sexshop001\/wp-json\/wp\/v2\/media\/65077"}],"wp:attachment":[{"href":"https:\/\/demoweb.info\/sexshop001\/wp-json\/wp\/v2\/media?parent=65076"}],"wp:term":[{"taxonomy":"product_cat","embeddable":true,"href":"https:\/\/demoweb.info\/sexshop001\/wp-json\/wp\/v2\/product_cat?post=65076"},{"taxonomy":"product_tag","embeddable":true,"href":"https:\/\/demoweb.info\/sexshop001\/wp-json\/wp\/v2\/product_tag?post=65076"}],"curies":[{"name":"wp","href":"https:\/\/api.w.org\/{rel}","templated":true}]}}