{"id":64888,"date":"2022-01-22T19:21:25","date_gmt":"2022-01-22T18:21:25","guid":{"rendered":"https:\/\/demoweb.info\/sexshop001\/producto\/my-favorite-mini-doplhin-vibrador-morado\/"},"modified":"2022-01-22T19:21:39","modified_gmt":"2022-01-22T18:21:39","slug":"my-favorite-mini-doplhin-vibrador-morado","status":"publish","type":"product","link":"https:\/\/demoweb.info\/sexshop001\/producto\/my-favorite-mini-doplhin-vibrador-morado\/","title":{"rendered":"MY FAVORITE MINI DOPLHIN VIBRADOR MORADO"},"content":{"rendered":"<p><strong>MY FAVORITE MINI DOPLHIN <\/strong><\/p>\n<p>My Favorite Mini Dolphin Vibe es un proveedor de placer l\u00fadico e \u00edntimo, hecho de materiales de primera calidad y seguros para el cuerpo.<\/p>\n<p>El vibrador tiene muchas caracter\u00edsticas interesantes, como sutiles crestas de estimulaci\u00f3n y un estimulador de cl\u00edtoris con forma de delf\u00edn.<\/p>\n<p>El dise\u00f1o de la marca de calidad Taboom ofrece una opci\u00f3n en 7 emocionantes modos de vibraci\u00f3n, escalada y pulsaci\u00f3n.<\/p>\n<p>Elige tu favorito y prep\u00e1rate para una diversi\u00f3n er\u00f3tica sensacional.<\/p>\n<p>My Favorite Dolphin Rabbit Vibe usa 2 bater\u00edas AAA y es la opci\u00f3n asequible para el m\u00e1ximo placer \u00edntimo.<\/p>\n","protected":false},"excerpt":{"rendered":"<p>MY FAVORITE MINI DOPLHIN My Favorite Mini Dolphin Vibe es un proveedor de placer l\u00fadico e \u00edntimo, hecho de materiales<\/p>\n","protected":false},"featured_media":64889,"comment_status":"open","ping_status":"open","template":"","meta":[],"product_cat":[434],"product_tag":[620],"class_list":["post-64888","product","type-product","status-publish","has-post-thumbnail","hentry","product_cat-doble-estimulacion-vibradores-juguetes-xxx","product_tag-taboom"],"bundled_by":[],"bundle_stock_status":"outofstock","bundle_stock_quantity":0,"bundle_virtual":false,"bundle_layout":"","bundle_add_to_cart_form_location":"","bundle_editable_in_cart":false,"bundle_sold_individually_context":"","bundle_item_grouping":"","bundle_min_size":"","bundle_max_size":"","bundled_items":[],"yoast_head":"<!-- This site is optimized with the Yoast SEO plugin v20.6 - https:\/\/yoast.com\/wordpress\/plugins\/seo\/ -->\n<title>MY FAVORITE MINI DOPLHIN VIBRADOR MORADO - Tienda Er\u00f3tica<\/title>\n<meta name=\"robots\" content=\"noindex, follow, max-snippet:-1, max-image-preview:large, max-video-preview:-1\" \/>\n<meta property=\"og:locale\" content=\"es_ES\" \/>\n<meta property=\"og:type\" content=\"article\" \/>\n<meta property=\"og:title\" content=\"MY FAVORITE MINI DOPLHIN VIBRADOR MORADO - Tienda Er\u00f3tica\" \/>\n<meta property=\"og:description\" content=\"MY FAVORITE MINI DOPLHIN My Favorite Mini Dolphin Vibe es un proveedor de placer l\u00fadico e \u00edntimo, hecho de materiales\" \/>\n<meta property=\"og:url\" content=\"https:\/\/demoweb.info\/sexshop001\/producto\/my-favorite-mini-doplhin-vibrador-morado\/\" \/>\n<meta property=\"og:site_name\" content=\"Tienda Er\u00f3tica\" \/>\n<meta property=\"article:modified_time\" content=\"2022-01-22T18:21:39+00:00\" \/>\n<meta property=\"og:image\" content=\"https:\/\/demoweb.info\/sexshop001\/wp-content\/uploads\/2022\/01\/MY-FAVORITE-MINI-DOPLHIN-VIBRADOR-MORADO.jpg\" \/>\n\t<meta property=\"og:image:width\" content=\"550\" \/>\n\t<meta property=\"og:image:height\" content=\"550\" \/>\n\t<meta property=\"og:image:type\" content=\"image\/jpeg\" \/>\n<meta name=\"twitter:card\" content=\"summary_large_image\" \/>\n<meta name=\"twitter:label1\" content=\"Tiempo de lectura\" \/>\n\t<meta name=\"twitter:data1\" content=\"1 minuto\" \/>\n<script type=\"application\/ld+json\" class=\"yoast-schema-graph\">{\"@context\":\"https:\/\/schema.org\",\"@graph\":[{\"@type\":\"WebPage\",\"@id\":\"https:\/\/demoweb.info\/sexshop001\/producto\/my-favorite-mini-doplhin-vibrador-morado\/\",\"url\":\"https:\/\/demoweb.info\/sexshop001\/producto\/my-favorite-mini-doplhin-vibrador-morado\/\",\"name\":\"MY FAVORITE MINI DOPLHIN VIBRADOR MORADO - Tienda Er\u00f3tica\",\"isPartOf\":{\"@id\":\"https:\/\/demoweb.info\/sexshop001\/#website\"},\"datePublished\":\"2022-01-22T18:21:25+00:00\",\"dateModified\":\"2022-01-22T18:21:39+00:00\",\"breadcrumb\":{\"@id\":\"https:\/\/demoweb.info\/sexshop001\/producto\/my-favorite-mini-doplhin-vibrador-morado\/#breadcrumb\"},\"inLanguage\":\"es\",\"potentialAction\":[{\"@type\":\"ReadAction\",\"target\":[\"https:\/\/demoweb.info\/sexshop001\/producto\/my-favorite-mini-doplhin-vibrador-morado\/\"]}]},{\"@type\":\"BreadcrumbList\",\"@id\":\"https:\/\/demoweb.info\/sexshop001\/producto\/my-favorite-mini-doplhin-vibrador-morado\/#breadcrumb\",\"itemListElement\":[{\"@type\":\"ListItem\",\"position\":1,\"name\":\"Portada\",\"item\":\"https:\/\/demoweb.info\/sexshop001\/\"},{\"@type\":\"ListItem\",\"position\":2,\"name\":\"Tienda\",\"item\":\"https:\/\/demoweb.info\/sexshop001\/tienda\/\"},{\"@type\":\"ListItem\",\"position\":3,\"name\":\"MY FAVORITE MINI DOPLHIN VIBRADOR MORADO\"}]},{\"@type\":\"WebSite\",\"@id\":\"https:\/\/demoweb.info\/sexshop001\/#website\",\"url\":\"https:\/\/demoweb.info\/sexshop001\/\",\"name\":\"Tienda Er\u00f3tica\",\"description\":\"DEMOWEB SL\",\"potentialAction\":[{\"@type\":\"SearchAction\",\"target\":{\"@type\":\"EntryPoint\",\"urlTemplate\":\"https:\/\/demoweb.info\/sexshop001\/?s={search_term_string}\"},\"query-input\":\"required name=search_term_string\"}],\"inLanguage\":\"es\"}]}<\/script>\n<!-- \/ Yoast SEO plugin. -->","yoast_head_json":{"title":"MY FAVORITE MINI DOPLHIN VIBRADOR MORADO - Tienda Er\u00f3tica","robots":{"index":"noindex","follow":"follow","max-snippet":"max-snippet:-1","max-image-preview":"max-image-preview:large","max-video-preview":"max-video-preview:-1"},"og_locale":"es_ES","og_type":"article","og_title":"MY FAVORITE MINI DOPLHIN VIBRADOR MORADO - Tienda Er\u00f3tica","og_description":"MY FAVORITE MINI DOPLHIN My Favorite Mini Dolphin Vibe es un proveedor de placer l\u00fadico e \u00edntimo, hecho de materiales","og_url":"https:\/\/demoweb.info\/sexshop001\/producto\/my-favorite-mini-doplhin-vibrador-morado\/","og_site_name":"Tienda Er\u00f3tica","article_modified_time":"2022-01-22T18:21:39+00:00","og_image":[{"width":550,"height":550,"url":"https:\/\/demoweb.info\/sexshop001\/wp-content\/uploads\/2022\/01\/MY-FAVORITE-MINI-DOPLHIN-VIBRADOR-MORADO.jpg","type":"image\/jpeg"}],"twitter_card":"summary_large_image","twitter_misc":{"Tiempo de lectura":"1 minuto"},"schema":{"@context":"https:\/\/schema.org","@graph":[{"@type":"WebPage","@id":"https:\/\/demoweb.info\/sexshop001\/producto\/my-favorite-mini-doplhin-vibrador-morado\/","url":"https:\/\/demoweb.info\/sexshop001\/producto\/my-favorite-mini-doplhin-vibrador-morado\/","name":"MY FAVORITE MINI DOPLHIN VIBRADOR MORADO - Tienda Er\u00f3tica","isPartOf":{"@id":"https:\/\/demoweb.info\/sexshop001\/#website"},"datePublished":"2022-01-22T18:21:25+00:00","dateModified":"2022-01-22T18:21:39+00:00","breadcrumb":{"@id":"https:\/\/demoweb.info\/sexshop001\/producto\/my-favorite-mini-doplhin-vibrador-morado\/#breadcrumb"},"inLanguage":"es","potentialAction":[{"@type":"ReadAction","target":["https:\/\/demoweb.info\/sexshop001\/producto\/my-favorite-mini-doplhin-vibrador-morado\/"]}]},{"@type":"BreadcrumbList","@id":"https:\/\/demoweb.info\/sexshop001\/producto\/my-favorite-mini-doplhin-vibrador-morado\/#breadcrumb","itemListElement":[{"@type":"ListItem","position":1,"name":"Portada","item":"https:\/\/demoweb.info\/sexshop001\/"},{"@type":"ListItem","position":2,"name":"Tienda","item":"https:\/\/demoweb.info\/sexshop001\/tienda\/"},{"@type":"ListItem","position":3,"name":"MY FAVORITE MINI DOPLHIN VIBRADOR MORADO"}]},{"@type":"WebSite","@id":"https:\/\/demoweb.info\/sexshop001\/#website","url":"https:\/\/demoweb.info\/sexshop001\/","name":"Tienda Er\u00f3tica","description":"DEMOWEB SL","potentialAction":[{"@type":"SearchAction","target":{"@type":"EntryPoint","urlTemplate":"https:\/\/demoweb.info\/sexshop001\/?s={search_term_string}"},"query-input":"required name=search_term_string"}],"inLanguage":"es"}]}},"_links":{"self":[{"href":"https:\/\/demoweb.info\/sexshop001\/wp-json\/wp\/v3\/product\/64888","targetHints":{"allow":["GET"]}}],"collection":[{"href":"https:\/\/demoweb.info\/sexshop001\/wp-json\/wp\/v3\/product"}],"about":[{"href":"https:\/\/demoweb.info\/sexshop001\/wp-json\/wp\/v2\/types\/product"}],"replies":[{"embeddable":true,"href":"https:\/\/demoweb.info\/sexshop001\/wp-json\/wp\/v2\/comments?post=64888"}],"wp:featuredmedia":[{"embeddable":true,"href":"https:\/\/demoweb.info\/sexshop001\/wp-json\/wp\/v2\/media\/64889"}],"wp:attachment":[{"href":"https:\/\/demoweb.info\/sexshop001\/wp-json\/wp\/v2\/media?parent=64888"}],"wp:term":[{"taxonomy":"product_cat","embeddable":true,"href":"https:\/\/demoweb.info\/sexshop001\/wp-json\/wp\/v2\/product_cat?post=64888"},{"taxonomy":"product_tag","embeddable":true,"href":"https:\/\/demoweb.info\/sexshop001\/wp-json\/wp\/v2\/product_tag?post=64888"}],"curies":[{"name":"wp","href":"https:\/\/api.w.org\/{rel}","templated":true}]}}