{"id":64760,"date":"2022-01-22T19:20:05","date_gmt":"2022-01-22T18:20:05","guid":{"rendered":"https:\/\/demoweb.info\/sexshop001\/producto\/powder-puff-masajeador-azul\/"},"modified":"2022-01-22T19:20:08","modified_gmt":"2022-01-22T18:20:08","slug":"powder-puff-masajeador-azul","status":"publish","type":"product","link":"https:\/\/demoweb.info\/sexshop001\/producto\/powder-puff-masajeador-azul\/","title":{"rendered":"POWDER PUFF MASAJEADOR &#8211; AZUL"},"content":{"rendered":"<p><strong>POWDER PUFF MASSAGER <\/strong><\/p>\n<p>Perfecto para los principiantes, este vibrador de bolsillo de m\u00faltiples velocidades te dar\u00e1 una incre\u00edble satisfacci\u00f3n que est\u00e1 fuera de este mundo.<\/p>\n<p>Hecho de TPR s\u00faper suave, el eje liso con cabeza flexible ofrece una estimulaci\u00f3n incre\u00edble mientras que el dial de varias velocidades en la base lo lleva de un revoloteo a un latido en un instante.<\/p>\n<p>Simplemente mant\u00e9n presionado el bot\u00f3n para apagar. El dise\u00f1o compacto e impermeable se puede disfrutar en la ducha o en el spa.<\/p>\n<p>Funciona con 2 pilas AAA, no incluidas.<\/p>\n<p>Medidas: 16,5 x 3,2 cm<\/p>\n","protected":false},"excerpt":{"rendered":"<p>POWDER PUFF MASSAGER Perfecto para los principiantes, este vibrador de bolsillo de m\u00faltiples velocidades te dar\u00e1 una incre\u00edble satisfacci\u00f3n que<\/p>\n","protected":false},"featured_media":64761,"comment_status":"open","ping_status":"open","template":"","meta":[],"product_cat":[1207],"product_tag":[477,259],"class_list":["post-64760","product","type-product","status-publish","has-post-thumbnail","hentry","product_cat-flexibles","product_tag-classix","product_tag-pipedream"],"bundled_by":[],"bundle_stock_status":"instock","bundle_stock_quantity":1,"bundle_virtual":false,"bundle_layout":"","bundle_add_to_cart_form_location":"","bundle_editable_in_cart":false,"bundle_sold_individually_context":"","bundle_item_grouping":"","bundle_min_size":"","bundle_max_size":"","bundled_items":[],"yoast_head":"<!-- This site is optimized with the Yoast SEO plugin v20.6 - https:\/\/yoast.com\/wordpress\/plugins\/seo\/ -->\n<title>POWDER PUFF MASAJEADOR - AZUL - Tienda Er\u00f3tica<\/title>\n<meta name=\"robots\" content=\"noindex, follow, max-snippet:-1, max-image-preview:large, max-video-preview:-1\" \/>\n<meta property=\"og:locale\" content=\"es_ES\" \/>\n<meta property=\"og:type\" content=\"article\" \/>\n<meta property=\"og:title\" content=\"POWDER PUFF MASAJEADOR - AZUL - Tienda Er\u00f3tica\" \/>\n<meta property=\"og:description\" content=\"POWDER PUFF MASSAGER Perfecto para los principiantes, este vibrador de bolsillo de m\u00faltiples velocidades te dar\u00e1 una incre\u00edble satisfacci\u00f3n que\" \/>\n<meta property=\"og:url\" content=\"https:\/\/demoweb.info\/sexshop001\/producto\/powder-puff-masajeador-azul\/\" \/>\n<meta property=\"og:site_name\" content=\"Tienda Er\u00f3tica\" \/>\n<meta property=\"article:modified_time\" content=\"2022-01-22T18:20:08+00:00\" \/>\n<meta property=\"og:image\" content=\"https:\/\/demoweb.info\/sexshop001\/wp-content\/uploads\/2022\/01\/POWDER-PUFF-MASAJEADOR-AZUL.jpg\" \/>\n\t<meta property=\"og:image:width\" content=\"550\" \/>\n\t<meta property=\"og:image:height\" content=\"550\" \/>\n\t<meta property=\"og:image:type\" content=\"image\/jpeg\" \/>\n<meta name=\"twitter:card\" content=\"summary_large_image\" \/>\n<meta name=\"twitter:label1\" content=\"Tiempo de lectura\" \/>\n\t<meta name=\"twitter:data1\" content=\"1 minuto\" \/>\n<script type=\"application\/ld+json\" class=\"yoast-schema-graph\">{\"@context\":\"https:\/\/schema.org\",\"@graph\":[{\"@type\":\"WebPage\",\"@id\":\"https:\/\/demoweb.info\/sexshop001\/producto\/powder-puff-masajeador-azul\/\",\"url\":\"https:\/\/demoweb.info\/sexshop001\/producto\/powder-puff-masajeador-azul\/\",\"name\":\"POWDER PUFF MASAJEADOR - AZUL - Tienda Er\u00f3tica\",\"isPartOf\":{\"@id\":\"https:\/\/demoweb.info\/sexshop001\/#website\"},\"datePublished\":\"2022-01-22T18:20:05+00:00\",\"dateModified\":\"2022-01-22T18:20:08+00:00\",\"breadcrumb\":{\"@id\":\"https:\/\/demoweb.info\/sexshop001\/producto\/powder-puff-masajeador-azul\/#breadcrumb\"},\"inLanguage\":\"es\",\"potentialAction\":[{\"@type\":\"ReadAction\",\"target\":[\"https:\/\/demoweb.info\/sexshop001\/producto\/powder-puff-masajeador-azul\/\"]}]},{\"@type\":\"BreadcrumbList\",\"@id\":\"https:\/\/demoweb.info\/sexshop001\/producto\/powder-puff-masajeador-azul\/#breadcrumb\",\"itemListElement\":[{\"@type\":\"ListItem\",\"position\":1,\"name\":\"Portada\",\"item\":\"https:\/\/demoweb.info\/sexshop001\/\"},{\"@type\":\"ListItem\",\"position\":2,\"name\":\"Tienda\",\"item\":\"https:\/\/demoweb.info\/sexshop001\/tienda\/\"},{\"@type\":\"ListItem\",\"position\":3,\"name\":\"POWDER PUFF MASAJEADOR &#8211; AZUL\"}]},{\"@type\":\"WebSite\",\"@id\":\"https:\/\/demoweb.info\/sexshop001\/#website\",\"url\":\"https:\/\/demoweb.info\/sexshop001\/\",\"name\":\"Tienda Er\u00f3tica\",\"description\":\"DEMOWEB SL\",\"potentialAction\":[{\"@type\":\"SearchAction\",\"target\":{\"@type\":\"EntryPoint\",\"urlTemplate\":\"https:\/\/demoweb.info\/sexshop001\/?s={search_term_string}\"},\"query-input\":\"required name=search_term_string\"}],\"inLanguage\":\"es\"}]}<\/script>\n<!-- \/ Yoast SEO plugin. -->","yoast_head_json":{"title":"POWDER PUFF MASAJEADOR - AZUL - Tienda Er\u00f3tica","robots":{"index":"noindex","follow":"follow","max-snippet":"max-snippet:-1","max-image-preview":"max-image-preview:large","max-video-preview":"max-video-preview:-1"},"og_locale":"es_ES","og_type":"article","og_title":"POWDER PUFF MASAJEADOR - AZUL - Tienda Er\u00f3tica","og_description":"POWDER PUFF MASSAGER Perfecto para los principiantes, este vibrador de bolsillo de m\u00faltiples velocidades te dar\u00e1 una incre\u00edble satisfacci\u00f3n que","og_url":"https:\/\/demoweb.info\/sexshop001\/producto\/powder-puff-masajeador-azul\/","og_site_name":"Tienda Er\u00f3tica","article_modified_time":"2022-01-22T18:20:08+00:00","og_image":[{"width":550,"height":550,"url":"https:\/\/demoweb.info\/sexshop001\/wp-content\/uploads\/2022\/01\/POWDER-PUFF-MASAJEADOR-AZUL.jpg","type":"image\/jpeg"}],"twitter_card":"summary_large_image","twitter_misc":{"Tiempo de lectura":"1 minuto"},"schema":{"@context":"https:\/\/schema.org","@graph":[{"@type":"WebPage","@id":"https:\/\/demoweb.info\/sexshop001\/producto\/powder-puff-masajeador-azul\/","url":"https:\/\/demoweb.info\/sexshop001\/producto\/powder-puff-masajeador-azul\/","name":"POWDER PUFF MASAJEADOR - AZUL - Tienda Er\u00f3tica","isPartOf":{"@id":"https:\/\/demoweb.info\/sexshop001\/#website"},"datePublished":"2022-01-22T18:20:05+00:00","dateModified":"2022-01-22T18:20:08+00:00","breadcrumb":{"@id":"https:\/\/demoweb.info\/sexshop001\/producto\/powder-puff-masajeador-azul\/#breadcrumb"},"inLanguage":"es","potentialAction":[{"@type":"ReadAction","target":["https:\/\/demoweb.info\/sexshop001\/producto\/powder-puff-masajeador-azul\/"]}]},{"@type":"BreadcrumbList","@id":"https:\/\/demoweb.info\/sexshop001\/producto\/powder-puff-masajeador-azul\/#breadcrumb","itemListElement":[{"@type":"ListItem","position":1,"name":"Portada","item":"https:\/\/demoweb.info\/sexshop001\/"},{"@type":"ListItem","position":2,"name":"Tienda","item":"https:\/\/demoweb.info\/sexshop001\/tienda\/"},{"@type":"ListItem","position":3,"name":"POWDER PUFF MASAJEADOR &#8211; AZUL"}]},{"@type":"WebSite","@id":"https:\/\/demoweb.info\/sexshop001\/#website","url":"https:\/\/demoweb.info\/sexshop001\/","name":"Tienda Er\u00f3tica","description":"DEMOWEB SL","potentialAction":[{"@type":"SearchAction","target":{"@type":"EntryPoint","urlTemplate":"https:\/\/demoweb.info\/sexshop001\/?s={search_term_string}"},"query-input":"required name=search_term_string"}],"inLanguage":"es"}]}},"_links":{"self":[{"href":"https:\/\/demoweb.info\/sexshop001\/wp-json\/wp\/v3\/product\/64760","targetHints":{"allow":["GET"]}}],"collection":[{"href":"https:\/\/demoweb.info\/sexshop001\/wp-json\/wp\/v3\/product"}],"about":[{"href":"https:\/\/demoweb.info\/sexshop001\/wp-json\/wp\/v2\/types\/product"}],"replies":[{"embeddable":true,"href":"https:\/\/demoweb.info\/sexshop001\/wp-json\/wp\/v2\/comments?post=64760"}],"wp:featuredmedia":[{"embeddable":true,"href":"https:\/\/demoweb.info\/sexshop001\/wp-json\/wp\/v2\/media\/64761"}],"wp:attachment":[{"href":"https:\/\/demoweb.info\/sexshop001\/wp-json\/wp\/v2\/media?parent=64760"}],"wp:term":[{"taxonomy":"product_cat","embeddable":true,"href":"https:\/\/demoweb.info\/sexshop001\/wp-json\/wp\/v2\/product_cat?post=64760"},{"taxonomy":"product_tag","embeddable":true,"href":"https:\/\/demoweb.info\/sexshop001\/wp-json\/wp\/v2\/product_tag?post=64760"}],"curies":[{"name":"wp","href":"https:\/\/api.w.org\/{rel}","templated":true}]}}