{"id":64694,"date":"2022-01-22T19:18:49","date_gmt":"2022-01-22T18:18:49","guid":{"rendered":"https:\/\/demoweb.info\/sexshop001\/producto\/intimate-therapy-deep-comfort-masturbador-boca\/"},"modified":"2022-01-22T19:19:18","modified_gmt":"2022-01-22T18:19:18","slug":"intimate-therapy-deep-comfort-masturbador-boca","status":"publish","type":"product","link":"https:\/\/demoweb.info\/sexshop001\/producto\/intimate-therapy-deep-comfort-masturbador-boca\/","title":{"rendered":"INTIMATE THERAPY DEEP COMFORT MASTURBADOR BOCA"},"content":{"rendered":"<p><strong>INTIMATE THERAPY DEEP COMFORT<\/strong><\/p>\n<p>Creados con el poder de influir, las duchas nunca volver\u00e1n a ser las mismas con la colecci\u00f3n de strokers de SIR RICHARD&#39;S CONTROL.<\/p>\n<p>Discretamente disfrazado como una botella de champ\u00fa para todos los d\u00edas, el Intimate Therapy Stroker es el mejor cuidado de los hombres para convertir la limpieza casual en diversi\u00f3n.<\/p>\n<p>Hecho de nuestro exclusivo Fanta Flesh, este stroker secreto ultra realista est\u00e1 dise\u00f1ado para ofrecer las sesiones de sacudidas m\u00e1s suaves y h\u00e1biles jam\u00e1s imaginadas. Desenrosca la tapa inferior extra\u00edble y disfruta de un solo golpe h\u00famedo y salvaje que nadie sabr\u00e1 nunca.<\/p>\n<p>El discreto frasco de champ\u00fa te permite controlar la estrechez y la cantidad de succi\u00f3n, mientras te aseguras de que tu peque\u00f1o secreto siga siendo tu arma. Una vez que est\u00e9s dentro de la funda Fanta Flesh y se envuelva alrededor de tu eje, aprieta suavemente la botella con cada golpe hasta que alcance la tensi\u00f3n deseada. Abre el cierre superior para permitir que entre m\u00e1s aire en la c\u00e1mara.<\/p>\n<p>Cierra la ventana emergente para crear un vac\u00edo s\u00faper ajustado para una acci\u00f3n de succi\u00f3n incre\u00edble.<\/p>\n<p>Si quieres diversi\u00f3n r\u00e1pida y libre, quita la tapa superior y disfruta de un fap-fest sin fricci\u00f3n.<\/p>\n<ul>\n<li>Impermeable.<\/li>\n<li>Material: TPE y pl\u00e1stico ABS<\/li>\n<li>Medidas: 21,6 x 8,6 cm<\/li>\n<\/ul>\n","protected":false},"excerpt":{"rendered":"<p>INTIMATE THERAPY DEEP COMFORT Creados con el poder de influir, las duchas nunca volver\u00e1n a ser las mismas con la<\/p>\n","protected":false},"featured_media":64695,"comment_status":"open","ping_status":"open","template":"","meta":[],"product_cat":[656],"product_tag":[259,490],"class_list":["post-64694","product","type-product","status-publish","has-post-thumbnail","hentry","product_cat-bocas","product_tag-pipedream","product_tag-sir-richards"],"bundled_by":[],"bundle_stock_status":"instock","bundle_stock_quantity":1,"bundle_virtual":false,"bundle_layout":"","bundle_add_to_cart_form_location":"","bundle_editable_in_cart":false,"bundle_sold_individually_context":"","bundle_item_grouping":"","bundle_min_size":"","bundle_max_size":"","bundled_items":[],"yoast_head":"<!-- This site is optimized with the Yoast SEO plugin v20.6 - https:\/\/yoast.com\/wordpress\/plugins\/seo\/ -->\n<title>INTIMATE THERAPY DEEP COMFORT MASTURBADOR BOCA - Tienda Er\u00f3tica<\/title>\n<meta name=\"robots\" content=\"noindex, follow, max-snippet:-1, max-image-preview:large, max-video-preview:-1\" \/>\n<meta property=\"og:locale\" content=\"es_ES\" \/>\n<meta property=\"og:type\" content=\"article\" \/>\n<meta property=\"og:title\" content=\"INTIMATE THERAPY DEEP COMFORT MASTURBADOR BOCA - Tienda Er\u00f3tica\" \/>\n<meta property=\"og:description\" content=\"INTIMATE THERAPY DEEP COMFORT Creados con el poder de influir, las duchas nunca volver\u00e1n a ser las mismas con la\" \/>\n<meta property=\"og:url\" content=\"https:\/\/demoweb.info\/sexshop001\/producto\/intimate-therapy-deep-comfort-masturbador-boca\/\" \/>\n<meta property=\"og:site_name\" content=\"Tienda Er\u00f3tica\" \/>\n<meta property=\"article:modified_time\" content=\"2022-01-22T18:19:18+00:00\" \/>\n<meta property=\"og:image\" content=\"https:\/\/demoweb.info\/sexshop001\/wp-content\/uploads\/2022\/01\/INTIMATE-THERAPY-DEEP-COMFORT-MASTURBADOR-BOCA.jpg\" \/>\n\t<meta property=\"og:image:width\" content=\"550\" \/>\n\t<meta property=\"og:image:height\" content=\"550\" \/>\n\t<meta property=\"og:image:type\" content=\"image\/jpeg\" \/>\n<meta name=\"twitter:card\" content=\"summary_large_image\" \/>\n<meta name=\"twitter:label1\" content=\"Tiempo de lectura\" \/>\n\t<meta name=\"twitter:data1\" content=\"1 minuto\" \/>\n<script type=\"application\/ld+json\" class=\"yoast-schema-graph\">{\"@context\":\"https:\/\/schema.org\",\"@graph\":[{\"@type\":\"WebPage\",\"@id\":\"https:\/\/demoweb.info\/sexshop001\/producto\/intimate-therapy-deep-comfort-masturbador-boca\/\",\"url\":\"https:\/\/demoweb.info\/sexshop001\/producto\/intimate-therapy-deep-comfort-masturbador-boca\/\",\"name\":\"INTIMATE THERAPY DEEP COMFORT MASTURBADOR BOCA - Tienda Er\u00f3tica\",\"isPartOf\":{\"@id\":\"https:\/\/demoweb.info\/sexshop001\/#website\"},\"datePublished\":\"2022-01-22T18:18:49+00:00\",\"dateModified\":\"2022-01-22T18:19:18+00:00\",\"breadcrumb\":{\"@id\":\"https:\/\/demoweb.info\/sexshop001\/producto\/intimate-therapy-deep-comfort-masturbador-boca\/#breadcrumb\"},\"inLanguage\":\"es\",\"potentialAction\":[{\"@type\":\"ReadAction\",\"target\":[\"https:\/\/demoweb.info\/sexshop001\/producto\/intimate-therapy-deep-comfort-masturbador-boca\/\"]}]},{\"@type\":\"BreadcrumbList\",\"@id\":\"https:\/\/demoweb.info\/sexshop001\/producto\/intimate-therapy-deep-comfort-masturbador-boca\/#breadcrumb\",\"itemListElement\":[{\"@type\":\"ListItem\",\"position\":1,\"name\":\"Portada\",\"item\":\"https:\/\/demoweb.info\/sexshop001\/\"},{\"@type\":\"ListItem\",\"position\":2,\"name\":\"Tienda\",\"item\":\"https:\/\/demoweb.info\/sexshop001\/tienda\/\"},{\"@type\":\"ListItem\",\"position\":3,\"name\":\"INTIMATE THERAPY DEEP COMFORT MASTURBADOR BOCA\"}]},{\"@type\":\"WebSite\",\"@id\":\"https:\/\/demoweb.info\/sexshop001\/#website\",\"url\":\"https:\/\/demoweb.info\/sexshop001\/\",\"name\":\"Tienda Er\u00f3tica\",\"description\":\"DEMOWEB SL\",\"potentialAction\":[{\"@type\":\"SearchAction\",\"target\":{\"@type\":\"EntryPoint\",\"urlTemplate\":\"https:\/\/demoweb.info\/sexshop001\/?s={search_term_string}\"},\"query-input\":\"required name=search_term_string\"}],\"inLanguage\":\"es\"}]}<\/script>\n<!-- \/ Yoast SEO plugin. -->","yoast_head_json":{"title":"INTIMATE THERAPY DEEP COMFORT MASTURBADOR BOCA - Tienda Er\u00f3tica","robots":{"index":"noindex","follow":"follow","max-snippet":"max-snippet:-1","max-image-preview":"max-image-preview:large","max-video-preview":"max-video-preview:-1"},"og_locale":"es_ES","og_type":"article","og_title":"INTIMATE THERAPY DEEP COMFORT MASTURBADOR BOCA - Tienda Er\u00f3tica","og_description":"INTIMATE THERAPY DEEP COMFORT Creados con el poder de influir, las duchas nunca volver\u00e1n a ser las mismas con la","og_url":"https:\/\/demoweb.info\/sexshop001\/producto\/intimate-therapy-deep-comfort-masturbador-boca\/","og_site_name":"Tienda Er\u00f3tica","article_modified_time":"2022-01-22T18:19:18+00:00","og_image":[{"width":550,"height":550,"url":"https:\/\/demoweb.info\/sexshop001\/wp-content\/uploads\/2022\/01\/INTIMATE-THERAPY-DEEP-COMFORT-MASTURBADOR-BOCA.jpg","type":"image\/jpeg"}],"twitter_card":"summary_large_image","twitter_misc":{"Tiempo de lectura":"1 minuto"},"schema":{"@context":"https:\/\/schema.org","@graph":[{"@type":"WebPage","@id":"https:\/\/demoweb.info\/sexshop001\/producto\/intimate-therapy-deep-comfort-masturbador-boca\/","url":"https:\/\/demoweb.info\/sexshop001\/producto\/intimate-therapy-deep-comfort-masturbador-boca\/","name":"INTIMATE THERAPY DEEP COMFORT MASTURBADOR BOCA - Tienda Er\u00f3tica","isPartOf":{"@id":"https:\/\/demoweb.info\/sexshop001\/#website"},"datePublished":"2022-01-22T18:18:49+00:00","dateModified":"2022-01-22T18:19:18+00:00","breadcrumb":{"@id":"https:\/\/demoweb.info\/sexshop001\/producto\/intimate-therapy-deep-comfort-masturbador-boca\/#breadcrumb"},"inLanguage":"es","potentialAction":[{"@type":"ReadAction","target":["https:\/\/demoweb.info\/sexshop001\/producto\/intimate-therapy-deep-comfort-masturbador-boca\/"]}]},{"@type":"BreadcrumbList","@id":"https:\/\/demoweb.info\/sexshop001\/producto\/intimate-therapy-deep-comfort-masturbador-boca\/#breadcrumb","itemListElement":[{"@type":"ListItem","position":1,"name":"Portada","item":"https:\/\/demoweb.info\/sexshop001\/"},{"@type":"ListItem","position":2,"name":"Tienda","item":"https:\/\/demoweb.info\/sexshop001\/tienda\/"},{"@type":"ListItem","position":3,"name":"INTIMATE THERAPY DEEP COMFORT MASTURBADOR BOCA"}]},{"@type":"WebSite","@id":"https:\/\/demoweb.info\/sexshop001\/#website","url":"https:\/\/demoweb.info\/sexshop001\/","name":"Tienda Er\u00f3tica","description":"DEMOWEB SL","potentialAction":[{"@type":"SearchAction","target":{"@type":"EntryPoint","urlTemplate":"https:\/\/demoweb.info\/sexshop001\/?s={search_term_string}"},"query-input":"required name=search_term_string"}],"inLanguage":"es"}]}},"_links":{"self":[{"href":"https:\/\/demoweb.info\/sexshop001\/wp-json\/wp\/v3\/product\/64694","targetHints":{"allow":["GET"]}}],"collection":[{"href":"https:\/\/demoweb.info\/sexshop001\/wp-json\/wp\/v3\/product"}],"about":[{"href":"https:\/\/demoweb.info\/sexshop001\/wp-json\/wp\/v2\/types\/product"}],"replies":[{"embeddable":true,"href":"https:\/\/demoweb.info\/sexshop001\/wp-json\/wp\/v2\/comments?post=64694"}],"wp:featuredmedia":[{"embeddable":true,"href":"https:\/\/demoweb.info\/sexshop001\/wp-json\/wp\/v2\/media\/64695"}],"wp:attachment":[{"href":"https:\/\/demoweb.info\/sexshop001\/wp-json\/wp\/v2\/media?parent=64694"}],"wp:term":[{"taxonomy":"product_cat","embeddable":true,"href":"https:\/\/demoweb.info\/sexshop001\/wp-json\/wp\/v2\/product_cat?post=64694"},{"taxonomy":"product_tag","embeddable":true,"href":"https:\/\/demoweb.info\/sexshop001\/wp-json\/wp\/v2\/product_tag?post=64694"}],"curies":[{"name":"wp","href":"https:\/\/api.w.org\/{rel}","templated":true}]}}