{"id":64681,"date":"2022-01-22T19:18:49","date_gmt":"2022-01-22T18:18:49","guid":{"rendered":"https:\/\/demoweb.info\/sexshop001\/producto\/ultimate-milker-masturbador-realistico-con-vibracion\/"},"modified":"2022-01-22T19:19:09","modified_gmt":"2022-01-22T18:19:09","slug":"ultimate-milker-masturbador-realistico-con-vibracion","status":"publish","type":"product","link":"https:\/\/demoweb.info\/sexshop001\/producto\/ultimate-milker-masturbador-realistico-con-vibracion\/","title":{"rendered":"ULTIMATE MILKER MASTURBADOR REAL\u00cdSTICO CON VIBRACI\u00d3N"},"content":{"rendered":"<p><strong>ULTIMATE MILKER<\/strong><\/p>\n<p>Presentamos la primera tecnolog\u00eda de masturbaci\u00f3n dise\u00f1ada para rodear completamente tu eje con una potente y giratoria estimulaci\u00f3n para la mejor experiencia de auto-placer.<\/p>\n<p>Una ventana transparente te permite ver la acci\u00f3n a medida que disfrutas una y otra vez con 10 funciones giratorias y m\u00e1s 5 niveles de velocidad activa, todos accionados por un motor recargable. El manguito interno de TPE con m\u00faltiples acanalados est\u00e1 revestido con texturas incre\u00edblemente satisfactorias para mejorar el placer de la rotaci\u00f3n y presenta un extremo cerrado para intensificar a\u00fan m\u00e1s la succi\u00f3n natural.<\/p>\n<p>Para disfrutar de la masturbaci\u00f3n rotatoria totalmente automatizada, simplemente presiona el bot\u00f3n. Los gemidos sexy y entrecortados tambi\u00e9n se pueden activar para intensificar la emoci\u00f3n er\u00f3tica. \u00a1Explora tus opciones!<\/p>\n<p>La robusta carcasa exterior con una ventosa de cierre ajustable puede ajustarse a tu posici\u00f3n de manos libres preferida, o extraer la funda interior de TPE para el placer manual.<\/p>\n<p>Caracter\u00edsticas:<\/p>\n<ul>\n<li>10 modos distintos de vibraci\u00f3n con 5 velocidades.<\/li>\n<li>Material: Pl\u00e1stico ABS y TPR<\/li>\n<li>Recargable con USB<\/li>\n<li>Medidas totales: 26,9 x 8,4 cm.<\/li>\n<li>Di\u00e1metro: 7,1 cm<\/li>\n<\/ul>\n","protected":false},"excerpt":{"rendered":"<p>ULTIMATE MILKER Presentamos la primera tecnolog\u00eda de masturbaci\u00f3n dise\u00f1ada para rodear completamente tu eje con una potente y giratoria estimulaci\u00f3n<\/p>\n","protected":false},"featured_media":64682,"comment_status":"open","ping_status":"open","template":"","meta":[],"product_cat":[541],"product_tag":[521,259],"class_list":["post-64681","product","type-product","status-publish","has-post-thumbnail","hentry","product_cat-vaginas","product_tag-pdx-elite","product_tag-pipedream"],"bundled_by":[],"bundle_stock_status":"instock","bundle_stock_quantity":2,"bundle_virtual":false,"bundle_layout":"","bundle_add_to_cart_form_location":"","bundle_editable_in_cart":false,"bundle_sold_individually_context":"","bundle_item_grouping":"","bundle_min_size":"","bundle_max_size":"","bundled_items":[],"yoast_head":"<!-- This site is optimized with the Yoast SEO plugin v20.6 - https:\/\/yoast.com\/wordpress\/plugins\/seo\/ -->\n<title>ULTIMATE MILKER MASTURBADOR REAL\u00cdSTICO CON VIBRACI\u00d3N - Tienda Er\u00f3tica<\/title>\n<meta name=\"robots\" content=\"noindex, follow, max-snippet:-1, max-image-preview:large, max-video-preview:-1\" \/>\n<meta property=\"og:locale\" content=\"es_ES\" \/>\n<meta property=\"og:type\" content=\"article\" \/>\n<meta property=\"og:title\" content=\"ULTIMATE MILKER MASTURBADOR REAL\u00cdSTICO CON VIBRACI\u00d3N - Tienda Er\u00f3tica\" \/>\n<meta property=\"og:description\" content=\"ULTIMATE MILKER Presentamos la primera tecnolog\u00eda de masturbaci\u00f3n dise\u00f1ada para rodear completamente tu eje con una potente y giratoria estimulaci\u00f3n\" \/>\n<meta property=\"og:url\" content=\"https:\/\/demoweb.info\/sexshop001\/producto\/ultimate-milker-masturbador-realistico-con-vibracion\/\" \/>\n<meta property=\"og:site_name\" content=\"Tienda Er\u00f3tica\" \/>\n<meta property=\"article:modified_time\" content=\"2022-01-22T18:19:09+00:00\" \/>\n<meta property=\"og:image\" content=\"https:\/\/demoweb.info\/sexshop001\/wp-content\/uploads\/2022\/01\/ULTIMATE-MILKER-MASTURBADOR-REALISTICO-CON-VIBRACION.jpg\" \/>\n\t<meta property=\"og:image:width\" content=\"550\" \/>\n\t<meta property=\"og:image:height\" content=\"550\" \/>\n\t<meta property=\"og:image:type\" content=\"image\/jpeg\" \/>\n<meta name=\"twitter:card\" content=\"summary_large_image\" \/>\n<meta name=\"twitter:label1\" content=\"Tiempo de lectura\" \/>\n\t<meta name=\"twitter:data1\" content=\"1 minuto\" \/>\n<script type=\"application\/ld+json\" class=\"yoast-schema-graph\">{\"@context\":\"https:\/\/schema.org\",\"@graph\":[{\"@type\":\"WebPage\",\"@id\":\"https:\/\/demoweb.info\/sexshop001\/producto\/ultimate-milker-masturbador-realistico-con-vibracion\/\",\"url\":\"https:\/\/demoweb.info\/sexshop001\/producto\/ultimate-milker-masturbador-realistico-con-vibracion\/\",\"name\":\"ULTIMATE MILKER MASTURBADOR REAL\u00cdSTICO CON VIBRACI\u00d3N - Tienda Er\u00f3tica\",\"isPartOf\":{\"@id\":\"https:\/\/demoweb.info\/sexshop001\/#website\"},\"datePublished\":\"2022-01-22T18:18:49+00:00\",\"dateModified\":\"2022-01-22T18:19:09+00:00\",\"breadcrumb\":{\"@id\":\"https:\/\/demoweb.info\/sexshop001\/producto\/ultimate-milker-masturbador-realistico-con-vibracion\/#breadcrumb\"},\"inLanguage\":\"es\",\"potentialAction\":[{\"@type\":\"ReadAction\",\"target\":[\"https:\/\/demoweb.info\/sexshop001\/producto\/ultimate-milker-masturbador-realistico-con-vibracion\/\"]}]},{\"@type\":\"BreadcrumbList\",\"@id\":\"https:\/\/demoweb.info\/sexshop001\/producto\/ultimate-milker-masturbador-realistico-con-vibracion\/#breadcrumb\",\"itemListElement\":[{\"@type\":\"ListItem\",\"position\":1,\"name\":\"Portada\",\"item\":\"https:\/\/demoweb.info\/sexshop001\/\"},{\"@type\":\"ListItem\",\"position\":2,\"name\":\"Tienda\",\"item\":\"https:\/\/demoweb.info\/sexshop001\/tienda\/\"},{\"@type\":\"ListItem\",\"position\":3,\"name\":\"ULTIMATE MILKER MASTURBADOR REAL\u00cdSTICO CON VIBRACI\u00d3N\"}]},{\"@type\":\"WebSite\",\"@id\":\"https:\/\/demoweb.info\/sexshop001\/#website\",\"url\":\"https:\/\/demoweb.info\/sexshop001\/\",\"name\":\"Tienda Er\u00f3tica\",\"description\":\"DEMOWEB SL\",\"potentialAction\":[{\"@type\":\"SearchAction\",\"target\":{\"@type\":\"EntryPoint\",\"urlTemplate\":\"https:\/\/demoweb.info\/sexshop001\/?s={search_term_string}\"},\"query-input\":\"required name=search_term_string\"}],\"inLanguage\":\"es\"}]}<\/script>\n<!-- \/ Yoast SEO plugin. -->","yoast_head_json":{"title":"ULTIMATE MILKER MASTURBADOR REAL\u00cdSTICO CON VIBRACI\u00d3N - Tienda Er\u00f3tica","robots":{"index":"noindex","follow":"follow","max-snippet":"max-snippet:-1","max-image-preview":"max-image-preview:large","max-video-preview":"max-video-preview:-1"},"og_locale":"es_ES","og_type":"article","og_title":"ULTIMATE MILKER MASTURBADOR REAL\u00cdSTICO CON VIBRACI\u00d3N - Tienda Er\u00f3tica","og_description":"ULTIMATE MILKER Presentamos la primera tecnolog\u00eda de masturbaci\u00f3n dise\u00f1ada para rodear completamente tu eje con una potente y giratoria estimulaci\u00f3n","og_url":"https:\/\/demoweb.info\/sexshop001\/producto\/ultimate-milker-masturbador-realistico-con-vibracion\/","og_site_name":"Tienda Er\u00f3tica","article_modified_time":"2022-01-22T18:19:09+00:00","og_image":[{"width":550,"height":550,"url":"https:\/\/demoweb.info\/sexshop001\/wp-content\/uploads\/2022\/01\/ULTIMATE-MILKER-MASTURBADOR-REALISTICO-CON-VIBRACION.jpg","type":"image\/jpeg"}],"twitter_card":"summary_large_image","twitter_misc":{"Tiempo de lectura":"1 minuto"},"schema":{"@context":"https:\/\/schema.org","@graph":[{"@type":"WebPage","@id":"https:\/\/demoweb.info\/sexshop001\/producto\/ultimate-milker-masturbador-realistico-con-vibracion\/","url":"https:\/\/demoweb.info\/sexshop001\/producto\/ultimate-milker-masturbador-realistico-con-vibracion\/","name":"ULTIMATE MILKER MASTURBADOR REAL\u00cdSTICO CON VIBRACI\u00d3N - Tienda Er\u00f3tica","isPartOf":{"@id":"https:\/\/demoweb.info\/sexshop001\/#website"},"datePublished":"2022-01-22T18:18:49+00:00","dateModified":"2022-01-22T18:19:09+00:00","breadcrumb":{"@id":"https:\/\/demoweb.info\/sexshop001\/producto\/ultimate-milker-masturbador-realistico-con-vibracion\/#breadcrumb"},"inLanguage":"es","potentialAction":[{"@type":"ReadAction","target":["https:\/\/demoweb.info\/sexshop001\/producto\/ultimate-milker-masturbador-realistico-con-vibracion\/"]}]},{"@type":"BreadcrumbList","@id":"https:\/\/demoweb.info\/sexshop001\/producto\/ultimate-milker-masturbador-realistico-con-vibracion\/#breadcrumb","itemListElement":[{"@type":"ListItem","position":1,"name":"Portada","item":"https:\/\/demoweb.info\/sexshop001\/"},{"@type":"ListItem","position":2,"name":"Tienda","item":"https:\/\/demoweb.info\/sexshop001\/tienda\/"},{"@type":"ListItem","position":3,"name":"ULTIMATE MILKER MASTURBADOR REAL\u00cdSTICO CON VIBRACI\u00d3N"}]},{"@type":"WebSite","@id":"https:\/\/demoweb.info\/sexshop001\/#website","url":"https:\/\/demoweb.info\/sexshop001\/","name":"Tienda Er\u00f3tica","description":"DEMOWEB SL","potentialAction":[{"@type":"SearchAction","target":{"@type":"EntryPoint","urlTemplate":"https:\/\/demoweb.info\/sexshop001\/?s={search_term_string}"},"query-input":"required name=search_term_string"}],"inLanguage":"es"}]}},"_links":{"self":[{"href":"https:\/\/demoweb.info\/sexshop001\/wp-json\/wp\/v3\/product\/64681","targetHints":{"allow":["GET"]}}],"collection":[{"href":"https:\/\/demoweb.info\/sexshop001\/wp-json\/wp\/v3\/product"}],"about":[{"href":"https:\/\/demoweb.info\/sexshop001\/wp-json\/wp\/v2\/types\/product"}],"replies":[{"embeddable":true,"href":"https:\/\/demoweb.info\/sexshop001\/wp-json\/wp\/v2\/comments?post=64681"}],"wp:featuredmedia":[{"embeddable":true,"href":"https:\/\/demoweb.info\/sexshop001\/wp-json\/wp\/v2\/media\/64682"}],"wp:attachment":[{"href":"https:\/\/demoweb.info\/sexshop001\/wp-json\/wp\/v2\/media?parent=64681"}],"wp:term":[{"taxonomy":"product_cat","embeddable":true,"href":"https:\/\/demoweb.info\/sexshop001\/wp-json\/wp\/v2\/product_cat?post=64681"},{"taxonomy":"product_tag","embeddable":true,"href":"https:\/\/demoweb.info\/sexshop001\/wp-json\/wp\/v2\/product_tag?post=64681"}],"curies":[{"name":"wp","href":"https:\/\/api.w.org\/{rel}","templated":true}]}}