{"id":64674,"date":"2022-01-22T19:18:49","date_gmt":"2022-01-22T18:18:49","guid":{"rendered":"https:\/\/demoweb.info\/sexshop001\/producto\/extender-bomba-desarrolladora-con-vibracion\/"},"modified":"2022-01-22T19:19:04","modified_gmt":"2022-01-22T18:19:04","slug":"extender-bomba-desarrolladora-con-vibracion","status":"publish","type":"product","link":"https:\/\/demoweb.info\/sexshop001\/producto\/extender-bomba-desarrolladora-con-vibracion\/","title":{"rendered":"EXTENDER BOMBA DESARROLLADORA CON VIBRACI\u00d3N"},"content":{"rendered":"<p><strong>EXTENDER VIBRATING PENIS PUMP<\/strong><\/p>\n<p>Este revolucionario dise\u00f1o patentado permite personalizar tu placer con un tubo extensible que se bloquea en el lugar a la longitud exacta que desees.<\/p>\n<p>La bomba de vibraci\u00f3n Extender Pro tiene tecnolog\u00eda IST progresiva con succi\u00f3n intermitente incre\u00edblemente realista para proporcionar sensaciones de masturbaci\u00f3n realistas para darte la mejor experiencia de tu vida.<\/p>\n<p>Para una experiencia de masturbaci\u00f3n a\u00fan m\u00e1s alucinante, disfruta de una vibraci\u00f3n totalmente autom\u00e1tica junto con la poderosa succi\u00f3n. Simplemente presiona los botones en el motor recargable para 3 modos de succi\u00f3n y 5 patrones de vibraci\u00f3n que viajan hasta tu pene.<\/p>\n<p>El tubo transparente est\u00e1 dise\u00f1ado para un agarre firme y te permite ver la acci\u00f3n. La anilla ayuda a crear un sello herm\u00e9tico, mientras que las suaves protuberancias de placer internas tocan suavemente tu eje.<\/p>\n<p>Caracter\u00edsticas:<\/p>\n<ul>\n<li>5 modos de vibraci\u00f3n con 3 velocidades distintas<\/li>\n<li>Impermeable<\/li>\n<li>Material: Pl\u00e1stico ABS y TPR<\/li>\n<li>Recargable con USB<\/li>\n<li>Medidas: 6,6 x 3 cm<\/li>\n<\/ul>\n","protected":false},"excerpt":{"rendered":"<p>EXTENDER VIBRATING PENIS PUMP Este revolucionario dise\u00f1o patentado permite personalizar tu placer con un tubo extensible que se bloquea en<\/p>\n","protected":false},"featured_media":64675,"comment_status":"open","ping_status":"open","template":"","meta":[],"product_cat":[864],"product_tag":[521,259],"class_list":["post-64674","product","type-product","status-publish","has-post-thumbnail","hentry","product_cat-con-vibracion-desarrolladores","product_tag-pdx-elite","product_tag-pipedream"],"bundled_by":[],"bundle_stock_status":"instock","bundle_stock_quantity":1,"bundle_virtual":false,"bundle_layout":"","bundle_add_to_cart_form_location":"","bundle_editable_in_cart":false,"bundle_sold_individually_context":"","bundle_item_grouping":"","bundle_min_size":"","bundle_max_size":"","bundled_items":[],"yoast_head":"<!-- This site is optimized with the Yoast SEO plugin v20.6 - https:\/\/yoast.com\/wordpress\/plugins\/seo\/ -->\n<title>EXTENDER BOMBA DESARROLLADORA CON VIBRACI\u00d3N - Tienda Er\u00f3tica<\/title>\n<meta name=\"robots\" content=\"noindex, follow, max-snippet:-1, max-image-preview:large, max-video-preview:-1\" \/>\n<meta property=\"og:locale\" content=\"es_ES\" \/>\n<meta property=\"og:type\" content=\"article\" \/>\n<meta property=\"og:title\" content=\"EXTENDER BOMBA DESARROLLADORA CON VIBRACI\u00d3N - Tienda Er\u00f3tica\" \/>\n<meta property=\"og:description\" content=\"EXTENDER VIBRATING PENIS PUMP Este revolucionario dise\u00f1o patentado permite personalizar tu placer con un tubo extensible que se bloquea en\" \/>\n<meta property=\"og:url\" content=\"https:\/\/demoweb.info\/sexshop001\/producto\/extender-bomba-desarrolladora-con-vibracion\/\" \/>\n<meta property=\"og:site_name\" content=\"Tienda Er\u00f3tica\" \/>\n<meta property=\"article:modified_time\" content=\"2022-01-22T18:19:04+00:00\" \/>\n<meta property=\"og:image\" content=\"https:\/\/demoweb.info\/sexshop001\/wp-content\/uploads\/2022\/01\/EXTENDER-BOMBA-DESARROLLADORA-CON-VIBRACION.jpg\" \/>\n\t<meta property=\"og:image:width\" content=\"550\" \/>\n\t<meta property=\"og:image:height\" content=\"550\" \/>\n\t<meta property=\"og:image:type\" content=\"image\/jpeg\" \/>\n<meta name=\"twitter:card\" content=\"summary_large_image\" \/>\n<meta name=\"twitter:label1\" content=\"Tiempo de lectura\" \/>\n\t<meta name=\"twitter:data1\" content=\"1 minuto\" \/>\n<script type=\"application\/ld+json\" class=\"yoast-schema-graph\">{\"@context\":\"https:\/\/schema.org\",\"@graph\":[{\"@type\":\"WebPage\",\"@id\":\"https:\/\/demoweb.info\/sexshop001\/producto\/extender-bomba-desarrolladora-con-vibracion\/\",\"url\":\"https:\/\/demoweb.info\/sexshop001\/producto\/extender-bomba-desarrolladora-con-vibracion\/\",\"name\":\"EXTENDER BOMBA DESARROLLADORA CON VIBRACI\u00d3N - Tienda Er\u00f3tica\",\"isPartOf\":{\"@id\":\"https:\/\/demoweb.info\/sexshop001\/#website\"},\"datePublished\":\"2022-01-22T18:18:49+00:00\",\"dateModified\":\"2022-01-22T18:19:04+00:00\",\"breadcrumb\":{\"@id\":\"https:\/\/demoweb.info\/sexshop001\/producto\/extender-bomba-desarrolladora-con-vibracion\/#breadcrumb\"},\"inLanguage\":\"es\",\"potentialAction\":[{\"@type\":\"ReadAction\",\"target\":[\"https:\/\/demoweb.info\/sexshop001\/producto\/extender-bomba-desarrolladora-con-vibracion\/\"]}]},{\"@type\":\"BreadcrumbList\",\"@id\":\"https:\/\/demoweb.info\/sexshop001\/producto\/extender-bomba-desarrolladora-con-vibracion\/#breadcrumb\",\"itemListElement\":[{\"@type\":\"ListItem\",\"position\":1,\"name\":\"Portada\",\"item\":\"https:\/\/demoweb.info\/sexshop001\/\"},{\"@type\":\"ListItem\",\"position\":2,\"name\":\"Tienda\",\"item\":\"https:\/\/demoweb.info\/sexshop001\/tienda\/\"},{\"@type\":\"ListItem\",\"position\":3,\"name\":\"EXTENDER BOMBA DESARROLLADORA CON VIBRACI\u00d3N\"}]},{\"@type\":\"WebSite\",\"@id\":\"https:\/\/demoweb.info\/sexshop001\/#website\",\"url\":\"https:\/\/demoweb.info\/sexshop001\/\",\"name\":\"Tienda Er\u00f3tica\",\"description\":\"DEMOWEB SL\",\"potentialAction\":[{\"@type\":\"SearchAction\",\"target\":{\"@type\":\"EntryPoint\",\"urlTemplate\":\"https:\/\/demoweb.info\/sexshop001\/?s={search_term_string}\"},\"query-input\":\"required name=search_term_string\"}],\"inLanguage\":\"es\"}]}<\/script>\n<!-- \/ Yoast SEO plugin. -->","yoast_head_json":{"title":"EXTENDER BOMBA DESARROLLADORA CON VIBRACI\u00d3N - Tienda Er\u00f3tica","robots":{"index":"noindex","follow":"follow","max-snippet":"max-snippet:-1","max-image-preview":"max-image-preview:large","max-video-preview":"max-video-preview:-1"},"og_locale":"es_ES","og_type":"article","og_title":"EXTENDER BOMBA DESARROLLADORA CON VIBRACI\u00d3N - Tienda Er\u00f3tica","og_description":"EXTENDER VIBRATING PENIS PUMP Este revolucionario dise\u00f1o patentado permite personalizar tu placer con un tubo extensible que se bloquea en","og_url":"https:\/\/demoweb.info\/sexshop001\/producto\/extender-bomba-desarrolladora-con-vibracion\/","og_site_name":"Tienda Er\u00f3tica","article_modified_time":"2022-01-22T18:19:04+00:00","og_image":[{"width":550,"height":550,"url":"https:\/\/demoweb.info\/sexshop001\/wp-content\/uploads\/2022\/01\/EXTENDER-BOMBA-DESARROLLADORA-CON-VIBRACION.jpg","type":"image\/jpeg"}],"twitter_card":"summary_large_image","twitter_misc":{"Tiempo de lectura":"1 minuto"},"schema":{"@context":"https:\/\/schema.org","@graph":[{"@type":"WebPage","@id":"https:\/\/demoweb.info\/sexshop001\/producto\/extender-bomba-desarrolladora-con-vibracion\/","url":"https:\/\/demoweb.info\/sexshop001\/producto\/extender-bomba-desarrolladora-con-vibracion\/","name":"EXTENDER BOMBA DESARROLLADORA CON VIBRACI\u00d3N - Tienda Er\u00f3tica","isPartOf":{"@id":"https:\/\/demoweb.info\/sexshop001\/#website"},"datePublished":"2022-01-22T18:18:49+00:00","dateModified":"2022-01-22T18:19:04+00:00","breadcrumb":{"@id":"https:\/\/demoweb.info\/sexshop001\/producto\/extender-bomba-desarrolladora-con-vibracion\/#breadcrumb"},"inLanguage":"es","potentialAction":[{"@type":"ReadAction","target":["https:\/\/demoweb.info\/sexshop001\/producto\/extender-bomba-desarrolladora-con-vibracion\/"]}]},{"@type":"BreadcrumbList","@id":"https:\/\/demoweb.info\/sexshop001\/producto\/extender-bomba-desarrolladora-con-vibracion\/#breadcrumb","itemListElement":[{"@type":"ListItem","position":1,"name":"Portada","item":"https:\/\/demoweb.info\/sexshop001\/"},{"@type":"ListItem","position":2,"name":"Tienda","item":"https:\/\/demoweb.info\/sexshop001\/tienda\/"},{"@type":"ListItem","position":3,"name":"EXTENDER BOMBA DESARROLLADORA CON VIBRACI\u00d3N"}]},{"@type":"WebSite","@id":"https:\/\/demoweb.info\/sexshop001\/#website","url":"https:\/\/demoweb.info\/sexshop001\/","name":"Tienda Er\u00f3tica","description":"DEMOWEB SL","potentialAction":[{"@type":"SearchAction","target":{"@type":"EntryPoint","urlTemplate":"https:\/\/demoweb.info\/sexshop001\/?s={search_term_string}"},"query-input":"required name=search_term_string"}],"inLanguage":"es"}]}},"_links":{"self":[{"href":"https:\/\/demoweb.info\/sexshop001\/wp-json\/wp\/v3\/product\/64674","targetHints":{"allow":["GET"]}}],"collection":[{"href":"https:\/\/demoweb.info\/sexshop001\/wp-json\/wp\/v3\/product"}],"about":[{"href":"https:\/\/demoweb.info\/sexshop001\/wp-json\/wp\/v2\/types\/product"}],"replies":[{"embeddable":true,"href":"https:\/\/demoweb.info\/sexshop001\/wp-json\/wp\/v2\/comments?post=64674"}],"wp:featuredmedia":[{"embeddable":true,"href":"https:\/\/demoweb.info\/sexshop001\/wp-json\/wp\/v2\/media\/64675"}],"wp:attachment":[{"href":"https:\/\/demoweb.info\/sexshop001\/wp-json\/wp\/v2\/media?parent=64674"}],"wp:term":[{"taxonomy":"product_cat","embeddable":true,"href":"https:\/\/demoweb.info\/sexshop001\/wp-json\/wp\/v2\/product_cat?post=64674"},{"taxonomy":"product_tag","embeddable":true,"href":"https:\/\/demoweb.info\/sexshop001\/wp-json\/wp\/v2\/product_tag?post=64674"}],"curies":[{"name":"wp","href":"https:\/\/api.w.org\/{rel}","templated":true}]}}