{"id":64654,"date":"2022-01-22T19:18:49","date_gmt":"2022-01-22T18:18:49","guid":{"rendered":"https:\/\/demoweb.info\/sexshop001\/producto\/her-finger-vibe-estimulador\/"},"modified":"2022-01-22T19:18:49","modified_gmt":"2022-01-22T18:18:49","slug":"her-finger-vibe-estimulador","status":"publish","type":"product","link":"https:\/\/demoweb.info\/sexshop001\/producto\/her-finger-vibe-estimulador\/","title":{"rendered":"HER FINGER VIBE ESTIMULADOR"},"content":{"rendered":"<p><strong>HER FINGER VIBE<\/strong><\/p>\n<p>\u00bfQui\u00e9n no quiere tener su propio secreto sexy? Te sonrojar\u00e1s mientras llevas Her Finger Vibe en tus dedos para un masaje vibrante en tus pezones antes de deslizarse por cualquier rinc\u00f3n de tu cuerpo.<\/p>\n<p>La silicona suave y sedosa se calentar\u00e1 suavemente a la temperatura de tu cuerpo. Asegura las correas flexibles alrededor del exterior de la braguita y ajusta el golpe del motor c\u00f3modamente contra el cl\u00edtoris.<\/p>\n<p>Secretamente, desliza el estimulador en el interior y presiona el bot\u00f3n dos veces para activar la vibraci\u00f3n silenciosa. Temblores delicados se sentir\u00e1n como besos seductores contra su cl\u00edtoris. Presiona el bot\u00f3n una y otra vez para disfrutar de los diferentes patrones pulsantes. Las sensaciones \u00edntimas te dejar\u00e1n sin aliento.<\/p>\n<ul>\n<li>10 velocidades distintas de vibraci\u00f3n<\/li>\n<li>Impermeable<\/li>\n<li>Recargable con USB<\/li>\n<li>Medidas: 7,9 x 5,8 x 2,2 cm<\/li>\n<\/ul>\n","protected":false},"excerpt":{"rendered":"<p>HER FINGER VIBE \u00bfQui\u00e9n no quiere tener su propio secreto sexy? Te sonrojar\u00e1s mientras llevas Her Finger Vibe en tus<\/p>\n","protected":false},"featured_media":64655,"comment_status":"open","ping_status":"open","template":"","meta":[],"product_cat":[552],"product_tag":[486,259],"class_list":["post-64654","product","type-product","status-publish","has-post-thumbnail","hentry","product_cat-dedales","product_tag-fantasy-for-her","product_tag-pipedream"],"bundled_by":[],"bundle_stock_status":"instock","bundle_stock_quantity":2,"bundle_virtual":false,"bundle_layout":"","bundle_add_to_cart_form_location":"","bundle_editable_in_cart":false,"bundle_sold_individually_context":"","bundle_item_grouping":"","bundle_min_size":"","bundle_max_size":"","bundled_items":[],"yoast_head":"<!-- This site is optimized with the Yoast SEO plugin v20.6 - https:\/\/yoast.com\/wordpress\/plugins\/seo\/ -->\n<title>HER FINGER VIBE ESTIMULADOR - Tienda Er\u00f3tica<\/title>\n<meta name=\"robots\" content=\"noindex, follow, max-snippet:-1, max-image-preview:large, max-video-preview:-1\" \/>\n<meta property=\"og:locale\" content=\"es_ES\" \/>\n<meta property=\"og:type\" content=\"article\" \/>\n<meta property=\"og:title\" content=\"HER FINGER VIBE ESTIMULADOR - Tienda Er\u00f3tica\" \/>\n<meta property=\"og:description\" content=\"HER FINGER VIBE \u00bfQui\u00e9n no quiere tener su propio secreto sexy? Te sonrojar\u00e1s mientras llevas Her Finger Vibe en tus\" \/>\n<meta property=\"og:url\" content=\"https:\/\/demoweb.info\/sexshop001\/producto\/her-finger-vibe-estimulador\/\" \/>\n<meta property=\"og:site_name\" content=\"Tienda Er\u00f3tica\" \/>\n<meta property=\"og:image\" content=\"https:\/\/demoweb.info\/sexshop001\/wp-content\/uploads\/2022\/01\/HER-FINGER-VIBE-ESTIMULADOR.jpg\" \/>\n\t<meta property=\"og:image:width\" content=\"550\" \/>\n\t<meta property=\"og:image:height\" content=\"550\" \/>\n\t<meta property=\"og:image:type\" content=\"image\/jpeg\" \/>\n<meta name=\"twitter:card\" content=\"summary_large_image\" \/>\n<meta name=\"twitter:label1\" content=\"Tiempo de lectura\" \/>\n\t<meta name=\"twitter:data1\" content=\"1 minuto\" \/>\n<script type=\"application\/ld+json\" class=\"yoast-schema-graph\">{\"@context\":\"https:\/\/schema.org\",\"@graph\":[{\"@type\":\"WebPage\",\"@id\":\"https:\/\/demoweb.info\/sexshop001\/producto\/her-finger-vibe-estimulador\/\",\"url\":\"https:\/\/demoweb.info\/sexshop001\/producto\/her-finger-vibe-estimulador\/\",\"name\":\"HER FINGER VIBE ESTIMULADOR - Tienda Er\u00f3tica\",\"isPartOf\":{\"@id\":\"https:\/\/demoweb.info\/sexshop001\/#website\"},\"datePublished\":\"2022-01-22T18:18:49+00:00\",\"dateModified\":\"2022-01-22T18:18:49+00:00\",\"breadcrumb\":{\"@id\":\"https:\/\/demoweb.info\/sexshop001\/producto\/her-finger-vibe-estimulador\/#breadcrumb\"},\"inLanguage\":\"es\",\"potentialAction\":[{\"@type\":\"ReadAction\",\"target\":[\"https:\/\/demoweb.info\/sexshop001\/producto\/her-finger-vibe-estimulador\/\"]}]},{\"@type\":\"BreadcrumbList\",\"@id\":\"https:\/\/demoweb.info\/sexshop001\/producto\/her-finger-vibe-estimulador\/#breadcrumb\",\"itemListElement\":[{\"@type\":\"ListItem\",\"position\":1,\"name\":\"Portada\",\"item\":\"https:\/\/demoweb.info\/sexshop001\/\"},{\"@type\":\"ListItem\",\"position\":2,\"name\":\"Tienda\",\"item\":\"https:\/\/demoweb.info\/sexshop001\/tienda\/\"},{\"@type\":\"ListItem\",\"position\":3,\"name\":\"HER FINGER VIBE ESTIMULADOR\"}]},{\"@type\":\"WebSite\",\"@id\":\"https:\/\/demoweb.info\/sexshop001\/#website\",\"url\":\"https:\/\/demoweb.info\/sexshop001\/\",\"name\":\"Tienda Er\u00f3tica\",\"description\":\"DEMOWEB SL\",\"potentialAction\":[{\"@type\":\"SearchAction\",\"target\":{\"@type\":\"EntryPoint\",\"urlTemplate\":\"https:\/\/demoweb.info\/sexshop001\/?s={search_term_string}\"},\"query-input\":\"required name=search_term_string\"}],\"inLanguage\":\"es\"}]}<\/script>\n<!-- \/ Yoast SEO plugin. -->","yoast_head_json":{"title":"HER FINGER VIBE ESTIMULADOR - Tienda Er\u00f3tica","robots":{"index":"noindex","follow":"follow","max-snippet":"max-snippet:-1","max-image-preview":"max-image-preview:large","max-video-preview":"max-video-preview:-1"},"og_locale":"es_ES","og_type":"article","og_title":"HER FINGER VIBE ESTIMULADOR - Tienda Er\u00f3tica","og_description":"HER FINGER VIBE \u00bfQui\u00e9n no quiere tener su propio secreto sexy? Te sonrojar\u00e1s mientras llevas Her Finger Vibe en tus","og_url":"https:\/\/demoweb.info\/sexshop001\/producto\/her-finger-vibe-estimulador\/","og_site_name":"Tienda Er\u00f3tica","og_image":[{"width":550,"height":550,"url":"https:\/\/demoweb.info\/sexshop001\/wp-content\/uploads\/2022\/01\/HER-FINGER-VIBE-ESTIMULADOR.jpg","type":"image\/jpeg"}],"twitter_card":"summary_large_image","twitter_misc":{"Tiempo de lectura":"1 minuto"},"schema":{"@context":"https:\/\/schema.org","@graph":[{"@type":"WebPage","@id":"https:\/\/demoweb.info\/sexshop001\/producto\/her-finger-vibe-estimulador\/","url":"https:\/\/demoweb.info\/sexshop001\/producto\/her-finger-vibe-estimulador\/","name":"HER FINGER VIBE ESTIMULADOR - Tienda Er\u00f3tica","isPartOf":{"@id":"https:\/\/demoweb.info\/sexshop001\/#website"},"datePublished":"2022-01-22T18:18:49+00:00","dateModified":"2022-01-22T18:18:49+00:00","breadcrumb":{"@id":"https:\/\/demoweb.info\/sexshop001\/producto\/her-finger-vibe-estimulador\/#breadcrumb"},"inLanguage":"es","potentialAction":[{"@type":"ReadAction","target":["https:\/\/demoweb.info\/sexshop001\/producto\/her-finger-vibe-estimulador\/"]}]},{"@type":"BreadcrumbList","@id":"https:\/\/demoweb.info\/sexshop001\/producto\/her-finger-vibe-estimulador\/#breadcrumb","itemListElement":[{"@type":"ListItem","position":1,"name":"Portada","item":"https:\/\/demoweb.info\/sexshop001\/"},{"@type":"ListItem","position":2,"name":"Tienda","item":"https:\/\/demoweb.info\/sexshop001\/tienda\/"},{"@type":"ListItem","position":3,"name":"HER FINGER VIBE ESTIMULADOR"}]},{"@type":"WebSite","@id":"https:\/\/demoweb.info\/sexshop001\/#website","url":"https:\/\/demoweb.info\/sexshop001\/","name":"Tienda Er\u00f3tica","description":"DEMOWEB SL","potentialAction":[{"@type":"SearchAction","target":{"@type":"EntryPoint","urlTemplate":"https:\/\/demoweb.info\/sexshop001\/?s={search_term_string}"},"query-input":"required name=search_term_string"}],"inLanguage":"es"}]}},"_links":{"self":[{"href":"https:\/\/demoweb.info\/sexshop001\/wp-json\/wp\/v3\/product\/64654","targetHints":{"allow":["GET"]}}],"collection":[{"href":"https:\/\/demoweb.info\/sexshop001\/wp-json\/wp\/v3\/product"}],"about":[{"href":"https:\/\/demoweb.info\/sexshop001\/wp-json\/wp\/v2\/types\/product"}],"replies":[{"embeddable":true,"href":"https:\/\/demoweb.info\/sexshop001\/wp-json\/wp\/v2\/comments?post=64654"}],"wp:featuredmedia":[{"embeddable":true,"href":"https:\/\/demoweb.info\/sexshop001\/wp-json\/wp\/v2\/media\/64655"}],"wp:attachment":[{"href":"https:\/\/demoweb.info\/sexshop001\/wp-json\/wp\/v2\/media?parent=64654"}],"wp:term":[{"taxonomy":"product_cat","embeddable":true,"href":"https:\/\/demoweb.info\/sexshop001\/wp-json\/wp\/v2\/product_cat?post=64654"},{"taxonomy":"product_tag","embeddable":true,"href":"https:\/\/demoweb.info\/sexshop001\/wp-json\/wp\/v2\/product_tag?post=64654"}],"curies":[{"name":"wp","href":"https:\/\/api.w.org\/{rel}","templated":true}]}}