{"id":64605,"date":"2022-01-22T19:18:13","date_gmt":"2022-01-22T18:18:13","guid":{"rendered":"https:\/\/demoweb.info\/sexshop001\/producto\/deep-throat-masturbador-realistico-boca\/"},"modified":"2022-01-22T19:18:14","modified_gmt":"2022-01-22T18:18:14","slug":"deep-throat-masturbador-realistico-boca","status":"publish","type":"product","link":"https:\/\/demoweb.info\/sexshop001\/producto\/deep-throat-masturbador-realistico-boca\/","title":{"rendered":"DEEP THROAT MASTURBADOR REAL\u00cdSTICO BOCA"},"content":{"rendered":"<p><strong>DEEP THROAT COCK SUCKER<\/strong><\/p>\n<p>Eleva tu diversi\u00f3n con Fuck Me Silly To Go.<\/p>\n<p>De tama\u00f1o inteligente para ser realistas y compactos, el Fanta Flesh\u00ae patentado y el t\u00fanel interno s\u00faper suave se sienten como si fueran reales, \u00a1solo que mejor!<\/p>\n<p>Desl\u00edzate entre esos deliciosos labios, pasa la lengua flexible y los dientes realistas con textura que siempre est\u00e1 abierta y lista para la acci\u00f3n de garganta profunda.<\/p>\n<p>Ambas hileras de dientes burlones acarician tu eje, mientras que el t\u00fanel c\u00f3modo con su extremo cerrado lo secar\u00e1 todo el tiempo.<\/p>\n<ul>\n<li>Medidas totales: 16,3 x 8,9 x 9,7 cm<\/li>\n<li>Longitud insertable: 15 cm<\/li>\n<li>Impermeable<\/li>\n<li>Material: Realistic Fanta Flesh<\/li>\n<\/ul>\n","protected":false},"excerpt":{"rendered":"<p>DEEP THROAT COCK SUCKER Eleva tu diversi\u00f3n con Fuck Me Silly To Go. De tama\u00f1o inteligente para ser realistas y<\/p>\n","protected":false},"featured_media":64606,"comment_status":"open","ping_status":"open","template":"","meta":[],"product_cat":[656],"product_tag":[581,259],"class_list":["post-64605","product","type-product","status-publish","has-post-thumbnail","hentry","product_cat-bocas","product_tag-fetish-fantasy-extreme","product_tag-pipedream"],"bundled_by":[],"bundle_stock_status":"outofstock","bundle_stock_quantity":0,"bundle_virtual":false,"bundle_layout":"","bundle_add_to_cart_form_location":"","bundle_editable_in_cart":false,"bundle_sold_individually_context":"","bundle_item_grouping":"","bundle_min_size":"","bundle_max_size":"","bundled_items":[],"yoast_head":"<!-- This site is optimized with the Yoast SEO plugin v20.6 - https:\/\/yoast.com\/wordpress\/plugins\/seo\/ -->\n<title>DEEP THROAT MASTURBADOR REAL\u00cdSTICO BOCA - Tienda Er\u00f3tica<\/title>\n<meta name=\"robots\" content=\"noindex, follow, max-snippet:-1, max-image-preview:large, max-video-preview:-1\" \/>\n<meta property=\"og:locale\" content=\"es_ES\" \/>\n<meta property=\"og:type\" content=\"article\" \/>\n<meta property=\"og:title\" content=\"DEEP THROAT MASTURBADOR REAL\u00cdSTICO BOCA - Tienda Er\u00f3tica\" \/>\n<meta property=\"og:description\" content=\"DEEP THROAT COCK SUCKER Eleva tu diversi\u00f3n con Fuck Me Silly To Go. De tama\u00f1o inteligente para ser realistas y\" \/>\n<meta property=\"og:url\" content=\"https:\/\/demoweb.info\/sexshop001\/producto\/deep-throat-masturbador-realistico-boca\/\" \/>\n<meta property=\"og:site_name\" content=\"Tienda Er\u00f3tica\" \/>\n<meta property=\"article:modified_time\" content=\"2022-01-22T18:18:14+00:00\" \/>\n<meta property=\"og:image\" content=\"https:\/\/demoweb.info\/sexshop001\/wp-content\/uploads\/2022\/01\/DEEP-THROAT-MASTURBADOR-REALISTICO-BOCA.jpg\" \/>\n\t<meta property=\"og:image:width\" content=\"550\" \/>\n\t<meta property=\"og:image:height\" content=\"550\" \/>\n\t<meta property=\"og:image:type\" content=\"image\/jpeg\" \/>\n<meta name=\"twitter:card\" content=\"summary_large_image\" \/>\n<meta name=\"twitter:label1\" content=\"Tiempo de lectura\" \/>\n\t<meta name=\"twitter:data1\" content=\"1 minuto\" \/>\n<script type=\"application\/ld+json\" class=\"yoast-schema-graph\">{\"@context\":\"https:\/\/schema.org\",\"@graph\":[{\"@type\":\"WebPage\",\"@id\":\"https:\/\/demoweb.info\/sexshop001\/producto\/deep-throat-masturbador-realistico-boca\/\",\"url\":\"https:\/\/demoweb.info\/sexshop001\/producto\/deep-throat-masturbador-realistico-boca\/\",\"name\":\"DEEP THROAT MASTURBADOR REAL\u00cdSTICO BOCA - Tienda Er\u00f3tica\",\"isPartOf\":{\"@id\":\"https:\/\/demoweb.info\/sexshop001\/#website\"},\"datePublished\":\"2022-01-22T18:18:13+00:00\",\"dateModified\":\"2022-01-22T18:18:14+00:00\",\"breadcrumb\":{\"@id\":\"https:\/\/demoweb.info\/sexshop001\/producto\/deep-throat-masturbador-realistico-boca\/#breadcrumb\"},\"inLanguage\":\"es\",\"potentialAction\":[{\"@type\":\"ReadAction\",\"target\":[\"https:\/\/demoweb.info\/sexshop001\/producto\/deep-throat-masturbador-realistico-boca\/\"]}]},{\"@type\":\"BreadcrumbList\",\"@id\":\"https:\/\/demoweb.info\/sexshop001\/producto\/deep-throat-masturbador-realistico-boca\/#breadcrumb\",\"itemListElement\":[{\"@type\":\"ListItem\",\"position\":1,\"name\":\"Portada\",\"item\":\"https:\/\/demoweb.info\/sexshop001\/\"},{\"@type\":\"ListItem\",\"position\":2,\"name\":\"Tienda\",\"item\":\"https:\/\/demoweb.info\/sexshop001\/tienda\/\"},{\"@type\":\"ListItem\",\"position\":3,\"name\":\"DEEP THROAT MASTURBADOR REAL\u00cdSTICO BOCA\"}]},{\"@type\":\"WebSite\",\"@id\":\"https:\/\/demoweb.info\/sexshop001\/#website\",\"url\":\"https:\/\/demoweb.info\/sexshop001\/\",\"name\":\"Tienda Er\u00f3tica\",\"description\":\"DEMOWEB SL\",\"potentialAction\":[{\"@type\":\"SearchAction\",\"target\":{\"@type\":\"EntryPoint\",\"urlTemplate\":\"https:\/\/demoweb.info\/sexshop001\/?s={search_term_string}\"},\"query-input\":\"required name=search_term_string\"}],\"inLanguage\":\"es\"}]}<\/script>\n<!-- \/ Yoast SEO plugin. -->","yoast_head_json":{"title":"DEEP THROAT MASTURBADOR REAL\u00cdSTICO BOCA - Tienda Er\u00f3tica","robots":{"index":"noindex","follow":"follow","max-snippet":"max-snippet:-1","max-image-preview":"max-image-preview:large","max-video-preview":"max-video-preview:-1"},"og_locale":"es_ES","og_type":"article","og_title":"DEEP THROAT MASTURBADOR REAL\u00cdSTICO BOCA - Tienda Er\u00f3tica","og_description":"DEEP THROAT COCK SUCKER Eleva tu diversi\u00f3n con Fuck Me Silly To Go. De tama\u00f1o inteligente para ser realistas y","og_url":"https:\/\/demoweb.info\/sexshop001\/producto\/deep-throat-masturbador-realistico-boca\/","og_site_name":"Tienda Er\u00f3tica","article_modified_time":"2022-01-22T18:18:14+00:00","og_image":[{"width":550,"height":550,"url":"https:\/\/demoweb.info\/sexshop001\/wp-content\/uploads\/2022\/01\/DEEP-THROAT-MASTURBADOR-REALISTICO-BOCA.jpg","type":"image\/jpeg"}],"twitter_card":"summary_large_image","twitter_misc":{"Tiempo de lectura":"1 minuto"},"schema":{"@context":"https:\/\/schema.org","@graph":[{"@type":"WebPage","@id":"https:\/\/demoweb.info\/sexshop001\/producto\/deep-throat-masturbador-realistico-boca\/","url":"https:\/\/demoweb.info\/sexshop001\/producto\/deep-throat-masturbador-realistico-boca\/","name":"DEEP THROAT MASTURBADOR REAL\u00cdSTICO BOCA - Tienda Er\u00f3tica","isPartOf":{"@id":"https:\/\/demoweb.info\/sexshop001\/#website"},"datePublished":"2022-01-22T18:18:13+00:00","dateModified":"2022-01-22T18:18:14+00:00","breadcrumb":{"@id":"https:\/\/demoweb.info\/sexshop001\/producto\/deep-throat-masturbador-realistico-boca\/#breadcrumb"},"inLanguage":"es","potentialAction":[{"@type":"ReadAction","target":["https:\/\/demoweb.info\/sexshop001\/producto\/deep-throat-masturbador-realistico-boca\/"]}]},{"@type":"BreadcrumbList","@id":"https:\/\/demoweb.info\/sexshop001\/producto\/deep-throat-masturbador-realistico-boca\/#breadcrumb","itemListElement":[{"@type":"ListItem","position":1,"name":"Portada","item":"https:\/\/demoweb.info\/sexshop001\/"},{"@type":"ListItem","position":2,"name":"Tienda","item":"https:\/\/demoweb.info\/sexshop001\/tienda\/"},{"@type":"ListItem","position":3,"name":"DEEP THROAT MASTURBADOR REAL\u00cdSTICO BOCA"}]},{"@type":"WebSite","@id":"https:\/\/demoweb.info\/sexshop001\/#website","url":"https:\/\/demoweb.info\/sexshop001\/","name":"Tienda Er\u00f3tica","description":"DEMOWEB SL","potentialAction":[{"@type":"SearchAction","target":{"@type":"EntryPoint","urlTemplate":"https:\/\/demoweb.info\/sexshop001\/?s={search_term_string}"},"query-input":"required name=search_term_string"}],"inLanguage":"es"}]}},"_links":{"self":[{"href":"https:\/\/demoweb.info\/sexshop001\/wp-json\/wp\/v3\/product\/64605","targetHints":{"allow":["GET"]}}],"collection":[{"href":"https:\/\/demoweb.info\/sexshop001\/wp-json\/wp\/v3\/product"}],"about":[{"href":"https:\/\/demoweb.info\/sexshop001\/wp-json\/wp\/v2\/types\/product"}],"replies":[{"embeddable":true,"href":"https:\/\/demoweb.info\/sexshop001\/wp-json\/wp\/v2\/comments?post=64605"}],"wp:featuredmedia":[{"embeddable":true,"href":"https:\/\/demoweb.info\/sexshop001\/wp-json\/wp\/v2\/media\/64606"}],"wp:attachment":[{"href":"https:\/\/demoweb.info\/sexshop001\/wp-json\/wp\/v2\/media?parent=64605"}],"wp:term":[{"taxonomy":"product_cat","embeddable":true,"href":"https:\/\/demoweb.info\/sexshop001\/wp-json\/wp\/v2\/product_cat?post=64605"},{"taxonomy":"product_tag","embeddable":true,"href":"https:\/\/demoweb.info\/sexshop001\/wp-json\/wp\/v2\/product_tag?post=64605"}],"curies":[{"name":"wp","href":"https:\/\/api.w.org\/{rel}","templated":true}]}}