{"id":64154,"date":"2022-01-22T19:12:32","date_gmt":"2022-01-22T18:12:32","guid":{"rendered":"https:\/\/demoweb.info\/sexshop001\/producto\/bala-vibradora-pequena-con-pulsera-de-control\/"},"modified":"2022-01-22T19:12:39","modified_gmt":"2022-01-22T18:12:39","slug":"bala-vibradora-pequena-con-pulsera-de-control","status":"publish","type":"product","link":"https:\/\/demoweb.info\/sexshop001\/producto\/bala-vibradora-pequena-con-pulsera-de-control\/","title":{"rendered":"BALA VIBRADORA PEQUE\u00d1A CON PULSERA DE CONTROL"},"content":{"rendered":"<p><strong>WRISTBAND REMOTE PETITE BULLET<\/strong><\/p>\n<p>El Petite Bullet es un mini vibrador potente combinado con un controlador de pulsera discretamente divertido para los aventureros que buscan placer. El elegante y discreto controlador de la pulsera te facilita a ti o a tu amante controlar la intensidad de la vibraci\u00f3n con solo tocar un bot\u00f3n.<\/p>\n<p>Cuando sea o donde sea que la pasi\u00f3n os lleve, el rango de radio de 9 metros de este vibrador apasionado y las 12 intensas funciones de vibraci\u00f3n est\u00e1n listos para el juego. Usa el controlador discreto o el bot\u00f3n en la parte posterior para pasar a trav\u00e9s de 12 funciones de vibraci\u00f3n para una gran cantidad de intensidades y patrones para elegir.<\/p>\n<p>Ya sea que elijas mantener el control o dejes el placer en la mano de tu compa\u00f1ero, este poderoso teaser seguramente te proporcionar\u00e1 una sensaci\u00f3n de temblor en las rodillas. Desde principiantes que se ruborizan hasta expertos en erotismo, esta feliz bala agrega vibraciones vers\u00e1tiles a cualquier caja de juguetes.<\/p>\n<p>Recarga tu pasi\u00f3n en menos de 1 hora con el cable USB provisto para hasta 90 minutos de vibraci\u00f3n a baja velocidad o 50 minutos de estimulaci\u00f3n de alta intensidad.<\/p>\n<p>Caracter\u00edsticas:<\/p>\n<ul>\n<li>Di\u00e1metro: 2 cm<\/li>\n<li>Longitud: 7 cm<\/li>\n<li>Recargable con USB<\/li>\n<li>Impermeable<\/li>\n<li>De silicona<\/li>\n<\/ul>\n","protected":false},"excerpt":{"rendered":"<p>WRISTBAND REMOTE PETITE BULLET El Petite Bullet es un mini vibrador potente combinado con un controlador de pulsera discretamente divertido<\/p>\n","protected":false},"featured_media":64155,"comment_status":"open","ping_status":"open","template":"","meta":[],"product_cat":[322],"product_tag":[660,879],"class_list":["post-64154","product","type-product","status-publish","has-post-thumbnail","hentry","product_cat-con-mando","product_tag-calexotics","product_tag-remote-controlled-vibes"],"bundled_by":[],"bundle_stock_status":"instock","bundle_stock_quantity":1,"bundle_virtual":false,"bundle_layout":"","bundle_add_to_cart_form_location":"","bundle_editable_in_cart":false,"bundle_sold_individually_context":"","bundle_item_grouping":"","bundle_min_size":"","bundle_max_size":"","bundled_items":[],"yoast_head":"<!-- This site is optimized with the Yoast SEO plugin v20.6 - https:\/\/yoast.com\/wordpress\/plugins\/seo\/ -->\n<title>BALA VIBRADORA PEQUE\u00d1A CON PULSERA DE CONTROL - Tienda Er\u00f3tica<\/title>\n<meta name=\"robots\" content=\"noindex, follow, max-snippet:-1, max-image-preview:large, max-video-preview:-1\" \/>\n<meta property=\"og:locale\" content=\"es_ES\" \/>\n<meta property=\"og:type\" content=\"article\" \/>\n<meta property=\"og:title\" content=\"BALA VIBRADORA PEQUE\u00d1A CON PULSERA DE CONTROL - Tienda Er\u00f3tica\" \/>\n<meta property=\"og:description\" content=\"WRISTBAND REMOTE PETITE BULLET El Petite Bullet es un mini vibrador potente combinado con un controlador de pulsera discretamente divertido\" \/>\n<meta property=\"og:url\" content=\"https:\/\/demoweb.info\/sexshop001\/producto\/bala-vibradora-pequena-con-pulsera-de-control\/\" \/>\n<meta property=\"og:site_name\" content=\"Tienda Er\u00f3tica\" \/>\n<meta property=\"article:modified_time\" content=\"2022-01-22T18:12:39+00:00\" \/>\n<meta property=\"og:image\" content=\"https:\/\/demoweb.info\/sexshop001\/wp-content\/uploads\/2022\/01\/BALA-VIBRADORA-PEQUENA-CON-PULSERA-DE-CONTROL.jpg\" \/>\n\t<meta property=\"og:image:width\" content=\"550\" \/>\n\t<meta property=\"og:image:height\" content=\"550\" \/>\n\t<meta property=\"og:image:type\" content=\"image\/jpeg\" \/>\n<meta name=\"twitter:card\" content=\"summary_large_image\" \/>\n<meta name=\"twitter:label1\" content=\"Tiempo de lectura\" \/>\n\t<meta name=\"twitter:data1\" content=\"1 minuto\" \/>\n<script type=\"application\/ld+json\" class=\"yoast-schema-graph\">{\"@context\":\"https:\/\/schema.org\",\"@graph\":[{\"@type\":\"WebPage\",\"@id\":\"https:\/\/demoweb.info\/sexshop001\/producto\/bala-vibradora-pequena-con-pulsera-de-control\/\",\"url\":\"https:\/\/demoweb.info\/sexshop001\/producto\/bala-vibradora-pequena-con-pulsera-de-control\/\",\"name\":\"BALA VIBRADORA PEQUE\u00d1A CON PULSERA DE CONTROL - Tienda Er\u00f3tica\",\"isPartOf\":{\"@id\":\"https:\/\/demoweb.info\/sexshop001\/#website\"},\"datePublished\":\"2022-01-22T18:12:32+00:00\",\"dateModified\":\"2022-01-22T18:12:39+00:00\",\"breadcrumb\":{\"@id\":\"https:\/\/demoweb.info\/sexshop001\/producto\/bala-vibradora-pequena-con-pulsera-de-control\/#breadcrumb\"},\"inLanguage\":\"es\",\"potentialAction\":[{\"@type\":\"ReadAction\",\"target\":[\"https:\/\/demoweb.info\/sexshop001\/producto\/bala-vibradora-pequena-con-pulsera-de-control\/\"]}]},{\"@type\":\"BreadcrumbList\",\"@id\":\"https:\/\/demoweb.info\/sexshop001\/producto\/bala-vibradora-pequena-con-pulsera-de-control\/#breadcrumb\",\"itemListElement\":[{\"@type\":\"ListItem\",\"position\":1,\"name\":\"Portada\",\"item\":\"https:\/\/demoweb.info\/sexshop001\/\"},{\"@type\":\"ListItem\",\"position\":2,\"name\":\"Tienda\",\"item\":\"https:\/\/demoweb.info\/sexshop001\/tienda\/\"},{\"@type\":\"ListItem\",\"position\":3,\"name\":\"BALA VIBRADORA PEQUE\u00d1A CON PULSERA DE CONTROL\"}]},{\"@type\":\"WebSite\",\"@id\":\"https:\/\/demoweb.info\/sexshop001\/#website\",\"url\":\"https:\/\/demoweb.info\/sexshop001\/\",\"name\":\"Tienda Er\u00f3tica\",\"description\":\"DEMOWEB SL\",\"potentialAction\":[{\"@type\":\"SearchAction\",\"target\":{\"@type\":\"EntryPoint\",\"urlTemplate\":\"https:\/\/demoweb.info\/sexshop001\/?s={search_term_string}\"},\"query-input\":\"required name=search_term_string\"}],\"inLanguage\":\"es\"}]}<\/script>\n<!-- \/ Yoast SEO plugin. -->","yoast_head_json":{"title":"BALA VIBRADORA PEQUE\u00d1A CON PULSERA DE CONTROL - Tienda Er\u00f3tica","robots":{"index":"noindex","follow":"follow","max-snippet":"max-snippet:-1","max-image-preview":"max-image-preview:large","max-video-preview":"max-video-preview:-1"},"og_locale":"es_ES","og_type":"article","og_title":"BALA VIBRADORA PEQUE\u00d1A CON PULSERA DE CONTROL - Tienda Er\u00f3tica","og_description":"WRISTBAND REMOTE PETITE BULLET El Petite Bullet es un mini vibrador potente combinado con un controlador de pulsera discretamente divertido","og_url":"https:\/\/demoweb.info\/sexshop001\/producto\/bala-vibradora-pequena-con-pulsera-de-control\/","og_site_name":"Tienda Er\u00f3tica","article_modified_time":"2022-01-22T18:12:39+00:00","og_image":[{"width":550,"height":550,"url":"https:\/\/demoweb.info\/sexshop001\/wp-content\/uploads\/2022\/01\/BALA-VIBRADORA-PEQUENA-CON-PULSERA-DE-CONTROL.jpg","type":"image\/jpeg"}],"twitter_card":"summary_large_image","twitter_misc":{"Tiempo de lectura":"1 minuto"},"schema":{"@context":"https:\/\/schema.org","@graph":[{"@type":"WebPage","@id":"https:\/\/demoweb.info\/sexshop001\/producto\/bala-vibradora-pequena-con-pulsera-de-control\/","url":"https:\/\/demoweb.info\/sexshop001\/producto\/bala-vibradora-pequena-con-pulsera-de-control\/","name":"BALA VIBRADORA PEQUE\u00d1A CON PULSERA DE CONTROL - Tienda Er\u00f3tica","isPartOf":{"@id":"https:\/\/demoweb.info\/sexshop001\/#website"},"datePublished":"2022-01-22T18:12:32+00:00","dateModified":"2022-01-22T18:12:39+00:00","breadcrumb":{"@id":"https:\/\/demoweb.info\/sexshop001\/producto\/bala-vibradora-pequena-con-pulsera-de-control\/#breadcrumb"},"inLanguage":"es","potentialAction":[{"@type":"ReadAction","target":["https:\/\/demoweb.info\/sexshop001\/producto\/bala-vibradora-pequena-con-pulsera-de-control\/"]}]},{"@type":"BreadcrumbList","@id":"https:\/\/demoweb.info\/sexshop001\/producto\/bala-vibradora-pequena-con-pulsera-de-control\/#breadcrumb","itemListElement":[{"@type":"ListItem","position":1,"name":"Portada","item":"https:\/\/demoweb.info\/sexshop001\/"},{"@type":"ListItem","position":2,"name":"Tienda","item":"https:\/\/demoweb.info\/sexshop001\/tienda\/"},{"@type":"ListItem","position":3,"name":"BALA VIBRADORA PEQUE\u00d1A CON PULSERA DE CONTROL"}]},{"@type":"WebSite","@id":"https:\/\/demoweb.info\/sexshop001\/#website","url":"https:\/\/demoweb.info\/sexshop001\/","name":"Tienda Er\u00f3tica","description":"DEMOWEB SL","potentialAction":[{"@type":"SearchAction","target":{"@type":"EntryPoint","urlTemplate":"https:\/\/demoweb.info\/sexshop001\/?s={search_term_string}"},"query-input":"required name=search_term_string"}],"inLanguage":"es"}]}},"_links":{"self":[{"href":"https:\/\/demoweb.info\/sexshop001\/wp-json\/wp\/v3\/product\/64154","targetHints":{"allow":["GET"]}}],"collection":[{"href":"https:\/\/demoweb.info\/sexshop001\/wp-json\/wp\/v3\/product"}],"about":[{"href":"https:\/\/demoweb.info\/sexshop001\/wp-json\/wp\/v2\/types\/product"}],"replies":[{"embeddable":true,"href":"https:\/\/demoweb.info\/sexshop001\/wp-json\/wp\/v2\/comments?post=64154"}],"wp:featuredmedia":[{"embeddable":true,"href":"https:\/\/demoweb.info\/sexshop001\/wp-json\/wp\/v2\/media\/64155"}],"wp:attachment":[{"href":"https:\/\/demoweb.info\/sexshop001\/wp-json\/wp\/v2\/media?parent=64154"}],"wp:term":[{"taxonomy":"product_cat","embeddable":true,"href":"https:\/\/demoweb.info\/sexshop001\/wp-json\/wp\/v2\/product_cat?post=64154"},{"taxonomy":"product_tag","embeddable":true,"href":"https:\/\/demoweb.info\/sexshop001\/wp-json\/wp\/v2\/product_tag?post=64154"}],"curies":[{"name":"wp","href":"https:\/\/api.w.org\/{rel}","templated":true}]}}