{"id":64112,"date":"2022-01-22T19:12:07","date_gmt":"2022-01-22T18:12:07","guid":{"rendered":"https:\/\/demoweb.info\/sexshop001\/producto\/tickle-me-collar-rosa-con-cadena\/"},"modified":"2022-01-22T19:12:11","modified_gmt":"2022-01-22T18:12:11","slug":"tickle-me-collar-rosa-con-cadena","status":"publish","type":"product","link":"https:\/\/demoweb.info\/sexshop001\/producto\/tickle-me-collar-rosa-con-cadena\/","title":{"rendered":"TICKLE ME COLLAR ROSA CON CADENA"},"content":{"rendered":"<p><strong>TICKLE ME PINK COLLAR W LEASH<\/strong><\/p>\n<p>Empuja los l\u00edmites del placer y explora tu lado travieso con el collar Tickle Me Pink \u2122 con correa.<\/p>\n<p>Desde principiantes sonrojados hasta fetichistas juguetones, d\u00e9jate seducir por el juego sensual de moderaci\u00f3n, desl\u00edzate por el brillante collar del dise\u00f1ador y entrega una lujosa ventaja a tu dominio de confianza.<\/p>\n<p>Una vez que hayas envuelto este juguet\u00f3n collar alrededor de tu cuello, a tu dominante le encantar\u00e1 usar la correa desmontable de la cadena para comandar y controlar tu placer.<\/p>\n<p>Incluso el jugador m\u00e1s fresco adorar\u00e1 la emocionante comodidad del lujoso collar, mientras que los amantes experimentados pueden disfrutar de la mordedura del material de cuero sint\u00e9tico con cada tir\u00f3n.<\/p>\n<p>Medidas:<\/p>\n<ul>\n<li>Collar ajustable hasta: 48,25 cm<\/li>\n<li>Longitud total: 56 cm<\/li>\n<\/ul>\n","protected":false},"excerpt":{"rendered":"<p>TICKLE ME PINK COLLAR W LEASH Empuja los l\u00edmites del placer y explora tu lado travieso con el collar Tickle<\/p>\n","protected":false},"featured_media":64113,"comment_status":"open","ping_status":"open","template":"","meta":[],"product_cat":[499],"product_tag":[660,1635],"class_list":["post-64112","product","type-product","status-publish","has-post-thumbnail","hentry","product_cat-collares","product_tag-calexotics","product_tag-tickle-me-pink"],"bundled_by":[],"bundle_stock_status":"instock","bundle_stock_quantity":1,"bundle_virtual":false,"bundle_layout":"","bundle_add_to_cart_form_location":"","bundle_editable_in_cart":false,"bundle_sold_individually_context":"","bundle_item_grouping":"","bundle_min_size":"","bundle_max_size":"","bundled_items":[],"yoast_head":"<!-- This site is optimized with the Yoast SEO plugin v20.6 - https:\/\/yoast.com\/wordpress\/plugins\/seo\/ -->\n<title>TICKLE ME COLLAR ROSA CON CADENA - Tienda Er\u00f3tica<\/title>\n<meta name=\"robots\" content=\"noindex, follow, max-snippet:-1, max-image-preview:large, max-video-preview:-1\" \/>\n<meta property=\"og:locale\" content=\"es_ES\" \/>\n<meta property=\"og:type\" content=\"article\" \/>\n<meta property=\"og:title\" content=\"TICKLE ME COLLAR ROSA CON CADENA - Tienda Er\u00f3tica\" \/>\n<meta property=\"og:description\" content=\"TICKLE ME PINK COLLAR W LEASH Empuja los l\u00edmites del placer y explora tu lado travieso con el collar Tickle\" \/>\n<meta property=\"og:url\" content=\"https:\/\/demoweb.info\/sexshop001\/producto\/tickle-me-collar-rosa-con-cadena\/\" \/>\n<meta property=\"og:site_name\" content=\"Tienda Er\u00f3tica\" \/>\n<meta property=\"article:modified_time\" content=\"2022-01-22T18:12:11+00:00\" \/>\n<meta property=\"og:image\" content=\"https:\/\/demoweb.info\/sexshop001\/wp-content\/uploads\/2022\/01\/TICKLE-ME-COLLAR-ROSA-CON-CADENA.jpg\" \/>\n\t<meta property=\"og:image:width\" content=\"550\" \/>\n\t<meta property=\"og:image:height\" content=\"550\" \/>\n\t<meta property=\"og:image:type\" content=\"image\/jpeg\" \/>\n<meta name=\"twitter:card\" content=\"summary_large_image\" \/>\n<meta name=\"twitter:label1\" content=\"Tiempo de lectura\" \/>\n\t<meta name=\"twitter:data1\" content=\"1 minuto\" \/>\n<script type=\"application\/ld+json\" class=\"yoast-schema-graph\">{\"@context\":\"https:\/\/schema.org\",\"@graph\":[{\"@type\":\"WebPage\",\"@id\":\"https:\/\/demoweb.info\/sexshop001\/producto\/tickle-me-collar-rosa-con-cadena\/\",\"url\":\"https:\/\/demoweb.info\/sexshop001\/producto\/tickle-me-collar-rosa-con-cadena\/\",\"name\":\"TICKLE ME COLLAR ROSA CON CADENA - Tienda Er\u00f3tica\",\"isPartOf\":{\"@id\":\"https:\/\/demoweb.info\/sexshop001\/#website\"},\"datePublished\":\"2022-01-22T18:12:07+00:00\",\"dateModified\":\"2022-01-22T18:12:11+00:00\",\"breadcrumb\":{\"@id\":\"https:\/\/demoweb.info\/sexshop001\/producto\/tickle-me-collar-rosa-con-cadena\/#breadcrumb\"},\"inLanguage\":\"es\",\"potentialAction\":[{\"@type\":\"ReadAction\",\"target\":[\"https:\/\/demoweb.info\/sexshop001\/producto\/tickle-me-collar-rosa-con-cadena\/\"]}]},{\"@type\":\"BreadcrumbList\",\"@id\":\"https:\/\/demoweb.info\/sexshop001\/producto\/tickle-me-collar-rosa-con-cadena\/#breadcrumb\",\"itemListElement\":[{\"@type\":\"ListItem\",\"position\":1,\"name\":\"Portada\",\"item\":\"https:\/\/demoweb.info\/sexshop001\/\"},{\"@type\":\"ListItem\",\"position\":2,\"name\":\"Tienda\",\"item\":\"https:\/\/demoweb.info\/sexshop001\/tienda\/\"},{\"@type\":\"ListItem\",\"position\":3,\"name\":\"TICKLE ME COLLAR ROSA CON CADENA\"}]},{\"@type\":\"WebSite\",\"@id\":\"https:\/\/demoweb.info\/sexshop001\/#website\",\"url\":\"https:\/\/demoweb.info\/sexshop001\/\",\"name\":\"Tienda Er\u00f3tica\",\"description\":\"DEMOWEB SL\",\"potentialAction\":[{\"@type\":\"SearchAction\",\"target\":{\"@type\":\"EntryPoint\",\"urlTemplate\":\"https:\/\/demoweb.info\/sexshop001\/?s={search_term_string}\"},\"query-input\":\"required name=search_term_string\"}],\"inLanguage\":\"es\"}]}<\/script>\n<!-- \/ Yoast SEO plugin. -->","yoast_head_json":{"title":"TICKLE ME COLLAR ROSA CON CADENA - Tienda Er\u00f3tica","robots":{"index":"noindex","follow":"follow","max-snippet":"max-snippet:-1","max-image-preview":"max-image-preview:large","max-video-preview":"max-video-preview:-1"},"og_locale":"es_ES","og_type":"article","og_title":"TICKLE ME COLLAR ROSA CON CADENA - Tienda Er\u00f3tica","og_description":"TICKLE ME PINK COLLAR W LEASH Empuja los l\u00edmites del placer y explora tu lado travieso con el collar Tickle","og_url":"https:\/\/demoweb.info\/sexshop001\/producto\/tickle-me-collar-rosa-con-cadena\/","og_site_name":"Tienda Er\u00f3tica","article_modified_time":"2022-01-22T18:12:11+00:00","og_image":[{"width":550,"height":550,"url":"https:\/\/demoweb.info\/sexshop001\/wp-content\/uploads\/2022\/01\/TICKLE-ME-COLLAR-ROSA-CON-CADENA.jpg","type":"image\/jpeg"}],"twitter_card":"summary_large_image","twitter_misc":{"Tiempo de lectura":"1 minuto"},"schema":{"@context":"https:\/\/schema.org","@graph":[{"@type":"WebPage","@id":"https:\/\/demoweb.info\/sexshop001\/producto\/tickle-me-collar-rosa-con-cadena\/","url":"https:\/\/demoweb.info\/sexshop001\/producto\/tickle-me-collar-rosa-con-cadena\/","name":"TICKLE ME COLLAR ROSA CON CADENA - Tienda Er\u00f3tica","isPartOf":{"@id":"https:\/\/demoweb.info\/sexshop001\/#website"},"datePublished":"2022-01-22T18:12:07+00:00","dateModified":"2022-01-22T18:12:11+00:00","breadcrumb":{"@id":"https:\/\/demoweb.info\/sexshop001\/producto\/tickle-me-collar-rosa-con-cadena\/#breadcrumb"},"inLanguage":"es","potentialAction":[{"@type":"ReadAction","target":["https:\/\/demoweb.info\/sexshop001\/producto\/tickle-me-collar-rosa-con-cadena\/"]}]},{"@type":"BreadcrumbList","@id":"https:\/\/demoweb.info\/sexshop001\/producto\/tickle-me-collar-rosa-con-cadena\/#breadcrumb","itemListElement":[{"@type":"ListItem","position":1,"name":"Portada","item":"https:\/\/demoweb.info\/sexshop001\/"},{"@type":"ListItem","position":2,"name":"Tienda","item":"https:\/\/demoweb.info\/sexshop001\/tienda\/"},{"@type":"ListItem","position":3,"name":"TICKLE ME COLLAR ROSA CON CADENA"}]},{"@type":"WebSite","@id":"https:\/\/demoweb.info\/sexshop001\/#website","url":"https:\/\/demoweb.info\/sexshop001\/","name":"Tienda Er\u00f3tica","description":"DEMOWEB SL","potentialAction":[{"@type":"SearchAction","target":{"@type":"EntryPoint","urlTemplate":"https:\/\/demoweb.info\/sexshop001\/?s={search_term_string}"},"query-input":"required name=search_term_string"}],"inLanguage":"es"}]}},"_links":{"self":[{"href":"https:\/\/demoweb.info\/sexshop001\/wp-json\/wp\/v3\/product\/64112","targetHints":{"allow":["GET"]}}],"collection":[{"href":"https:\/\/demoweb.info\/sexshop001\/wp-json\/wp\/v3\/product"}],"about":[{"href":"https:\/\/demoweb.info\/sexshop001\/wp-json\/wp\/v2\/types\/product"}],"replies":[{"embeddable":true,"href":"https:\/\/demoweb.info\/sexshop001\/wp-json\/wp\/v2\/comments?post=64112"}],"wp:featuredmedia":[{"embeddable":true,"href":"https:\/\/demoweb.info\/sexshop001\/wp-json\/wp\/v2\/media\/64113"}],"wp:attachment":[{"href":"https:\/\/demoweb.info\/sexshop001\/wp-json\/wp\/v2\/media?parent=64112"}],"wp:term":[{"taxonomy":"product_cat","embeddable":true,"href":"https:\/\/demoweb.info\/sexshop001\/wp-json\/wp\/v2\/product_cat?post=64112"},{"taxonomy":"product_tag","embeddable":true,"href":"https:\/\/demoweb.info\/sexshop001\/wp-json\/wp\/v2\/product_tag?post=64112"}],"curies":[{"name":"wp","href":"https:\/\/api.w.org\/{rel}","templated":true}]}}